{"id":731075,"date":"2025-08-27T21:25:18","date_gmt":"2025-08-27T18:25:18","guid":{"rendered":"https:\/\/roveyayinevi.com.tr\/index.php\/urun\/beden-egitimi-ve-spor-ogretmenlerinin-teknolojik-pedagojik-alan-bilgisi-yeterliliklerinin-sinif-yonetimi-davranislari-acisindan\/"},"modified":"2026-04-16T02:38:59","modified_gmt":"2026-04-15T23:38:59","slug":"beden-egitimi-ve-spor-ogretmenlerinin-teknolojik-pedagojik-alan-bilgisi-yeterliliklerinin-sinif-yonetimi-davranislari-acisindan","status":"publish","type":"product","link":"https:\/\/roveyayinevi.com.tr\/index.php\/urun\/beden-egitimi-ve-spor-ogretmenlerinin-teknolojik-pedagojik-alan-bilgisi-yeterliliklerinin-sinif-yonetimi-davranislari-acisindan\/","title":{"rendered":"Beden E\u011fitimi ve Spor \u00d6\u011fretmenlerinin Teknolojik Pedagojik Alan Bilgisi Yeterliliklerinin S\u0131n\u0131f Y\u00f6netimi Davran\u0131\u015flar\u0131 A\u00e7\u0131s\u0131ndan"},"content":{"rendered":"<p>\u0130\u00e7indekiler The Effect of Accounting Information Systems on Companies   Adoption of the International Financial Reporting Standards in Emerging Economies: The Case of Turkey   Muhasebenin Teorisi ve Tarihi Geli\u015fimi   Muhasebe ve Denetimde Blok Zinciri Teknolojisinin Kullan\u0131m\u0131n\u0131n \u00d6n\u00fcndeki Engeller ve Potansiyel Uygulama Riskleri   Muhasebede Hile: Meslek Mensuplar\u0131 \u00dczerine Bir Ara\u015ft\u0131rma Muhasebe Meslek Mensuplar\u0131n\u0131n Rol Belirsizli\u011fi ve \u0130\u015f Tatmini \u0130li\u015fkisinde Etik \u0130klim ve Etik Tutumun Rol\u00fc   Muhasebeci Perspektifinden E-Vergi Beyanname Uygulamas\u0131n\u0131n  Mesleki Tatmini ve Sistemi Kullanma Niyeti \u00dczerine Etkisi   Muhasebe \u00d6\u011fretiminde Etik Davran\u0131\u015f\u0131 ve Etik \u0130kilem: S\u00fcleyman Demirel \u00dcniversitesi \u0130ktisadi ve \u0130dari Bilimler Fak\u00fcltesi \u00d6\u011frencileri \u00dczerine Bir Ara\u015ft\u0131rma   Yeni Teknolojilerin Muhasebe Profesyonellerinin Sahip Olmas\u0131 Gereken Beceri ve Yetkinliklere Etkileri ve Muhasebe Mesle\u011finin Gelece\u011fi   S\u00fcrd\u00fcr\u00fclebilir Kaynak ve At\u0131k Y\u00f6netimi \u0130\u00e7in Malzeme Ak\u0131\u015f Maliyet Muhasebesi   Bankac\u0131l\u0131k Sekt\u00f6r\u00fcnde Adli Muhasebe Alg\u0131s\u0131 ve \u0130htiyac\u0131   Maddi Duran Varl\u0131klar\u0131n Muhasebele\u015ftirilmesi Konusunun BOB\u0130 FRS ve MSUGT A\u00e7\u0131s\u0131ndan \u0130ncelenmesi: \u00d6rnek Olay \u00c7al\u0131\u015fmas\u0131   Duran Varl\u0131klar\u0131n TFRS 5 Sat\u0131\u015f Ama\u00e7l\u0131 Elde Tutulan Duran Varl\u0131klar ve Durdurulan Faaliyetler Standard\u0131 Kapsam\u0131nda De\u011ferlendirilmesi   Belediyelerde Muhasebe Sistemi, Organizasyonu ve Uygulamalar\u0131   T\u00fcrkiye Muhasebe Standartlar\u0131 ve T\u00fcrkiye Finansal Raporlama Standartlar\u0131n\u0131n Uygulama S\u00fcrecine Genel Bak\u0131\u015f   Uluslararas\u0131 E\u011fitim Standartlar\u0131 \u00c7er\u00e7evesinde T\u00fcrkiye\u2019de Muhasebe E\u011fitimi ve Covid-19 Pandemisinin S\u00fcrece Etkileri   Say\u0131m ve Tesell\u00fcm Farklar\u0131n\u0131n Tek D\u00fczen Hesap Plan\u0131 ile Finansal Raporlama Standartlar\u0131na Uygun Hesap Plan\u0131 Tasla\u011f\u0131 A\u00e7\u0131s\u0131ndan Kar\u015f\u0131la\u015ft\u0131r\u0131lmas\u0131   T\u00fcrkiye\u2019deki Raporlama Anlay\u0131\u015f\u0131ndaki Geli\u015fmeler ve Ger\u00e7e\u011fe Uygun De\u011fer ile \u00d6l\u00e7\u00fcm   \u0130htiyari Tahakkuklar Denetim Kalitesini mi Yoksa Finansal Raporlama Kalitesini mi \u00d6l\u00e7er?   BDS701 Kapsam\u0131nda Kilit Denetim Konular\u0131n\u0131n Raporlanmas\u0131: BIST100 Endeksinde \u0130\u015flem G\u00f6ren \u0130\u015fletmeler \u00dczerine Bir Ara\u015ft\u0131rma   Kazan\u00e7 Y\u00f6netimi ile Y\u00f6netim Karakteristikleri ve Karl\u0131l\u0131k Oranlar\u0131 \u0130li\u015fkisinin Borsa \u0130stanbul\u2019da Test Edilmesi   Kripto Varl\u0131klar\u0131n MSUGT ve UFRS Kapsam\u0131nda Raporlanmas\u0131 Uluslararas\u0131 Finansal Raporlama Standartlar\u0131n\u0131n Kar Y\u00f6netimine Etkisi: Duran Varl\u0131klar Kapsam\u0131nda Bir De\u011ferlendirme<\/p>\n","protected":false},"excerpt":{"rendered":"<p>\u0130\u00e7indekiler The Effect of Accounting Information Systems on Companies Adoption of the International Financial Reporting Standards in Emerging Economies: The Case of Turkey Muhasebenin Teorisi ve<span class=\"excerpt-hellip\"> [\u2026]<\/span><\/p>\n","protected":false},"featured_media":0,"template":"","meta":{"_monsterinsights_skip_tracking":false,"_monsterinsights_sitenote_active":false,"_monsterinsights_sitenote_note":"","_monsterinsights_sitenote_category":0},"product_brand":[],"product_cat":[12573,12566],"product_tag":[],"class_list":{"0":"post-731075","1":"product","2":"type-product","3":"status-publish","5":"product_cat-akademik-kitaplar","6":"product_cat-egitim","7":"pa_cilt-ciltsiz","8":"pa_tur-kitap","9":"pa_yayinevi-gazi-kitabevi","10":"pa_yazar-bekir-car-latif-aydos","12":"first","13":"instock","14":"sale","15":"shipping-taxable","16":"purchasable","17":"product-type-simple"},"_links":{"self":[{"href":"https:\/\/roveyayinevi.com.tr\/index.php\/wp-json\/wp\/v2\/product\/731075","targetHints":{"allow":["GET"]}}],"collection":[{"href":"https:\/\/roveyayinevi.com.tr\/index.php\/wp-json\/wp\/v2\/product"}],"about":[{"href":"https:\/\/roveyayinevi.com.tr\/index.php\/wp-json\/wp\/v2\/types\/product"}],"wp:attachment":[{"href":"https:\/\/roveyayinevi.com.tr\/index.php\/wp-json\/wp\/v2\/media?parent=731075"}],"wp:term":[{"taxonomy":"product_brand","embeddable":true,"href":"https:\/\/roveyayinevi.com.tr\/index.php\/wp-json\/wp\/v2\/product_brand?post=731075"},{"taxonomy":"product_cat","embeddable":true,"href":"https:\/\/roveyayinevi.com.tr\/index.php\/wp-json\/wp\/v2\/product_cat?post=731075"},{"taxonomy":"product_tag","embeddable":true,"href":"https:\/\/roveyayinevi.com.tr\/index.php\/wp-json\/wp\/v2\/product_tag?post=731075"}],"curies":[{"name":"wp","href":"https:\/\/api.w.org\/{rel}","templated":true}]}}