{"id":731074,"date":"2025-08-27T21:25:16","date_gmt":"2025-08-27T18:25:16","guid":{"rendered":"https:\/\/roveyayinevi.com.tr\/index.php\/urun\/tanpinar-bana-ne-dedi\/"},"modified":"2026-04-16T02:38:59","modified_gmt":"2026-04-15T23:38:59","slug":"tanpinar-bana-ne-dedi","status":"publish","type":"product","link":"https:\/\/roveyayinevi.com.tr\/index.php\/urun\/tanpinar-bana-ne-dedi\/","title":{"rendered":"Tanp\u0131nar Bana Ne Dedi?"},"content":{"rendered":"<p>\u201cTanp\u0131nar Bana Ne Dedi?\u201d edebiyat\u0131m\u0131za bir sayg\u0131 duru\u015fu niteli\u011fi ta\u015f\u0131yor. Al\u0131nt\u0131larla, anekdotlarla, ya\u015fam\u00f6yk\u00fcs\u00fc de\u011finileriyle e\u015fsiz bir okuma deneyimi sa\u011fl\u0131yor. Ahmet Hamdi Tanp\u0131nar\u2019dan Adalet A\u011fao\u011flu\u2019na, Ya\u015far Kemal\u2019den Tezer \u00d6zl\u00fc\u2019ye kadar pek \u00e7ok yazara yer veren eser, derinlikli metinlerimize de\u011finirken edebiyat tarihimizle ilgili de nitelikli saptamalar yap\u0131yor.  \u201cTanp\u0131nar Bana Ne Dedi?\u201d yeni bir bak\u0131\u015f kazand\u0131rmakla yetinmeyip bu yap\u0131tlar\u0131 okumayanlar\u0131n da merak\u0131n\u0131 kam\u00e7\u0131l\u0131yor. \u201cRuken Ataman Ali Baba ve K\u0131rk Haramiler\u2019deki ma\u011faran\u0131n kap\u0131s\u0131n\u0131 a\u00e7acak sihirli s\u00f6z\u00fc \u00e7oktan bulmu\u015f. \u0130stedi\u011fi zaman kitaplarla dolu bir d\u00fcnyaya girerek sonsuz hazinesinden diledi\u011fince nasiplenebiliyor.\u201d Ercan Kesal <\/p>\n","protected":false},"excerpt":{"rendered":"<p>\u201cTanp\u0131nar Bana Ne Dedi?\u201d edebiyat\u0131m\u0131za bir sayg\u0131 duru\u015fu niteli\u011fi ta\u015f\u0131yor. Al\u0131nt\u0131larla, anekdotlarla, ya\u015fam\u00f6yk\u00fcs\u00fc de\u011finileriyle e\u015fsiz bir okuma deneyimi sa\u011fl\u0131yor. Ahmet Hamdi Tanp\u0131nar\u2019dan Adalet A\u011fao\u011flu\u2019na, Ya\u015far Kemal\u2019den<span class=\"excerpt-hellip\"> [\u2026]<\/span><\/p>\n","protected":false},"featured_media":0,"template":"","meta":{"_monsterinsights_skip_tracking":false,"_monsterinsights_sitenote_active":false,"_monsterinsights_sitenote_note":"","_monsterinsights_sitenote_category":0},"product_brand":[],"product_cat":[13072,12291],"product_tag":[],"class_list":{"0":"post-731074","1":"product","2":"type-product","3":"status-publish","5":"product_cat-arastirma-inceleme-referans","6":"product_cat-edebiyat","7":"pa_cilt-ciltsiz","8":"pa_tur-kitap","9":"pa_yayinevi-nora-kitap","10":"pa_yazar-ruken-ataman","12":"first","13":"instock","14":"sale","15":"shipping-taxable","16":"purchasable","17":"product-type-simple"},"_links":{"self":[{"href":"https:\/\/roveyayinevi.com.tr\/index.php\/wp-json\/wp\/v2\/product\/731074","targetHints":{"allow":["GET"]}}],"collection":[{"href":"https:\/\/roveyayinevi.com.tr\/index.php\/wp-json\/wp\/v2\/product"}],"about":[{"href":"https:\/\/roveyayinevi.com.tr\/index.php\/wp-json\/wp\/v2\/types\/product"}],"wp:attachment":[{"href":"https:\/\/roveyayinevi.com.tr\/index.php\/wp-json\/wp\/v2\/media?parent=731074"}],"wp:term":[{"taxonomy":"product_brand","embeddable":true,"href":"https:\/\/roveyayinevi.com.tr\/index.php\/wp-json\/wp\/v2\/product_brand?post=731074"},{"taxonomy":"product_cat","embeddable":true,"href":"https:\/\/roveyayinevi.com.tr\/index.php\/wp-json\/wp\/v2\/product_cat?post=731074"},{"taxonomy":"product_tag","embeddable":true,"href":"https:\/\/roveyayinevi.com.tr\/index.php\/wp-json\/wp\/v2\/product_tag?post=731074"}],"curies":[{"name":"wp","href":"https:\/\/api.w.org\/{rel}","templated":true}]}}