{"id":731065,"date":"2025-08-27T21:25:07","date_gmt":"2025-08-27T18:25:07","guid":{"rendered":"https:\/\/roveyayinevi.com.tr\/index.php\/urun\/hece-kuslari\/"},"modified":"2026-04-16T02:38:59","modified_gmt":"2026-04-15T23:38:59","slug":"hece-kuslari","status":"publish","type":"product","link":"https:\/\/roveyayinevi.com.tr\/index.php\/urun\/hece-kuslari\/","title":{"rendered":"Hece Ku\u015flar\u0131"},"content":{"rendered":"<p>&#8220;y\u0131ld\u0131zlara bak\u0131yorduk g\u00f6zlerimiz sa\u011f\u0131r bir g\u00f6ky\u00fcz\u00fc gecesefalar\u0131na y\u0131ld\u0131z damlam\u0131\u015ft\u0131 su g\u00fclleri bak\u0131yordu \u015fafa\u011fa su buhar\u0131n\u0131n kokusu uyand\u0131rd\u0131 g\u00fcne\u015fi g\u00fcnd\u00fcz ki ne g\u00fcnd\u00fcz g\u00fcne\u015fi alm\u0131\u015ft\u0131 mor kuca\u011f\u0131na&#8221; <\/p>\n","protected":false},"excerpt":{"rendered":"<p>&#8220;y\u0131ld\u0131zlara bak\u0131yorduk g\u00f6zlerimiz sa\u011f\u0131r bir g\u00f6ky\u00fcz\u00fc gecesefalar\u0131na y\u0131ld\u0131z damlam\u0131\u015ft\u0131 su g\u00fclleri bak\u0131yordu \u015fafa\u011fa su buhar\u0131n\u0131n kokusu uyand\u0131rd\u0131 g\u00fcne\u015fi g\u00fcnd\u00fcz ki ne g\u00fcnd\u00fcz g\u00fcne\u015fi alm\u0131\u015ft\u0131 mor kuca\u011f\u0131na&#8221;<\/p>\n","protected":false},"featured_media":0,"template":"","meta":{"_monsterinsights_skip_tracking":false,"_monsterinsights_sitenote_active":false,"_monsterinsights_sitenote_note":"","_monsterinsights_sitenote_category":0},"product_brand":[],"product_cat":[12291,12509],"product_tag":[],"class_list":{"0":"post-731065","1":"product","2":"type-product","3":"status-publish","5":"product_cat-edebiyat","6":"product_cat-siir","7":"pa_cilt-ciltsiz","8":"pa_tur-kitap","9":"pa_yayinevi-imgenin-cocuklari","10":"pa_yazar-ismail-ates","12":"first","13":"instock","14":"sale","15":"shipping-taxable","16":"purchasable","17":"product-type-simple"},"_links":{"self":[{"href":"https:\/\/roveyayinevi.com.tr\/index.php\/wp-json\/wp\/v2\/product\/731065","targetHints":{"allow":["GET"]}}],"collection":[{"href":"https:\/\/roveyayinevi.com.tr\/index.php\/wp-json\/wp\/v2\/product"}],"about":[{"href":"https:\/\/roveyayinevi.com.tr\/index.php\/wp-json\/wp\/v2\/types\/product"}],"wp:attachment":[{"href":"https:\/\/roveyayinevi.com.tr\/index.php\/wp-json\/wp\/v2\/media?parent=731065"}],"wp:term":[{"taxonomy":"product_brand","embeddable":true,"href":"https:\/\/roveyayinevi.com.tr\/index.php\/wp-json\/wp\/v2\/product_brand?post=731065"},{"taxonomy":"product_cat","embeddable":true,"href":"https:\/\/roveyayinevi.com.tr\/index.php\/wp-json\/wp\/v2\/product_cat?post=731065"},{"taxonomy":"product_tag","embeddable":true,"href":"https:\/\/roveyayinevi.com.tr\/index.php\/wp-json\/wp\/v2\/product_tag?post=731065"}],"curies":[{"name":"wp","href":"https:\/\/api.w.org\/{rel}","templated":true}]}}