{"id":731062,"date":"2025-08-27T21:25:04","date_gmt":"2025-08-27T18:25:04","guid":{"rendered":"https:\/\/roveyayinevi.com.tr\/index.php\/urun\/mandalin-kesfi\/"},"modified":"2026-04-16T02:38:59","modified_gmt":"2026-04-15T23:38:59","slug":"mandalin-kesfi","status":"publish","type":"product","link":"https:\/\/roveyayinevi.com.tr\/index.php\/urun\/mandalin-kesfi\/","title":{"rendered":"Mandal\u0131n Ke\u015ffi"},"content":{"rendered":"<p>\u201cUlan var ya,\u201d dedi Berber Mahmut, \u201c\u00f6yle b\u00f6l\u00fck p\u00f6r\u00e7\u00fck ettin ki memleketi, herkes kendi g\u00f6lgesinden korkar oldu. Konu kom\u015fu d\u00fc\u015fman oldu birbirine; efendi, g\u00f6r zebuna etti\u011fini. \u015eimdi ben \u015fu ahaliye mi yanay\u0131m, yoksa mamuta m\u0131? Ulan bu memleket var ya bu memleket, ba\u015fka bir memleket ile sava\u015fa girseydi, en \u00e7ok birbirimizi \u00f6ld\u00fcr\u00fcrd\u00fck, en \u00e7ok nefret ettiklerimizi, d\u00fc\u015fman bildiklerimizi yok ederdik, sava\u015f halidir diye, o kadar d\u00fc\u015fmanla\u015ft\u0131k birbirimize.\u201d <\/p>\n","protected":false},"excerpt":{"rendered":"<p>\u201cUlan var ya,\u201d dedi Berber Mahmut, \u201c\u00f6yle b\u00f6l\u00fck p\u00f6r\u00e7\u00fck ettin ki memleketi, herkes kendi g\u00f6lgesinden korkar oldu. Konu kom\u015fu d\u00fc\u015fman oldu birbirine; efendi, g\u00f6r zebuna etti\u011fini.<span class=\"excerpt-hellip\"> [\u2026]<\/span><\/p>\n","protected":false},"featured_media":0,"template":"","meta":{"_monsterinsights_skip_tracking":false,"_monsterinsights_sitenote_active":false,"_monsterinsights_sitenote_note":"","_monsterinsights_sitenote_category":0},"product_brand":[],"product_cat":[12291,12711],"product_tag":[],"class_list":{"0":"post-731062","1":"product","2":"type-product","3":"status-publish","5":"product_cat-edebiyat","6":"product_cat-roman-oyku","7":"pa_cilt-ciltsiz","8":"pa_tur-kitap","9":"pa_yayinevi-imgenin-cocuklari","10":"pa_yazar-dadal-ugan","12":"first","13":"instock","14":"sale","15":"shipping-taxable","16":"purchasable","17":"product-type-simple"},"_links":{"self":[{"href":"https:\/\/roveyayinevi.com.tr\/index.php\/wp-json\/wp\/v2\/product\/731062","targetHints":{"allow":["GET"]}}],"collection":[{"href":"https:\/\/roveyayinevi.com.tr\/index.php\/wp-json\/wp\/v2\/product"}],"about":[{"href":"https:\/\/roveyayinevi.com.tr\/index.php\/wp-json\/wp\/v2\/types\/product"}],"wp:attachment":[{"href":"https:\/\/roveyayinevi.com.tr\/index.php\/wp-json\/wp\/v2\/media?parent=731062"}],"wp:term":[{"taxonomy":"product_brand","embeddable":true,"href":"https:\/\/roveyayinevi.com.tr\/index.php\/wp-json\/wp\/v2\/product_brand?post=731062"},{"taxonomy":"product_cat","embeddable":true,"href":"https:\/\/roveyayinevi.com.tr\/index.php\/wp-json\/wp\/v2\/product_cat?post=731062"},{"taxonomy":"product_tag","embeddable":true,"href":"https:\/\/roveyayinevi.com.tr\/index.php\/wp-json\/wp\/v2\/product_tag?post=731062"}],"curies":[{"name":"wp","href":"https:\/\/api.w.org\/{rel}","templated":true}]}}