{"id":731048,"date":"2025-08-27T21:24:48","date_gmt":"2025-08-27T18:24:48","guid":{"rendered":"https:\/\/roveyayinevi.com.tr\/index.php\/urun\/kuresel-virus-operasyonu\/"},"modified":"2026-04-16T02:38:58","modified_gmt":"2026-04-15T23:38:58","slug":"kuresel-virus-operasyonu","status":"publish","type":"product","link":"https:\/\/roveyayinevi.com.tr\/index.php\/urun\/kuresel-virus-operasyonu\/","title":{"rendered":"K\u00fcresel Vir\u00fcs Operasyonu"},"content":{"rendered":"<p>G\u00fcn\u00fcm\u00fczde insanl\u0131\u011f\u0131 etkileyen Covid-19 salg\u0131n\u0131, insan sa\u011fl\u0131\u011f\u0131n\u0131 olumsuz etkilemenin yan\u0131nda, yarataca\u011f\u0131 ekonomik sonu\u00e7lar itibariyle de y\u0131k\u0131c\u0131 etkileri i\u00e7inde bar\u0131nd\u0131rmaktad\u0131r. Bu salg\u0131n, k\u00fcresel ekonomik d\u00fczenin bozulmas\u0131 ve yeni bir sosyo-ekonomik d\u00fczenin kurulmas\u0131na sebep olacakt\u0131r. Ancak yeni d\u00fczenin insanlara ne getirece\u011fi hen\u00fcz me\u00e7hul. * * * * * Dean Koontz&#8217;un &#8220;The Eyes of Darkness&#8221; (Karanl\u0131\u011f\u0131n G\u00f6zleri) ismiyle 1981 yay\u0131mlad\u0131\u011f\u0131 bir kitap b\u00f6yle bir kurguyu nas\u0131l yapabiliyor. Wuhan-400 isimli bir vir\u00fcs&#8230; Hat\u0131rlarsan\u0131z Koronavir\u00fcs ilk defa Wuhan`da ortaya \u00e7\u0131km\u0131\u015ft\u0131. Dean Koontz&#8217;un 1981 y\u0131l\u0131nda yay\u0131mlad\u0131\u011f\u0131 roman\u0131nda aynen \u015fu ifadeler yer al\u0131yor: &#8220;Yakla\u015f\u0131k 2020&#8217;de akci\u011ferlere ve bron\u015flara sald\u0131ran \u015fiddetli bir pn\u00f6moni (zat\u00fcrre) hastal\u0131\u011f\u0131 d\u00fcnyaya yay\u0131lacak ve bilinen t\u00fcm tedavilere direnecek.&#8221; * * * * * Koronavir\u00fcs\u2019\u00fcn Wuhan\u2019da \u00e7\u0131kt\u0131\u011f\u0131 g\u00fcnden bug\u00fcne \u00fczerine yap\u0131lan tart\u0131\u015fmalar bitmemi\u015ftir. Vir\u00fcs\u00fcn laboratuvar ortam\u0131nda insan eli ile \u00fcretilme ihtimalinden tutun, k\u00fcresel pandemi haline gelmesine ve insan hayat\u0131 \u00fczerindeki siyasi-ekonomik olumsuz etkilerine kadar ayd\u0131nlat\u0131lmas\u0131 gereken bir\u00e7ok konu bulunmaktad\u0131r. Bu kitapta kendini halk bilimi ara\u015ft\u0131rmalar\u0131na adayan Hakan Y\u0131lmaz \u00c7ebi\u2019nin ara\u015ft\u0131rmac\u0131 \u00fcslubu ile Koronavir\u00fcs ve arka plan\u0131ndaki konular derinlemesine ele al\u0131n\u0131p incelenmekte, Koronavir\u00fcs hakk\u0131nda d\u00fcnya kamuoyunda tart\u0131\u015f\u0131lan ve tart\u0131\u015f\u0131lmayan bir\u00e7ok konuya a\u00e7\u0131kl\u0131k getirilmektedir. <\/p>\n","protected":false},"excerpt":{"rendered":"<p>G\u00fcn\u00fcm\u00fczde insanl\u0131\u011f\u0131 etkileyen Covid-19 salg\u0131n\u0131, insan sa\u011fl\u0131\u011f\u0131n\u0131 olumsuz etkilemenin yan\u0131nda, yarataca\u011f\u0131 ekonomik sonu\u00e7lar itibariyle de y\u0131k\u0131c\u0131 etkileri i\u00e7inde bar\u0131nd\u0131rmaktad\u0131r. Bu salg\u0131n, k\u00fcresel ekonomik d\u00fczenin bozulmas\u0131 ve<span class=\"excerpt-hellip\"> [\u2026]<\/span><\/p>\n","protected":false},"featured_media":0,"template":"","meta":{"_monsterinsights_skip_tracking":false,"_monsterinsights_sitenote_active":false,"_monsterinsights_sitenote_note":"","_monsterinsights_sitenote_category":0},"product_brand":[],"product_cat":[13366,13365],"product_tag":[],"class_list":{"0":"post-731048","1":"product","2":"type-product","3":"status-publish","5":"product_cat-diger-saglik","6":"product_cat-saglik","7":"pa_cilt-ciltsiz","8":"pa_tur-kitap","9":"pa_yayinevi-cinaralti-yayinlari","10":"pa_yazar-hakan-yilmaz-cebi","12":"first","13":"instock","14":"sale","15":"shipping-taxable","16":"purchasable","17":"product-type-simple"},"_links":{"self":[{"href":"https:\/\/roveyayinevi.com.tr\/index.php\/wp-json\/wp\/v2\/product\/731048","targetHints":{"allow":["GET"]}}],"collection":[{"href":"https:\/\/roveyayinevi.com.tr\/index.php\/wp-json\/wp\/v2\/product"}],"about":[{"href":"https:\/\/roveyayinevi.com.tr\/index.php\/wp-json\/wp\/v2\/types\/product"}],"wp:attachment":[{"href":"https:\/\/roveyayinevi.com.tr\/index.php\/wp-json\/wp\/v2\/media?parent=731048"}],"wp:term":[{"taxonomy":"product_brand","embeddable":true,"href":"https:\/\/roveyayinevi.com.tr\/index.php\/wp-json\/wp\/v2\/product_brand?post=731048"},{"taxonomy":"product_cat","embeddable":true,"href":"https:\/\/roveyayinevi.com.tr\/index.php\/wp-json\/wp\/v2\/product_cat?post=731048"},{"taxonomy":"product_tag","embeddable":true,"href":"https:\/\/roveyayinevi.com.tr\/index.php\/wp-json\/wp\/v2\/product_tag?post=731048"}],"curies":[{"name":"wp","href":"https:\/\/api.w.org\/{rel}","templated":true}]}}