{"id":731034,"date":"2025-08-27T21:24:34","date_gmt":"2025-08-27T18:24:34","guid":{"rendered":"https:\/\/roveyayinevi.com.tr\/index.php\/urun\/21-koy-enstitusu-cinarlar-anlatiyor\/"},"modified":"2026-04-16T02:38:58","modified_gmt":"2026-04-15T23:38:58","slug":"21-koy-enstitusu-cinarlar-anlatiyor","status":"publish","type":"product","link":"https:\/\/roveyayinevi.com.tr\/index.php\/urun\/21-koy-enstitusu-cinarlar-anlatiyor\/","title":{"rendered":"21 K\u00f6y Enstit\u00fcs\u00fc &#8211; \u00c7\u0131narlar Anlat\u0131yor"},"content":{"rendered":"<p>T\u00fcrkiye\u2019de e\u011fitim niteliksiz, f\u0131rsat ve olanak e\u015fitli\u011finin uza\u011f\u0131nda s\u00fcrd\u00fcr\u00fcl\u00fcrken, yoksunluklarla bo\u011fu\u015fan k\u00f6y \u00e7ocuklar\u0131n\u0131 birer e\u011fitim me\u015falesine d\u00f6n\u00fc\u015ft\u00fcren K\u00f6y Enstit\u00fcleri, yak\u0131n tarihimizin en b\u00fcy\u00fck e\u011fitim at\u0131l\u0131m\u0131 olarak her ge\u00e7en g\u00fcn daha da par\u0131ld\u0131yor.K\u00f6y Enstit\u00fcleri \u00fczerine uzun y\u0131llard\u0131r ara\u015ft\u0131rmalar\u0131n\u0131 s\u00fcrd\u00fcren e\u011fitimci Mustafa Gazalc\u0131, 81. y\u0131ld\u00f6n\u00fcm\u00fcnde 21 K\u00f6y Enstit\u00fcs\u00fcn\u00fcn tarih\u00e7esini, sistemin can al\u0131c\u0131 yanlar\u0131n\u0131, enstit\u00fclerden \u00e7\u0131kan 81 \u00e7\u0131nar\u0131n anlatt\u0131klar\u0131yla sonsuzlu\u011fa ta\u015f\u0131yor.\u00c7\u0131narlar\u0131n tan\u0131kl\u0131\u011f\u0131yla K\u00f6y Enstit\u00fclerine y\u00f6nelik karalamalar bir bir \u00e7\u00fcr\u00fcyor, bu ayd\u0131nlanmac\u0131 e\u011fitim devrimini karartanlar\u0131n ama\u00e7lar\u0131 su y\u00fcz\u00fcne \u00e7\u0131k\u0131yor. Enstit\u00fcl\u00fcler \u00e7arp\u0131c\u0131 an\u0131lar\u0131n\u0131 ve canl\u0131 tan\u0131kl\u0131klar\u0131n\u0131 dile getirirken i\u015f i\u00e7inde y\u00fcr\u00fct\u00fclen o g\u00f6rkemli e\u011fitimi, d\u00f6rt duvar aras\u0131nda, ezberletip unutturan e\u011fitim anlay\u0131\u015f\u0131n\u0131n kar\u015f\u0131s\u0131na dikiyorlar.Enstit\u00fclerden yeti\u015fip birer \u00e7\u0131nara d\u00f6n\u00fc\u015fenlerin anlatt\u0131klar\u0131n\u0131 okurken sisteme destek veren siyaset\u00e7ilerin, Tongu\u00e7 ve arkada\u015flar\u0131n\u0131n yapt\u0131klar\u0131na bir kez daha hayran olacak, onlardan sonra boynu b\u00fck\u00fck bir fidan gibi b\u0131rak\u0131lan k\u00f6y \u00e7ocuklar\u0131n\u0131n sessiz \u00e7\u0131\u011fl\u0131klar\u0131n\u0131 duyacaks\u0131n\u0131z.<\/p>\n","protected":false},"excerpt":{"rendered":"<p>T\u00fcrkiye\u2019de e\u011fitim niteliksiz, f\u0131rsat ve olanak e\u015fitli\u011finin uza\u011f\u0131nda s\u00fcrd\u00fcr\u00fcl\u00fcrken, yoksunluklarla bo\u011fu\u015fan k\u00f6y \u00e7ocuklar\u0131n\u0131 birer e\u011fitim me\u015falesine d\u00f6n\u00fc\u015ft\u00fcren K\u00f6y Enstit\u00fcleri, yak\u0131n tarihimizin en b\u00fcy\u00fck e\u011fitim at\u0131l\u0131m\u0131 olarak<span class=\"excerpt-hellip\"> [\u2026]<\/span><\/p>\n","protected":false},"featured_media":0,"template":"","meta":{"_monsterinsights_skip_tracking":false,"_monsterinsights_sitenote_active":false,"_monsterinsights_sitenote_note":"","_monsterinsights_sitenote_category":0},"product_brand":[],"product_cat":[13072,12291],"product_tag":[],"class_list":{"0":"post-731034","1":"product","2":"type-product","3":"status-publish","5":"product_cat-arastirma-inceleme-referans","6":"product_cat-edebiyat","7":"pa_cilt-ciltsiz","8":"pa_tur-kitap","9":"pa_yayinevi-bilgi-yayinevi","10":"pa_yazar-mustafa-gazalci","12":"first","13":"instock","14":"sale","15":"shipping-taxable","16":"purchasable","17":"product-type-simple"},"_links":{"self":[{"href":"https:\/\/roveyayinevi.com.tr\/index.php\/wp-json\/wp\/v2\/product\/731034","targetHints":{"allow":["GET"]}}],"collection":[{"href":"https:\/\/roveyayinevi.com.tr\/index.php\/wp-json\/wp\/v2\/product"}],"about":[{"href":"https:\/\/roveyayinevi.com.tr\/index.php\/wp-json\/wp\/v2\/types\/product"}],"wp:attachment":[{"href":"https:\/\/roveyayinevi.com.tr\/index.php\/wp-json\/wp\/v2\/media?parent=731034"}],"wp:term":[{"taxonomy":"product_brand","embeddable":true,"href":"https:\/\/roveyayinevi.com.tr\/index.php\/wp-json\/wp\/v2\/product_brand?post=731034"},{"taxonomy":"product_cat","embeddable":true,"href":"https:\/\/roveyayinevi.com.tr\/index.php\/wp-json\/wp\/v2\/product_cat?post=731034"},{"taxonomy":"product_tag","embeddable":true,"href":"https:\/\/roveyayinevi.com.tr\/index.php\/wp-json\/wp\/v2\/product_tag?post=731034"}],"curies":[{"name":"wp","href":"https:\/\/api.w.org\/{rel}","templated":true}]}}