{"id":731024,"date":"2025-08-27T21:24:16","date_gmt":"2025-08-27T18:24:16","guid":{"rendered":"https:\/\/roveyayinevi.com.tr\/index.php\/urun\/hayatin-ilk-3-yili-anne-babama-ilk-mektuplarim\/"},"modified":"2026-02-03T02:55:34","modified_gmt":"2026-02-02T23:55:34","slug":"hayatin-ilk-3-yili-anne-babama-ilk-mektuplarim","status":"publish","type":"product","link":"https:\/\/roveyayinevi.com.tr\/index.php\/urun\/hayatin-ilk-3-yili-anne-babama-ilk-mektuplarim\/","title":{"rendered":"Hayat\u0131n  \u0130lk 3 Y\u0131l\u0131 &#8211; Anne Babama \u0130lk Mektuplar\u0131m"},"content":{"rendered":"<p>\u0130nsan d\u00fcnyaya haz\u0131r gelmez, zamanla olu\u015fur. Beyin \u201cbedava\u201d verilse de, i\u00e7indeki yaz\u0131l\u0131m ve i\u00e7eri\u011fi biz belirleriz. Hayat\u0131n ilk \u00fc\u00e7 y\u0131l\u0131nda yaratt\u0131\u011f\u0131m\u0131z altyap\u0131, \u00f6m\u00fcr boyu \u00fcst yap\u0131y\u0131 etkiler. En ba\u015f\u0131ndan do\u011frusunu yapmak, yanl\u0131\u015flar\u0131 d\u00fczeltmekten daha kolayd\u0131r. Dr. Bahar Eri\u015f&#8217;in yeni kitab\u0131, bir bebe\u011fin d\u00fcnyadaki ilk \u00fc\u00e7 y\u0131l\u0131nda i\u00e7 d\u00fcnyas\u0131ndan ge\u00e7enleri anne babas\u0131na esprili bir dille anlatt\u0131\u011f\u0131 mektuplardan olu\u015fuyor. \u00c7ocu\u011fun do\u011fal e\u011filimlerine sayg\u0131 duyan, onun geli\u015fim gereklerini a\u00e7\u0131klayan, her bebe\u011fin kendi h\u0131z\u0131nda ve tarz\u0131nda ilerleyi\u015fini vurgulayan mektuplar bunlar. Bebe\u011finize her \u201cg\u00fcncelleme\u201d geldi\u011finde, dili de de\u011fi\u015fir. Onu do\u011fru anlayabilecek misiniz? Size mektuplar yazsa, geli\u015fim ihtiya\u00e7lar\u0131n\u0131 nas\u0131l s\u0131ralard\u0131? Bu kitap bebe\u011fin akl\u0131n\u0131 do\u011fru okumak i\u00e7in ara\u00e7lar veriyor. Beynin en h\u0131zl\u0131 \u015fekillendi\u011fi ilk y\u0131llarda sa\u011flam temeller atmak i\u00e7in neyi nas\u0131l yapmal\u0131? Zihinsel, sosyal ve duygusal geli\u015fimin sa\u011fl\u0131kl\u0131 olmas\u0131 i\u00e7in nelere dikkat etmeli? Hayat\u0131n zorlu m\u00fccadelelerine haz\u0131rlayacak psikolojik sermaye nas\u0131l kazand\u0131r\u0131l\u0131r? \u2018M\u00fckemmel de\u011fil yeterince iyi ebeveyn olmak\u2019 neden \u00f6nemlidir? Kitab\u0131n cevap arad\u0131\u011f\u0131 di\u011fer sorular \u015f\u00f6yle: Emzirmek ya da emzirmemek; b\u00fct\u00fcn mesele bu mu? G\u00fcvenli ba\u011flanma nas\u0131l ger\u00e7ekle\u015fir? Kitap okumay\u0131 seven bir \u00e7ocuk nas\u0131l yeti\u015fir? Geli\u015ftirici bebek oyuncaklar\u0131 nas\u0131l se\u00e7ilir? 2 ya\u015f\u0131ndaki bebekle nas\u0131l ileti\u015fim kurulur? \u00d6fke kontrol\u00fcnde etkili y\u00f6ntemler nelerdir? \u00c7ocukla pozitif ileti\u015fim kurmak i\u00e7in ne yapmal\u0131? Danimarkal\u0131 bebeklerin mutluluk s\u0131rr\u0131 nedir? Hayat\u0131n ilk 3 y\u0131l\u0131nda beyin nas\u0131l geli\u015fir? <\/p>\n","protected":false},"excerpt":{"rendered":"<p>\u0130nsan d\u00fcnyaya haz\u0131r gelmez, zamanla olu\u015fur. Beyin \u201cbedava\u201d verilse de, i\u00e7indeki yaz\u0131l\u0131m ve i\u00e7eri\u011fi biz belirleriz. Hayat\u0131n ilk \u00fc\u00e7 y\u0131l\u0131nda yaratt\u0131\u011f\u0131m\u0131z altyap\u0131, \u00f6m\u00fcr boyu \u00fcst yap\u0131y\u0131<span class=\"excerpt-hellip\"> [\u2026]<\/span><\/p>\n","protected":false},"featured_media":0,"template":"","meta":{"_monsterinsights_skip_tracking":false,"_monsterinsights_sitenote_active":false,"_monsterinsights_sitenote_note":"","_monsterinsights_sitenote_category":0},"product_brand":[],"product_cat":[12831,12324],"product_tag":[],"class_list":{"0":"post-731024","1":"product","2":"type-product","3":"status-publish","5":"product_cat-aile-ve-cocuk","6":"product_cat-sosyoloji","7":"pa_cilt-ciltsiz","8":"pa_tur-kitap","9":"pa_yayinevi-alfa-yayinlari","10":"pa_yazar-bahar-eris","12":"first","13":"instock","14":"sale","15":"shipping-taxable","16":"purchasable","17":"product-type-simple"},"_links":{"self":[{"href":"https:\/\/roveyayinevi.com.tr\/index.php\/wp-json\/wp\/v2\/product\/731024","targetHints":{"allow":["GET"]}}],"collection":[{"href":"https:\/\/roveyayinevi.com.tr\/index.php\/wp-json\/wp\/v2\/product"}],"about":[{"href":"https:\/\/roveyayinevi.com.tr\/index.php\/wp-json\/wp\/v2\/types\/product"}],"wp:attachment":[{"href":"https:\/\/roveyayinevi.com.tr\/index.php\/wp-json\/wp\/v2\/media?parent=731024"}],"wp:term":[{"taxonomy":"product_brand","embeddable":true,"href":"https:\/\/roveyayinevi.com.tr\/index.php\/wp-json\/wp\/v2\/product_brand?post=731024"},{"taxonomy":"product_cat","embeddable":true,"href":"https:\/\/roveyayinevi.com.tr\/index.php\/wp-json\/wp\/v2\/product_cat?post=731024"},{"taxonomy":"product_tag","embeddable":true,"href":"https:\/\/roveyayinevi.com.tr\/index.php\/wp-json\/wp\/v2\/product_tag?post=731024"}],"curies":[{"name":"wp","href":"https:\/\/api.w.org\/{rel}","templated":true}]}}