{"id":731019,"date":"2025-08-27T21:24:12","date_gmt":"2025-08-27T18:24:12","guid":{"rendered":"https:\/\/roveyayinevi.com.tr\/index.php\/urun\/internette-kesifsel-satin-alma\/"},"modified":"2026-04-16T02:38:58","modified_gmt":"2026-04-15T23:38:58","slug":"internette-kesifsel-satin-alma","status":"publish","type":"product","link":"https:\/\/roveyayinevi.com.tr\/index.php\/urun\/internette-kesifsel-satin-alma\/","title":{"rendered":"\u0130nternette Ke\u015fifsel Sat\u0131n Alma"},"content":{"rendered":"<p>B\u00d6L\u00dcM 1 Giri\u015f   B\u00d6L\u00dcM 2 Ki\u015filik ve Ki\u015filik \u00d6zellikleri \u00d6zellik Yakla\u015f\u0131m\u0131 ve Ki\u015fili\u011fin Be\u015f Temel \u00d6zelli\u011fi Optimum Uyar\u0131lma Seviyesi Teorisi Ke\u015fifsel Davran\u0131\u015f E\u011filimleri Ke\u015fifsel Sat\u0131n Alma E\u011filimleri ve Optimum Uyar\u0131lma Seviyesi \u00c7evrimi\u00e7i( Online ) Sat\u0131n Alma Niyeti \u0130ntermette Ke\u015fifsel Sat\u0131n Alma E\u011filimleri <\/p>\n","protected":false},"excerpt":{"rendered":"<p>B\u00d6L\u00dcM 1 Giri\u015f B\u00d6L\u00dcM 2 Ki\u015filik ve Ki\u015filik \u00d6zellikleri \u00d6zellik Yakla\u015f\u0131m\u0131 ve Ki\u015fili\u011fin Be\u015f Temel \u00d6zelli\u011fi Optimum Uyar\u0131lma Seviyesi Teorisi Ke\u015fifsel Davran\u0131\u015f E\u011filimleri Ke\u015fifsel Sat\u0131n Alma<span class=\"excerpt-hellip\"> [\u2026]<\/span><\/p>\n","protected":false},"featured_media":0,"template":"","meta":{"_monsterinsights_skip_tracking":false,"_monsterinsights_sitenote_active":false,"_monsterinsights_sitenote_note":"","_monsterinsights_sitenote_category":0},"product_brand":[],"product_cat":[13043,17492],"product_tag":[],"class_list":{"0":"post-731019","1":"product","2":"type-product","3":"status-publish","5":"product_cat-ekonomi","6":"product_cat-pazarlama-satis-reklam","7":"pa_cilt-ciltsiz","8":"pa_tur-kitap","9":"pa_yayinevi-gazi-kitabevi","10":"pa_yazar-hilal-inan-didem-demir-camli","12":"first","13":"instock","14":"sale","15":"shipping-taxable","16":"purchasable","17":"product-type-simple"},"_links":{"self":[{"href":"https:\/\/roveyayinevi.com.tr\/index.php\/wp-json\/wp\/v2\/product\/731019","targetHints":{"allow":["GET"]}}],"collection":[{"href":"https:\/\/roveyayinevi.com.tr\/index.php\/wp-json\/wp\/v2\/product"}],"about":[{"href":"https:\/\/roveyayinevi.com.tr\/index.php\/wp-json\/wp\/v2\/types\/product"}],"wp:attachment":[{"href":"https:\/\/roveyayinevi.com.tr\/index.php\/wp-json\/wp\/v2\/media?parent=731019"}],"wp:term":[{"taxonomy":"product_brand","embeddable":true,"href":"https:\/\/roveyayinevi.com.tr\/index.php\/wp-json\/wp\/v2\/product_brand?post=731019"},{"taxonomy":"product_cat","embeddable":true,"href":"https:\/\/roveyayinevi.com.tr\/index.php\/wp-json\/wp\/v2\/product_cat?post=731019"},{"taxonomy":"product_tag","embeddable":true,"href":"https:\/\/roveyayinevi.com.tr\/index.php\/wp-json\/wp\/v2\/product_tag?post=731019"}],"curies":[{"name":"wp","href":"https:\/\/api.w.org\/{rel}","templated":true}]}}