{"id":731018,"date":"2025-08-27T21:24:11","date_gmt":"2025-08-27T18:24:11","guid":{"rendered":"https:\/\/roveyayinevi.com.tr\/index.php\/urun\/isgucu-piyasalarinda-kirilgan-kumeler\/"},"modified":"2026-04-16T02:38:58","modified_gmt":"2026-04-15T23:38:58","slug":"isgucu-piyasalarinda-kirilgan-kumeler","status":"publish","type":"product","link":"https:\/\/roveyayinevi.com.tr\/index.php\/urun\/isgucu-piyasalarinda-kirilgan-kumeler\/","title":{"rendered":"\u0130\u015fg\u00fcc\u00fc Piyasalar\u0131nda K\u0131r\u0131lgan K\u00fcmeler"},"content":{"rendered":"<p>D\u00fcnya\u2019da Ve T\u00fcrkiye\u2019de Ne E\u011fitimde Ne \u0130stihdamda Ne De \u00d6\u011frenimde Yer Alan Gen\u00e7ler (NEET)   \u0130\u015fg\u00fcc\u00fc Piyasalar\u0131n\u0131n Feminizasyonu Ve T\u00fcrkiye G\u00f6zlemleri   Bilgi Ve Belge Y\u00f6netimi B\u00f6l\u00fcm\u00fcndeki Akademisyenlerin Cam Tavan Sendromu Alg\u0131s\u0131   Kad\u0131n Yoksullu\u011fu \u00c7\u00f6z\u00fcm Stratejisi Olarak Mikro Kredi Uygulamas\u0131 \u00dczerine Tart\u0131\u015fmalar   Pozitif Ayr\u0131mc\u0131l\u0131k Ba\u011flam\u0131nda T\u00fcrk Medeni Hukukunda Cinsiyet E\u015fitli\u011fi   Emeklilikten \u00c7al\u0131\u015fmaya Ge\u00e7i\u015f: \u201cK\u00f6pr\u00fc \u0130stihdam\u201d Kavramsal Bir De\u011ferlendirme   D\u00fczensiz G\u00f6\u00e7\u00fcn Ortaya \u00c7\u0131kard\u0131\u011f\u0131 K\u0131r\u0131lganl\u0131klar\u0131n Boyutu, Bi\u00e7imleri Ve D\u00fczenlemeler   T\u00fcrkiye\u2019de K\u0131r\u0131lgan Gruplarda Gelir Ve Yoksulluk D\u00fczeylerinin \u0130\u015fg\u00fcc\u00fc Piyasas\u0131 G\u00f6stergelerine Etkisi <\/p>\n","protected":false},"excerpt":{"rendered":"<p>D\u00fcnya\u2019da Ve T\u00fcrkiye\u2019de Ne E\u011fitimde Ne \u0130stihdamda Ne De \u00d6\u011frenimde Yer Alan Gen\u00e7ler (NEET) \u0130\u015fg\u00fcc\u00fc Piyasalar\u0131n\u0131n Feminizasyonu Ve T\u00fcrkiye G\u00f6zlemleri Bilgi Ve Belge Y\u00f6netimi B\u00f6l\u00fcm\u00fcndeki Akademisyenlerin<span class=\"excerpt-hellip\"> [\u2026]<\/span><\/p>\n","protected":false},"featured_media":0,"template":"","meta":{"_monsterinsights_skip_tracking":false,"_monsterinsights_sitenote_active":false,"_monsterinsights_sitenote_note":"","_monsterinsights_sitenote_category":0},"product_brand":[],"product_cat":[14841,13043],"product_tag":[],"class_list":{"0":"post-731018","1":"product","2":"type-product","3":"status-publish","5":"product_cat-arastirma-inceleme-kuram","6":"product_cat-ekonomi","7":"pa_cilt-ciltsiz","8":"pa_tur-kitap","9":"pa_yayinevi-gazi-kitabevi","10":"pa_yazar-gazi-kitabevi-kolektif","12":"first","13":"instock","14":"sale","15":"shipping-taxable","16":"purchasable","17":"product-type-simple"},"_links":{"self":[{"href":"https:\/\/roveyayinevi.com.tr\/index.php\/wp-json\/wp\/v2\/product\/731018","targetHints":{"allow":["GET"]}}],"collection":[{"href":"https:\/\/roveyayinevi.com.tr\/index.php\/wp-json\/wp\/v2\/product"}],"about":[{"href":"https:\/\/roveyayinevi.com.tr\/index.php\/wp-json\/wp\/v2\/types\/product"}],"wp:attachment":[{"href":"https:\/\/roveyayinevi.com.tr\/index.php\/wp-json\/wp\/v2\/media?parent=731018"}],"wp:term":[{"taxonomy":"product_brand","embeddable":true,"href":"https:\/\/roveyayinevi.com.tr\/index.php\/wp-json\/wp\/v2\/product_brand?post=731018"},{"taxonomy":"product_cat","embeddable":true,"href":"https:\/\/roveyayinevi.com.tr\/index.php\/wp-json\/wp\/v2\/product_cat?post=731018"},{"taxonomy":"product_tag","embeddable":true,"href":"https:\/\/roveyayinevi.com.tr\/index.php\/wp-json\/wp\/v2\/product_tag?post=731018"}],"curies":[{"name":"wp","href":"https:\/\/api.w.org\/{rel}","templated":true}]}}