{"id":731017,"date":"2025-08-27T21:24:10","date_gmt":"2025-08-27T18:24:10","guid":{"rendered":"https:\/\/roveyayinevi.com.tr\/index.php\/urun\/yerel-yonetimler\/"},"modified":"2026-04-16T02:38:58","modified_gmt":"2026-04-15T23:38:58","slug":"yerel-yonetimler","status":"publish","type":"product","link":"https:\/\/roveyayinevi.com.tr\/index.php\/urun\/yerel-yonetimler\/","title":{"rendered":"Yerel Y\u00f6netimler"},"content":{"rendered":"<p>\u0130\u00e7indekiler   A.    Yerel Y\u00f6netimlerde Kuramsal ve Tarihsel \u00c7er\u00e7eve B.     T\u00fcrkiye\u2019de Yerel Y\u00f6netimler C.    Yerel Y\u00f6netimlerde Sorunlar ve Reform Aray\u0131\u015flar\u0131 D.    Yerel Y\u00f6netimler ve Siyaset E.     Yerel Y\u00f6netimler ve Kent F.     Yerel Y\u00f6netimlerde Kalk\u0131nma, Dijitalle\u015fme ve \u00c7evre <\/p>\n","protected":false},"excerpt":{"rendered":"<p>\u0130\u00e7indekiler A. Yerel Y\u00f6netimlerde Kuramsal ve Tarihsel \u00c7er\u00e7eve B. T\u00fcrkiye\u2019de Yerel Y\u00f6netimler C. Yerel Y\u00f6netimlerde Sorunlar ve Reform Aray\u0131\u015flar\u0131 D. Yerel Y\u00f6netimler ve Siyaset E. Yerel<span class=\"excerpt-hellip\"> [\u2026]<\/span><\/p>\n","protected":false},"featured_media":0,"template":"","meta":{"_monsterinsights_skip_tracking":false,"_monsterinsights_sitenote_active":false,"_monsterinsights_sitenote_note":"","_monsterinsights_sitenote_category":0},"product_brand":[],"product_cat":[13043,19008],"product_tag":[],"class_list":{"0":"post-731017","1":"product","2":"type-product","3":"status-publish","5":"product_cat-ekonomi","6":"product_cat-yonetim","7":"pa_cilt-ciltsiz","8":"pa_tur-kitap","9":"pa_yayinevi-gazi-kitabevi","10":"pa_yazar-gazi-kitabevi-kolektif","12":"first","13":"instock","14":"sale","15":"shipping-taxable","16":"purchasable","17":"product-type-simple"},"_links":{"self":[{"href":"https:\/\/roveyayinevi.com.tr\/index.php\/wp-json\/wp\/v2\/product\/731017","targetHints":{"allow":["GET"]}}],"collection":[{"href":"https:\/\/roveyayinevi.com.tr\/index.php\/wp-json\/wp\/v2\/product"}],"about":[{"href":"https:\/\/roveyayinevi.com.tr\/index.php\/wp-json\/wp\/v2\/types\/product"}],"wp:attachment":[{"href":"https:\/\/roveyayinevi.com.tr\/index.php\/wp-json\/wp\/v2\/media?parent=731017"}],"wp:term":[{"taxonomy":"product_brand","embeddable":true,"href":"https:\/\/roveyayinevi.com.tr\/index.php\/wp-json\/wp\/v2\/product_brand?post=731017"},{"taxonomy":"product_cat","embeddable":true,"href":"https:\/\/roveyayinevi.com.tr\/index.php\/wp-json\/wp\/v2\/product_cat?post=731017"},{"taxonomy":"product_tag","embeddable":true,"href":"https:\/\/roveyayinevi.com.tr\/index.php\/wp-json\/wp\/v2\/product_tag?post=731017"}],"curies":[{"name":"wp","href":"https:\/\/api.w.org\/{rel}","templated":true}]}}