{"id":731014,"date":"2025-08-27T21:24:07","date_gmt":"2025-08-27T18:24:07","guid":{"rendered":"https:\/\/roveyayinevi.com.tr\/index.php\/urun\/piri-reisle-acik-denizde\/"},"modified":"2026-04-16T02:38:58","modified_gmt":"2026-04-15T23:38:58","slug":"piri-reisle-acik-denizde","status":"publish","type":"product","link":"https:\/\/roveyayinevi.com.tr\/index.php\/urun\/piri-reisle-acik-denizde\/","title":{"rendered":"Piri Reis\u2019le A\u00e7\u0131k Denizde"},"content":{"rendered":"<p>\u201cYery\u00fcz\u00fcnde ke\u015ffedilmemi\u015f bir yer kalm\u0131\u015f m\u0131d\u0131r acaba?\u201d  Azra&#8217;n\u0131n akl\u0131nda tek bir soru vard\u0131r: D\u00fcnya \u00fczerinde, haritalarda g\u00f6r\u00fcnmeyen, bug\u00fcne kadar kimsenin ayak basmad\u0131\u011f\u0131 yerler var m\u0131d\u0131r acaba? Sorular birbirini kovalarken \u00fcnl\u00fc denizci Piri Reis ve b\u00fcy\u00fck eseri Kitab-\u0131 Bahriye\u2019yle tan\u0131\u015fan \u201ck\u00e2\u015fif aday\u0131\u201d Azra, bu b\u00fcy\u00fck tutkunun pe\u015finde kartografiden denizcili\u011fe, \u201cki\u015fisel harita\u201ddan \u201czihinsel harita\u201dya pek \u00e7ok yeni kavramla kar\u015f\u0131la\u015f\u0131r. Azra ve okul arkada\u015flar\u0131n\u0131n kurdu\u011fu K\u00e2\u015fifler Kul\u00fcb\u00fc&#8217;n\u00fcn ke\u015ffedece\u011fi ne \u00e7ok \u015fey vard\u0131r! \u00c7a\u011fda\u015f \u00e7ocuk edebiyat\u0131n\u0131n \u00f6zg\u00fcn kalemi Arslan Sayman, k\u00fc\u00e7\u00fck bir k\u0131z\u0131n kendini ve d\u00fcnyay\u0131 ke\u015ffetme arzusunu, Deniz \u00dc\u00e7ba\u015faran\u2019\u0131n incelikli \u00e7izgileriyle anlat\u0131yor. <\/p>\n","protected":false},"excerpt":{"rendered":"<p>\u201cYery\u00fcz\u00fcnde ke\u015ffedilmemi\u015f bir yer kalm\u0131\u015f m\u0131d\u0131r acaba?\u201d Azra&#8217;n\u0131n akl\u0131nda tek bir soru vard\u0131r: D\u00fcnya \u00fczerinde, haritalarda g\u00f6r\u00fcnmeyen, bug\u00fcne kadar kimsenin ayak basmad\u0131\u011f\u0131 yerler var m\u0131d\u0131r acaba?<span class=\"excerpt-hellip\"> [\u2026]<\/span><\/p>\n","protected":false},"featured_media":0,"template":"","meta":{"_monsterinsights_skip_tracking":false,"_monsterinsights_sitenote_active":false,"_monsterinsights_sitenote_note":"","_monsterinsights_sitenote_category":0},"product_brand":[],"product_cat":[12275,12274],"product_tag":[],"class_list":{"0":"post-731014","1":"product","2":"type-product","3":"status-publish","5":"product_cat-6-12-yas-kitaplari","6":"product_cat-cocuk-ve-genclik-kitaplari","7":"pa_cilt-ciltsiz","8":"pa_tur-kitap","9":"pa_yayinevi-kirmizi-kedi-yayinevi","10":"pa_yazar-arslan-sayman","12":"first","13":"instock","14":"sale","15":"shipping-taxable","16":"purchasable","17":"product-type-simple"},"_links":{"self":[{"href":"https:\/\/roveyayinevi.com.tr\/index.php\/wp-json\/wp\/v2\/product\/731014","targetHints":{"allow":["GET"]}}],"collection":[{"href":"https:\/\/roveyayinevi.com.tr\/index.php\/wp-json\/wp\/v2\/product"}],"about":[{"href":"https:\/\/roveyayinevi.com.tr\/index.php\/wp-json\/wp\/v2\/types\/product"}],"wp:attachment":[{"href":"https:\/\/roveyayinevi.com.tr\/index.php\/wp-json\/wp\/v2\/media?parent=731014"}],"wp:term":[{"taxonomy":"product_brand","embeddable":true,"href":"https:\/\/roveyayinevi.com.tr\/index.php\/wp-json\/wp\/v2\/product_brand?post=731014"},{"taxonomy":"product_cat","embeddable":true,"href":"https:\/\/roveyayinevi.com.tr\/index.php\/wp-json\/wp\/v2\/product_cat?post=731014"},{"taxonomy":"product_tag","embeddable":true,"href":"https:\/\/roveyayinevi.com.tr\/index.php\/wp-json\/wp\/v2\/product_tag?post=731014"}],"curies":[{"name":"wp","href":"https:\/\/api.w.org\/{rel}","templated":true}]}}