{"id":731004,"date":"2025-08-27T21:23:57","date_gmt":"2025-08-27T18:23:57","guid":{"rendered":"https:\/\/roveyayinevi.com.tr\/index.php\/urun\/bizim-evin-robotu\/"},"modified":"2026-04-16T02:38:57","modified_gmt":"2026-04-15T23:38:57","slug":"bizim-evin-robotu","status":"publish","type":"product","link":"https:\/\/roveyayinevi.com.tr\/index.php\/urun\/bizim-evin-robotu\/","title":{"rendered":"Bizim Evin Robotu"},"content":{"rendered":"<p>Ali\u2019nin babas\u0131n\u0131n \u00e7al\u0131\u015ft\u0131\u011f\u0131 \u015firket evlerine, denemeleri i\u00e7in Japonya\u2019dan bir robot g\u00f6ndermi\u015fti. Ali gibi b\u00fct\u00fcn ev halk\u0131 inan\u0131lmaz heyecanl\u0131yd\u0131. Son teknoloji bu robot; ev i\u015flerine yard\u0131m etmekten \u00e7i\u00e7ekleri sulamaya, cama konan ku\u015flar\u0131 beslemekten sohbet etmeye kadar pek \u00e7ok \u015feyi kusursuzca yapabiliyordu. Fakat bir g\u00fcn, M\u00fclayim ismini verdikleri robotlar\u0131 evden kaybolunca \u0130lhan Ailesi \u00e7ok endi\u015felendi. Acaba M\u00fclayim nereye gitmi\u015fti? \u00c7ocuk kitaplar\u0131n\u0131n sevilen yazar\u0131 Koray Avc\u0131 \u00c7akman, teknolojinin hayat\u0131m\u0131zda yaratt\u0131\u011f\u0131 heyecan\u0131 ve \u00e7evreyi koruman\u0131n \u00f6nemini harika bir hik\u00e2yede birle\u015ftiriyor! Robot M\u00fclayim, size de umut ve ilham verecek! <\/p>\n","protected":false},"excerpt":{"rendered":"<p>Ali\u2019nin babas\u0131n\u0131n \u00e7al\u0131\u015ft\u0131\u011f\u0131 \u015firket evlerine, denemeleri i\u00e7in Japonya\u2019dan bir robot g\u00f6ndermi\u015fti. Ali gibi b\u00fct\u00fcn ev halk\u0131 inan\u0131lmaz heyecanl\u0131yd\u0131. Son teknoloji bu robot; ev i\u015flerine yard\u0131m etmekten<span class=\"excerpt-hellip\"> [\u2026]<\/span><\/p>\n","protected":false},"featured_media":0,"template":"","meta":{"_monsterinsights_skip_tracking":false,"_monsterinsights_sitenote_active":false,"_monsterinsights_sitenote_note":"","_monsterinsights_sitenote_category":0},"product_brand":[],"product_cat":[12913,12274],"product_tag":[],"class_list":{"0":"post-731004","1":"product","2":"type-product","3":"status-publish","5":"product_cat-3-6-yas-kitaplari","6":"product_cat-cocuk-ve-genclik-kitaplari","7":"pa_cilt-ciltsiz","8":"pa_tur-kitap","9":"pa_yayinevi-ithaki-yayinlari","10":"pa_yazar-koray-avci-cakman","12":"first","13":"instock","14":"sale","15":"shipping-taxable","16":"purchasable","17":"product-type-simple"},"_links":{"self":[{"href":"https:\/\/roveyayinevi.com.tr\/index.php\/wp-json\/wp\/v2\/product\/731004","targetHints":{"allow":["GET"]}}],"collection":[{"href":"https:\/\/roveyayinevi.com.tr\/index.php\/wp-json\/wp\/v2\/product"}],"about":[{"href":"https:\/\/roveyayinevi.com.tr\/index.php\/wp-json\/wp\/v2\/types\/product"}],"wp:attachment":[{"href":"https:\/\/roveyayinevi.com.tr\/index.php\/wp-json\/wp\/v2\/media?parent=731004"}],"wp:term":[{"taxonomy":"product_brand","embeddable":true,"href":"https:\/\/roveyayinevi.com.tr\/index.php\/wp-json\/wp\/v2\/product_brand?post=731004"},{"taxonomy":"product_cat","embeddable":true,"href":"https:\/\/roveyayinevi.com.tr\/index.php\/wp-json\/wp\/v2\/product_cat?post=731004"},{"taxonomy":"product_tag","embeddable":true,"href":"https:\/\/roveyayinevi.com.tr\/index.php\/wp-json\/wp\/v2\/product_tag?post=731004"}],"curies":[{"name":"wp","href":"https:\/\/api.w.org\/{rel}","templated":true}]}}