{"id":731002,"date":"2025-08-27T21:23:55","date_gmt":"2025-08-27T18:23:55","guid":{"rendered":"https:\/\/roveyayinevi.com.tr\/index.php\/urun\/funny-mat-mini-set-hangi-yolu-kullansam\/"},"modified":"2026-04-16T02:38:57","modified_gmt":"2026-04-15T23:38:57","slug":"funny-mat-mini-set-hangi-yolu-kullansam","status":"publish","type":"product","link":"https:\/\/roveyayinevi.com.tr\/index.php\/urun\/funny-mat-mini-set-hangi-yolu-kullansam\/","title":{"rendered":"Funny Mat Mini Set &#8211; Hangi Yolu Kullansam?"},"content":{"rendered":"<p>Oyun s\u0131ras\u0131nda \u00e7\u00f6z\u00fclen basit problemler \u00e7ocuklar i\u00e7in ger\u00e7ek hayat\u0131n ilk provalar\u0131d\u0131r. Set, \u00e7ocuklar\u0131 d\u00fc\u015f\u00fcnd\u00fcr\u00fcyor, farkl\u0131 zorluklarda, karar vermeleri gereken durumlarla kar\u015f\u0131 kar\u015f\u0131ya b\u0131rak\u0131yor.De\u011fi\u015fik yollar\u0131 denemelerine olanak veriyor. Yanl\u0131\u015f yaparlarsa silip tekrar tekrar deneyebiliyorlar. Funny Mat Mini Set, \u00e7ocuklar\u0131n bili\u015fsel, sosyal ve sanatsal becerilerinin geli\u015fimine katk\u0131 sa\u011flar. Yarat\u0131c\u0131 d\u00fc\u015f\u00fcnme g\u00fcc\u00fcne destek olurAyr\u0131ca ince motor geli\u015fimlerini h\u0131zland\u0131r\u0131r. E\u011flenceli, e\u011fitici ve sanatsal \u00f6geler i\u00e7erirSet i\u00e7erisinde 6 farkl\u0131 y\u0131kanabilir sayfa yer al\u0131r. \u0130lk sayfa yarat\u0131c\u0131 etkinlikler i\u00e7in bo\u015f olarak haz\u0131rlanm\u0131\u015ft\u0131r. \u00c7ocuk bu sayfay\u0131 istedi\u011fi gibi yazar, \u00e7izer ve boyar. Di\u011fer 5 sayfa ise aktivite ile uyumlu \u00e7izimlerden olu\u015fur. \u00c7ocuk d\u00fc\u015f\u00fcn\u00fcr, eklemeler yapar, boyar, yazar, \u00e7izer. Funny Mat Mini Set su bazl\u0131 ke\u00e7eli kalem ile kullan\u0131r ve su ile kolayca y\u0131kan\u0131r ya da \u0131slak mendil ile silinir.\u0130stenirse yumu\u015fak kuru boya kalemleri ile de kullan\u0131labilir ve silgi ile silinebilir. B\u00f6ylece defalarca kullanmak m\u00fcmk\u00fcn olur. Evde, okulda, tatilde, seyahatlerde rahat\u00e7a kullanabilecek boyutlarda haz\u0131rlanm\u0131\u015ft\u0131r. Yarat\u0131c\u0131, e\u011fitici ve e\u011flencelidir.<\/p>\n","protected":false},"excerpt":{"rendered":"<p>Oyun s\u0131ras\u0131nda \u00e7\u00f6z\u00fclen basit problemler \u00e7ocuklar i\u00e7in ger\u00e7ek hayat\u0131n ilk provalar\u0131d\u0131r. Set, \u00e7ocuklar\u0131 d\u00fc\u015f\u00fcnd\u00fcr\u00fcyor, farkl\u0131 zorluklarda, karar vermeleri gereken durumlarla kar\u015f\u0131 kar\u015f\u0131ya b\u0131rak\u0131yor.De\u011fi\u015fik yollar\u0131 denemelerine olanak<span class=\"excerpt-hellip\"> [\u2026]<\/span><\/p>\n","protected":false},"featured_media":0,"template":"","meta":{"_monsterinsights_skip_tracking":false,"_monsterinsights_sitenote_active":false,"_monsterinsights_sitenote_note":"","_monsterinsights_sitenote_category":0},"product_brand":[],"product_cat":[12913,12274],"product_tag":[],"class_list":{"0":"post-731002","1":"product","2":"type-product","3":"status-publish","5":"product_cat-3-6-yas-kitaplari","6":"product_cat-cocuk-ve-genclik-kitaplari","7":"pa_cilt-ciltsiz","8":"pa_tur-kitap","9":"pa_yayinevi-akademi-cocuk-funny-mat","10":"pa_yazar-akademi-cocuk-kolektif","12":"first","13":"instock","14":"sale","15":"shipping-taxable","16":"purchasable","17":"product-type-simple"},"_links":{"self":[{"href":"https:\/\/roveyayinevi.com.tr\/index.php\/wp-json\/wp\/v2\/product\/731002","targetHints":{"allow":["GET"]}}],"collection":[{"href":"https:\/\/roveyayinevi.com.tr\/index.php\/wp-json\/wp\/v2\/product"}],"about":[{"href":"https:\/\/roveyayinevi.com.tr\/index.php\/wp-json\/wp\/v2\/types\/product"}],"wp:attachment":[{"href":"https:\/\/roveyayinevi.com.tr\/index.php\/wp-json\/wp\/v2\/media?parent=731002"}],"wp:term":[{"taxonomy":"product_brand","embeddable":true,"href":"https:\/\/roveyayinevi.com.tr\/index.php\/wp-json\/wp\/v2\/product_brand?post=731002"},{"taxonomy":"product_cat","embeddable":true,"href":"https:\/\/roveyayinevi.com.tr\/index.php\/wp-json\/wp\/v2\/product_cat?post=731002"},{"taxonomy":"product_tag","embeddable":true,"href":"https:\/\/roveyayinevi.com.tr\/index.php\/wp-json\/wp\/v2\/product_tag?post=731002"}],"curies":[{"name":"wp","href":"https:\/\/api.w.org\/{rel}","templated":true}]}}