{"id":730997,"date":"2025-08-27T21:23:50","date_gmt":"2025-08-27T18:23:50","guid":{"rendered":"https:\/\/roveyayinevi.com.tr\/index.php\/urun\/toplumsal-bellekte-koy-enstituleri-deneyimi\/"},"modified":"2026-04-16T02:38:57","modified_gmt":"2026-04-15T23:38:57","slug":"toplumsal-bellekte-koy-enstituleri-deneyimi","status":"publish","type":"product","link":"https:\/\/roveyayinevi.com.tr\/index.php\/urun\/toplumsal-bellekte-koy-enstituleri-deneyimi\/","title":{"rendered":"Toplumsal Bellekte K\u00f6y Enstit\u00fcleri Deneyimi"},"content":{"rendered":"<p>Say\u0131n Berkta\u015f, bu tez ara\u015ft\u0131rmas\u0131nda K\u00f6y Enstit\u00fcleri \u00f6\u011fretmenlerinin ve buralarda yeti\u015fen \u00f6\u011fretmenlerin an\u0131 kitaplar\u0131n\u0131 incelemi\u015f, baz\u0131lar\u0131yla y\u00fcz y\u00fcze g\u00f6r\u00fc\u015fm\u00fc\u015f, bunlar\u0131n \u00e7evrelerinde olu\u015fturduklar\u0131 olumlu etkileri ger\u00e7ek olaylarla anlatm\u0131\u015ft\u0131r. Tahsin Y\u00fccel  (\u00c7ifteler K\u00f6y Enstit\u00fcs\u00fc ve Hasano\u011flan Y\u00fcksek K\u00f6y Enstit\u00fcs\u00fc Mezunu)   T\u00fcrkiye&#8217;nin \u201cK\u00f6y Enstit\u00fcleri\u201d deneyiminin \u00e7ok yaz\u0131lmas\u0131, okunmas\u0131, konu\u015fulmas\u0131 gerekti\u011fini d\u00fc\u015f\u00fcn\u00fcyorum. B\u00f6ylesine e\u015fsiz bir deneyim m\u00fcmk\u00fcn oldu\u011fu kadar \u00e7ok ki\u015fi taraf\u0131ndan bilinmeli.  Kendisi de \u00f6\u011fretmen olan Kerim Koray Berkta\u015f\u2019\u0131n kitab\u0131 bu amaca hizmet eden \u00f6nemli bir eme\u011fin \u00fcr\u00fcn\u00fc. Mutlaka okunmal\u0131. Prof. Dr. Ester Biton Ruben  K\u00f6y Enstit\u00fcleri\u2019nin kamusal tart\u0131\u015fma ve sivil toplum i\u00e7in bir ilham kayna\u011f\u0131 olmaya devam etmeleri, T\u00fcrkiye toplumsal belle\u011finde koruduklar\u0131 canl\u0131l\u0131\u011f\u0131 ortaya koymaktad\u0131r. Gen\u00e7 bir Cumhuriyet\u2019in ihtiya\u00e7 duydu\u011fu toplumsal taban\u0131n in\u015fas\u0131nda \u00f6nc\u00fc bir rol oynayacak bireylerin yeti\u015ftirilmesine y\u00f6nelik bir giri\u015fim olarak K\u00f6y Enstit\u00fcleri, sosyal bilimlerin \u00e7e\u015fitli disiplinlerinden ara\u015ft\u0131rmac\u0131lar taraf\u0131ndan yeni bak\u0131\u015f a\u00e7\u0131lar\u0131yla ele al\u0131nmaya de\u011fer bir olgu te\u015fkil etmektedirler. K\u00f6y Enstit\u00fcleri\u2019nin siyas\u00ee, ideolojik veya k\u00fclt\u00fcrel \u00f6n kabullerin \u00f6tesinde \u00e7e\u015fitli boyutlar\u0131yla incelenmesi, ilgili tarih\u00ee ba\u011flam d\u00e2hilinde mahiyet ve i\u015flevlerinin do\u011fru anla\u015f\u0131lmas\u0131 kadar, g\u00fcn\u00fcm\u00fczde yurtta\u015fl\u0131k, e\u011fitim ve ekoloji alanlar\u0131ndaki giri\u015fimleri besleyebilecek bir fikir kayna\u011f\u0131 olarak de\u011ferlendirilebilmeleri a\u00e7\u0131s\u0131ndan da \u00f6nem arz etmektedir. Kerim Koray Berkta\u015f\u2019\u0131n \u00e7al\u0131\u015fmas\u0131n\u0131n bu \u00e7abaya katk\u0131 sa\u011flamas\u0131n\u0131 temenni ederim. Kerem Bilgin  1940\u2019l\u0131 y\u0131llar T\u00fcrkiye\u2019sinin ya\u015fad\u0131\u011f\u0131 k\u00fclt\u00fcrel d\u00f6n\u00fc\u015f\u00fcm\u00fcn en \u00f6nemli kurumlar\u0131 aras\u0131nda yer alan \u201cK\u00f6y Enstit\u00fcleri\u201d \u00fczerine yaz\u0131lan bu eseri farkl\u0131 k\u0131lan husus, belgesel a\u011f\u0131rl\u0131kl\u0131 kaynaklardan beslenen monografilerle k\u0131yasland\u0131\u011f\u0131nda daha canl\u0131 bir anlat\u0131m\u0131n tercih edilmesidir. K\u00f6y Enstit\u00fcleri deneyimine tan\u0131kl\u0131k etmi\u015f \u015fah\u0131slar\u0131n ya\u015fanm\u0131\u015fl\u0131klar\u0131 ve anlat\u0131mlar\u0131ndan yola \u00e7\u0131k\u0131larak haz\u0131rlanan bu eser, K\u00f6y Enstit\u00fcleri literat\u00fcr\u00fcne sa\u011flayaca\u011f\u0131 katk\u0131n\u0131n yan\u0131nda, 1940\u2019l\u0131 y\u0131llar\u0131n sosyo-k\u00fclt\u00fcrel d\u00fcnyas\u0131na da yeni bir pencere a\u00e7maktad\u0131r. Do\u00e7. Dr. Resul Babao\u011flu <\/p>\n","protected":false},"excerpt":{"rendered":"<p>Say\u0131n Berkta\u015f, bu tez ara\u015ft\u0131rmas\u0131nda K\u00f6y Enstit\u00fcleri \u00f6\u011fretmenlerinin ve buralarda yeti\u015fen \u00f6\u011fretmenlerin an\u0131 kitaplar\u0131n\u0131 incelemi\u015f, baz\u0131lar\u0131yla y\u00fcz y\u00fcze g\u00f6r\u00fc\u015fm\u00fc\u015f, bunlar\u0131n \u00e7evrelerinde olu\u015fturduklar\u0131 olumlu etkileri ger\u00e7ek olaylarla<span class=\"excerpt-hellip\"> [\u2026]<\/span><\/p>\n","protected":false},"featured_media":0,"template":"","meta":{"_monsterinsights_skip_tracking":false,"_monsterinsights_sitenote_active":false,"_monsterinsights_sitenote_note":"","_monsterinsights_sitenote_category":0},"product_brand":[],"product_cat":[13772,12364],"product_tag":[],"class_list":{"0":"post-730997","1":"product","2":"type-product","3":"status-publish","5":"product_cat-basvuru-kitaplari","6":"product_cat-genel-konular","7":"pa_cilt-ciltsiz","8":"pa_tur-kitap","9":"pa_yayinevi-muptela-yayinevi","10":"pa_yazar-kerim-koray-berktas","12":"first","13":"instock","14":"sale","15":"shipping-taxable","16":"purchasable","17":"product-type-simple"},"_links":{"self":[{"href":"https:\/\/roveyayinevi.com.tr\/index.php\/wp-json\/wp\/v2\/product\/730997","targetHints":{"allow":["GET"]}}],"collection":[{"href":"https:\/\/roveyayinevi.com.tr\/index.php\/wp-json\/wp\/v2\/product"}],"about":[{"href":"https:\/\/roveyayinevi.com.tr\/index.php\/wp-json\/wp\/v2\/types\/product"}],"wp:attachment":[{"href":"https:\/\/roveyayinevi.com.tr\/index.php\/wp-json\/wp\/v2\/media?parent=730997"}],"wp:term":[{"taxonomy":"product_brand","embeddable":true,"href":"https:\/\/roveyayinevi.com.tr\/index.php\/wp-json\/wp\/v2\/product_brand?post=730997"},{"taxonomy":"product_cat","embeddable":true,"href":"https:\/\/roveyayinevi.com.tr\/index.php\/wp-json\/wp\/v2\/product_cat?post=730997"},{"taxonomy":"product_tag","embeddable":true,"href":"https:\/\/roveyayinevi.com.tr\/index.php\/wp-json\/wp\/v2\/product_tag?post=730997"}],"curies":[{"name":"wp","href":"https:\/\/api.w.org\/{rel}","templated":true}]}}

Toplumsal Bellekte Köy Enstitüleri Deneyimi

<p>Sayın Berktaş, bu tez araştırmasında Köy Enstitüleri öğretmenlerinin ve buralarda yetişen öğretmenlerin anı kitaplarını incelemiş, bazılarıyla yüz yüze görüşmüş, bunların çevrelerinde oluşturdukları olumlu etkileri gerçek olaylarla anlatmıştır. Tahsin Yücel  (Çifteler Köy Enstitüsü ve Hasanoğlan Yüksek Köy Enstitüsü Mezunu)   Türkiye&#8217;nin “Köy Enstitüleri” deneyiminin çok yazılması, okunması, konuşulması gerektiğini düşünüyorum. Böylesine eşsiz bir deneyim mümkün olduğu kadar çok kişi tarafından bilinmeli.  Kendisi de öğretmen olan Kerim Koray Berktaş’ın kitabı bu amaca hizmet eden önemli bir emeğin ürünü. Mutlaka okunmalı. Prof. Dr. Ester Biton Ruben  Köy Enstitüleri’nin kamusal tartışma ve sivil toplum için bir ilham kaynağı olmaya devam etmeleri, Türkiye toplumsal belleğinde korudukları canlılığı ortaya koymaktadır. Genç bir Cumhuriyet’in ihtiyaç duyduğu toplumsal tabanın inşasında öncü bir rol oynayacak bireylerin yetiştirilmesine yönelik bir girişim olarak Köy Enstitüleri, sosyal bilimlerin çeşitli disiplinlerinden araştırmacılar tarafından yeni bakış açılarıyla ele alınmaya değer bir olgu teşkil etmektedirler. Köy Enstitüleri’nin siyasî, ideolojik veya kültürel ön kabullerin ötesinde çeşitli boyutlarıyla incelenmesi, ilgili tarihî bağlam dâhilinde mahiyet ve işlevlerinin doğru anlaşılması kadar, günümüzde yurttaşlık, eğitim ve ekoloji alanlarındaki girişimleri besleyebilecek bir fikir kaynağı olarak değerlendirilebilmeleri açısından da önem arz etmektedir. Kerim Koray Berktaş’ın çalışmasının bu çabaya katkı sağlamasını temenni ederim. Kerem Bilgin  1940’lı yıllar Türkiye’sinin yaşadığı kültürel dönüşümün en önemli kurumları arasında yer alan “Köy Enstitüleri” üzerine yazılan bu eseri farklı kılan husus, belgesel ağırlıklı kaynaklardan beslenen monografilerle kıyaslandığında daha canlı bir anlatımın tercih edilmesidir. Köy Enstitüleri deneyimine tanıklık etmiş şahısların yaşanmışlıkları ve anlatımlarından yola çıkılarak hazırlanan bu eser, Köy Enstitüleri literatürüne sağlayacağı katkının yanında, 1940’lı yılların sosyo-kültürel dünyasına da yeni bir pencere açmaktadır. Doç. Dr. Resul Babaoğlu </p>

<p>Sayın Berktaş, bu tez araştırmasında Köy Enstitüleri öğretmenlerinin ve buralarda yetişen öğretmenlerin anı kitaplarını incelemiş, bazılarıyla yüz yüze görüşmüş, bunların çevrelerinde oluşturdukları olumlu etkileri gerçek olaylarla<span class="excerpt-hellip"> […]</span></p>
