{"id":730996,"date":"2025-08-27T21:23:50","date_gmt":"2025-08-27T18:23:50","guid":{"rendered":"https:\/\/roveyayinevi.com.tr\/index.php\/urun\/funny-mat-mini-set-bugun-cok-isim-var-cok\/"},"modified":"2026-04-16T02:38:57","modified_gmt":"2026-04-15T23:38:57","slug":"funny-mat-mini-set-bugun-cok-isim-var-cok","status":"publish","type":"product","link":"https:\/\/roveyayinevi.com.tr\/index.php\/urun\/funny-mat-mini-set-bugun-cok-isim-var-cok\/","title":{"rendered":"Funny Mat Mini Set &#8211; Bug\u00fcn \u00c7ok \u0130\u015fim Var \u00c7ok!"},"content":{"rendered":"<p>Funny Mat Mini Set: \u201cBug\u00fcn \u00c7ok \u0130\u015fim Var \u00c7ok!\u201d Set, \u00e7ocuklar\u0131n g\u00fcnl\u00fck rutinlerini e\u011flenceli bir aktiviteye d\u00f6n\u00fc\u015ft\u00fcr\u00fcyor.\u00c7ocuklar, evde ge\u00e7irilen vaktin ve \u00e7o\u011fu zaman s\u0131k\u0131c\u0131 olan rutinlerin nas\u0131l bir oyuna d\u00f6n\u00fc\u015ft\u00fc\u011f\u00fcne \u00e7ok \u015fa\u015f\u0131racaklar. Her g\u00fcn yeniden kurulabilecek bir oyun, hem de her g\u00fcn! \u201cBug\u00fcn ne yesem? Bug\u00fcn ne giysem? Bug\u00fcn ne oynasam?\u201d gibi sorulara cevap arayacak, \u00e7izecek, boyayacak, y\u0131kay\u0131p tekrar tekrar bu oyunu oynayacaklar.Funny Mat Mini Set, \u00e7ocuklar\u0131n bili\u015fsel, sosyal ve sanatsal becerilerinin geli\u015fimine katk\u0131 sa\u011flar. Yarat\u0131c\u0131 d\u00fc\u015f\u00fcnme g\u00fcc\u00fcne destek olurAyr\u0131ca ince motor geli\u015fimlerini h\u0131zland\u0131r\u0131r. E\u011flenceli, e\u011fitici ve sanatsal \u00f6geler i\u00e7erirSet i\u00e7erisinde 6 farkl\u0131 y\u0131kanabilir sayfa yer al\u0131r. \u0130lk sayfa yarat\u0131c\u0131 etkinlikler i\u00e7in bo\u015f olarak haz\u0131rlanm\u0131\u015ft\u0131r. \u00c7ocuk bu sayfay\u0131 istedi\u011fi gibi yazar, \u00e7izer ve boyar. Di\u011fer 5 sayfa ise aktivite ile uyumlu \u00e7izimlerden olu\u015fur. \u00c7ocuk d\u00fc\u015f\u00fcn\u00fcr, eklemeler yapar, boyar, yazar, \u00e7izer. Funny Mat Mini Set su bazl\u0131 ke\u00e7eli kalemle kullan\u0131l\u0131r ve suyla kolayca y\u0131kan\u0131r ya da \u0131slak mendille silinir.\u0130stenirse yumu\u015fak kuru boya kalemleriyle de kullan\u0131labilir ve silgiyle silinebilir. B\u00f6ylece defalarca kullanmak m\u00fcmk\u00fcn olur. Evde, okulda, tatilde, seyahatlerde rahat\u00e7a kullanabilecek boyutlarda haz\u0131rlanm\u0131\u015ft\u0131r. Yarat\u0131c\u0131, e\u011fitici ve e\u011flencelidir<\/p>\n","protected":false},"excerpt":{"rendered":"<p>Funny Mat Mini Set: \u201cBug\u00fcn \u00c7ok \u0130\u015fim Var \u00c7ok!\u201d Set, \u00e7ocuklar\u0131n g\u00fcnl\u00fck rutinlerini e\u011flenceli bir aktiviteye d\u00f6n\u00fc\u015ft\u00fcr\u00fcyor.\u00c7ocuklar, evde ge\u00e7irilen vaktin ve \u00e7o\u011fu zaman s\u0131k\u0131c\u0131 olan rutinlerin<span class=\"excerpt-hellip\"> [\u2026]<\/span><\/p>\n","protected":false},"featured_media":0,"template":"","meta":{"_monsterinsights_skip_tracking":false,"_monsterinsights_sitenote_active":false,"_monsterinsights_sitenote_note":"","_monsterinsights_sitenote_category":0},"product_brand":[],"product_cat":[12913,12274],"product_tag":[],"class_list":{"0":"post-730996","1":"product","2":"type-product","3":"status-publish","5":"product_cat-3-6-yas-kitaplari","6":"product_cat-cocuk-ve-genclik-kitaplari","7":"pa_cilt-ciltsiz","8":"pa_tur-kitap20","9":"pa_yayinevi-akademi-cocuk-funny-mat","10":"pa_yazar-akademi-cocuk-kolektif","12":"first","13":"instock","14":"sale","15":"shipping-taxable","16":"purchasable","17":"product-type-simple"},"_links":{"self":[{"href":"https:\/\/roveyayinevi.com.tr\/index.php\/wp-json\/wp\/v2\/product\/730996","targetHints":{"allow":["GET"]}}],"collection":[{"href":"https:\/\/roveyayinevi.com.tr\/index.php\/wp-json\/wp\/v2\/product"}],"about":[{"href":"https:\/\/roveyayinevi.com.tr\/index.php\/wp-json\/wp\/v2\/types\/product"}],"wp:attachment":[{"href":"https:\/\/roveyayinevi.com.tr\/index.php\/wp-json\/wp\/v2\/media?parent=730996"}],"wp:term":[{"taxonomy":"product_brand","embeddable":true,"href":"https:\/\/roveyayinevi.com.tr\/index.php\/wp-json\/wp\/v2\/product_brand?post=730996"},{"taxonomy":"product_cat","embeddable":true,"href":"https:\/\/roveyayinevi.com.tr\/index.php\/wp-json\/wp\/v2\/product_cat?post=730996"},{"taxonomy":"product_tag","embeddable":true,"href":"https:\/\/roveyayinevi.com.tr\/index.php\/wp-json\/wp\/v2\/product_tag?post=730996"}],"curies":[{"name":"wp","href":"https:\/\/api.w.org\/{rel}","templated":true}]}}