{"id":730995,"date":"2025-08-27T21:23:49","date_gmt":"2025-08-27T18:23:49","guid":{"rendered":"https:\/\/roveyayinevi.com.tr\/index.php\/urun\/yildiz-tozu-3\/"},"modified":"2026-04-16T02:38:57","modified_gmt":"2026-04-15T23:38:57","slug":"yildiz-tozu-3","status":"publish","type":"product","link":"https:\/\/roveyayinevi.com.tr\/index.php\/urun\/yildiz-tozu-3\/","title":{"rendered":"Y\u0131ld\u0131z Tozu"},"content":{"rendered":"<p>Viktoryen \u00e7a\u011f\u0131n \u015fafa\u011f\u0131nda, mahmur \u0130ngiliz k\u0131rsal\u0131nda Duvar K\u00f6y\u00fc uzan\u0131r; ismiyle m\u00fcsemma bu k\u00f6y\u00fcn etraf\u0131n\u0131 verimli \u00e7imenler \u00fczerinde y\u00fckselen ta\u015f duvarlar \u00e7evreler. Duvar\u2019daki s\u00fck\u00fbnet dolu ya\u015fant\u0131 her dokuz y\u0131lda bir, yaln\u0131zca bir kereli\u011fine bozulur ve fanilerle periler benzersiz bir panay\u0131r i\u00e7in bir araya gelir.   Duvar\u2019daki bu panay\u0131rda gen\u00e7 Tristran Thorn kalbini k\u00f6y\u00fcn g\u00fczeline kapt\u0131r\u0131verir; ama bu g\u00fczel, hem Tristran\u2019\u0131n hem de kendisinin serin bir ekim ay\u0131 ak\u015fam\u0131nda kayarken g\u00f6rd\u00fckleri y\u0131ld\u0131z kadar so\u011fuk ve mesafelidir. Sevgisine kar\u015f\u0131l\u0131k bulmak i\u00e7in Tristran hi\u00e7 d\u00fc\u015f\u00fcnmeden o kayan y\u0131ld\u0131z\u0131 yakalayaca\u011f\u0131na yemin eder ve onu kadim duvar\u0131n \u00f6tesindeki, akl\u0131n\u0131n hayalinin almayaca\u011f\u0131 bir d\u00fcnyaya g\u00f6t\u00fcrecek yolculu\u011funa ba\u015flar.   A\u015fk, b\u00fcy\u00fc ve macera dolu bu muhte\u015fem hik\u00e2yede SANDMAN\u2019in \u00f6d\u00fcll\u00fc say\u0131lar\u0131 \u201cBir Yaz Gecesi R\u00fcyas\u0131\u201d ile \u201cF\u0131rt\u0131na\u201d i\u00e7in bir araya gelen NEIL GAIMAN ve CHARLES VESS, yine duygu y\u00fckl\u00fc bir eser ortaya \u00e7\u0131kar\u0131yor. Bu yeni ve geni\u015fletilmi\u015f edisyonda daha \u00f6nce yay\u0131mlanmam\u0131\u015f metin taslaklar\u0131 ve \u00e7izimler de kendilerine yer buluyor.   \u201cHer bir \u00e2n\u0131 iyilikle dolup ta\u015fan bir romans. Pek \u00e7ok fantazi edebiyat\u0131 yazar\u0131 geleneksel \u00f6yk\u00fclere yeni bak\u0131\u015f a\u00e7\u0131lar\u0131 getirse de hi\u00e7biri Gaiman kadar zeki, samimi ve enerjik de\u011fil.\u201d \u2013Kirkus   \u201cYILDIZ TOZU ne \u00e7ok k\u0131r\u0131lgan ne de \u00e7ok bilmi\u015f, Gaiman hik\u00e2yeyi zorlamadan mizah ile romans\u0131 ba\u015far\u0131yla harmanl\u0131yor. Vess\u2019in detayl\u0131 resimleri de Periler \u00dclkesi\u2019nin g\u00fczelli\u011fini, deh\u015fetini ve tuhafl\u0131\u011f\u0131n\u0131 kusursuzca yans\u0131t\u0131yor.\u201d \u2013San Francisco Chronicle   \u201cPop\u00fcler fantastik edebiyatta birden fazla duyguyu yans\u0131tmak kolay de\u011fil ama Gaiman bu konuda usta. YILDIZ TOZU\u2019yla hem dur durak bilmeyen benzersiz bir hik\u00e2ye hem de g\u00fcndelik hayat\u0131n s\u0131n\u0131rlar\u0131n\u0131 a\u015fan bir macera vadediyor.\u201d \u2013Locus   \u201cHik\u00e2ye ba\u015fl\u0131 ba\u015f\u0131na muazzam ancak hemen her sayfada can bulan \u00e7izimler (toplam 175 renkli \u00e7izim) bu kitab\u0131 ger\u00e7ek bir hazineye d\u00f6n\u00fc\u015ft\u00fcr\u00fcyor.\u201d \u2013SF Site <\/p>\n","protected":false},"excerpt":{"rendered":"<p>Viktoryen \u00e7a\u011f\u0131n \u015fafa\u011f\u0131nda, mahmur \u0130ngiliz k\u0131rsal\u0131nda Duvar K\u00f6y\u00fc uzan\u0131r; ismiyle m\u00fcsemma bu k\u00f6y\u00fcn etraf\u0131n\u0131 verimli \u00e7imenler \u00fczerinde y\u00fckselen ta\u015f duvarlar \u00e7evreler. Duvar\u2019daki s\u00fck\u00fbnet dolu ya\u015fant\u0131 her<span class=\"excerpt-hellip\"> [\u2026]<\/span><\/p>\n","protected":false},"featured_media":0,"template":"","meta":{"_monsterinsights_skip_tracking":false,"_monsterinsights_sitenote_active":false,"_monsterinsights_sitenote_note":"","_monsterinsights_sitenote_category":0},"product_brand":[],"product_cat":[12689,12274],"product_tag":[],"class_list":{"0":"post-730995","1":"product","2":"type-product","3":"status-publish","5":"product_cat-cizgi-roman-cocuk-ve-genclik-kitaplari","6":"product_cat-cocuk-ve-genclik-kitaplari","7":"pa_cilt-ciltsiz","8":"pa_tur-kitap","9":"pa_yayinevi-ithaki-yayinlari","10":"pa_yazar-neil-gaiman","12":"first","13":"instock","14":"sale","15":"shipping-taxable","16":"purchasable","17":"product-type-simple"},"_links":{"self":[{"href":"https:\/\/roveyayinevi.com.tr\/index.php\/wp-json\/wp\/v2\/product\/730995","targetHints":{"allow":["GET"]}}],"collection":[{"href":"https:\/\/roveyayinevi.com.tr\/index.php\/wp-json\/wp\/v2\/product"}],"about":[{"href":"https:\/\/roveyayinevi.com.tr\/index.php\/wp-json\/wp\/v2\/types\/product"}],"wp:attachment":[{"href":"https:\/\/roveyayinevi.com.tr\/index.php\/wp-json\/wp\/v2\/media?parent=730995"}],"wp:term":[{"taxonomy":"product_brand","embeddable":true,"href":"https:\/\/roveyayinevi.com.tr\/index.php\/wp-json\/wp\/v2\/product_brand?post=730995"},{"taxonomy":"product_cat","embeddable":true,"href":"https:\/\/roveyayinevi.com.tr\/index.php\/wp-json\/wp\/v2\/product_cat?post=730995"},{"taxonomy":"product_tag","embeddable":true,"href":"https:\/\/roveyayinevi.com.tr\/index.php\/wp-json\/wp\/v2\/product_tag?post=730995"}],"curies":[{"name":"wp","href":"https:\/\/api.w.org\/{rel}","templated":true}]}}