{"id":730990,"date":"2025-08-27T21:23:44","date_gmt":"2025-08-27T18:23:44","guid":{"rendered":"https:\/\/roveyayinevi.com.tr\/index.php\/urun\/toplumsal-geriliklerimizin-sorumlulari-din-adamlari\/"},"modified":"2026-04-16T02:38:57","modified_gmt":"2026-04-15T23:38:57","slug":"toplumsal-geriliklerimizin-sorumlulari-din-adamlari","status":"publish","type":"product","link":"https:\/\/roveyayinevi.com.tr\/index.php\/urun\/toplumsal-geriliklerimizin-sorumlulari-din-adamlari\/","title":{"rendered":"Toplumsal Geriliklerimizin Sorumlular\u0131 Din Adamlar\u0131"},"content":{"rendered":"<p>Prof. Dr. \u0130lhan Arsel bu kitab\u0131nda, din adam\u0131n\u0131n toplumsal geli\u015fme i\u00e7indeki rol\u00fcn\u00fc ara\u015ft\u0131r\u0131yor. \u0130slamda &#8220;din adamlar\u0131 s\u0131n\u0131f\u0131&#8221; (ruhbanl\u0131k) var m\u0131d\u0131r? \u0130slamc\u0131lar bu konuda ne der? &#8220;Ak\u0131l&#8221; ve &#8220;\u0130man&#8221; aras\u0131nda y\u00fczy\u0131llard\u0131r s\u00fcren m\u00fccadelede din adam\u0131n\u0131n i\u015flevi nedir? \u015eeriat\u0131n i\u00e7y\u00fcz\u00fc ve din adam\u0131n\u0131n saltanat\u0131&#8230; Din adam\u0131n\u0131n toplumumuza belletti\u011fi &#8220;din&#8221; anlay\u0131\u015f\u0131&#8230; Din adam\u0131na teslimiyet&#8230;Kan d\u00f6kmenin &#8220;fazilet&#8221;i&#8230; \u0130nsan\u0131 ak\u0131lc\u0131l\u0131ktan ve d\u00fc\u015f\u00fcnme g\u00fcc\u00fcnden yoksun k\u0131l\u0131c\u0131 \u015feriat d\u00fczeninin s\u00fcrd\u00fcr\u00fcc\u00fcs\u00fc olarak din adam\u0131&#8230; Ki\u015fiyi d\u00fc\u015f\u00fcnme yetene\u011finden yoksun k\u0131lma sanat\u0131 ve din adam\u0131&#8230; \u015eeytanlar, cinler, periler ve melekler \u00e2leminin &#8220;bilgileriyle&#8221; e\u011fitilen \u00e7ocuklar&#8230; &#8220;M\u00fctevekkil&#8221;, kendine g\u00fcvensiz ve benli\u011fine yabanc\u0131 insan\u0131n yarat\u0131lmas\u0131nda \u015feriat ve din adam\u0131n\u0131n rol\u00fc&#8230; Resim, heykel, m\u00fczik, \u015fiir vb. konulardaki yasaklarla fikren ve ruhen geli\u015femez yap\u0131lan insan&#8230; Din adamlar\u0131n\u0131n \u00e7at\u0131\u015fmalar\u0131 ve insan akl\u0131&#8230; \u015eeriat\u0131n \u00e7eli\u015fmeli ve tutars\u0131z h\u00fck\u00fcmleriyle kirletilen zek\u00e2lar ve din adamlar\u0131&#8230; Ak\u0131lc\u0131 ahlak-\u015feriat ahlak\u0131 \u00e7at\u0131\u015fmas\u0131 ve din adam\u0131&#8230; Kad\u0131n\u0131 a\u015fa\u011f\u0131layan h\u00fck\u00fcmler ve din adam\u0131&#8230; Din adam\u0131n\u0131n belletti\u011fi &#8220;Tanr\u0131&#8221; anlay\u0131\u015f\u0131 ve insan \u00fczerindeki etkileri&#8230; &#8220;G\u00fc\u00e7l\u00fc&#8221; olan\u0131n deste\u00e7isi ve koruyucusu olarak din adam\u0131&#8230; Atat\u00fcrk&#8217;\u00fcn bin bir g\u00fc\u00e7l\u00fckle din adam\u0131ndan kurtard\u0131\u011f\u0131 toplumu, yeniden din adam\u0131n\u0131n pen\u00e7esine terk eden zihniyet&#8230;<\/p>\n","protected":false},"excerpt":{"rendered":"<p>Prof. Dr. \u0130lhan Arsel bu kitab\u0131nda, din adam\u0131n\u0131n toplumsal geli\u015fme i\u00e7indeki rol\u00fcn\u00fc ara\u015ft\u0131r\u0131yor. \u0130slamda &#8220;din adamlar\u0131 s\u0131n\u0131f\u0131&#8221; (ruhbanl\u0131k) var m\u0131d\u0131r? \u0130slamc\u0131lar bu konuda ne der? &#8220;Ak\u0131l&#8221;<span class=\"excerpt-hellip\"> [\u2026]<\/span><\/p>\n","protected":false},"featured_media":0,"template":"","meta":{"_monsterinsights_skip_tracking":false,"_monsterinsights_sitenote_active":false,"_monsterinsights_sitenote_note":"","_monsterinsights_sitenote_category":0},"product_brand":[],"product_cat":[13059,12337],"product_tag":[],"class_list":{"0":"post-730990","1":"product","2":"type-product","3":"status-publish","5":"product_cat-diger-politika-siyaset","6":"product_cat-politika-siyaset","7":"pa_cilt-ciltsiz","8":"pa_tur-kitap","9":"pa_yayinevi-kaynak-yayinlari","10":"pa_yazar-ilhan-arsel","12":"first","13":"instock","14":"sale","15":"shipping-taxable","16":"purchasable","17":"product-type-simple"},"_links":{"self":[{"href":"https:\/\/roveyayinevi.com.tr\/index.php\/wp-json\/wp\/v2\/product\/730990","targetHints":{"allow":["GET"]}}],"collection":[{"href":"https:\/\/roveyayinevi.com.tr\/index.php\/wp-json\/wp\/v2\/product"}],"about":[{"href":"https:\/\/roveyayinevi.com.tr\/index.php\/wp-json\/wp\/v2\/types\/product"}],"wp:attachment":[{"href":"https:\/\/roveyayinevi.com.tr\/index.php\/wp-json\/wp\/v2\/media?parent=730990"}],"wp:term":[{"taxonomy":"product_brand","embeddable":true,"href":"https:\/\/roveyayinevi.com.tr\/index.php\/wp-json\/wp\/v2\/product_brand?post=730990"},{"taxonomy":"product_cat","embeddable":true,"href":"https:\/\/roveyayinevi.com.tr\/index.php\/wp-json\/wp\/v2\/product_cat?post=730990"},{"taxonomy":"product_tag","embeddable":true,"href":"https:\/\/roveyayinevi.com.tr\/index.php\/wp-json\/wp\/v2\/product_tag?post=730990"}],"curies":[{"name":"wp","href":"https:\/\/api.w.org\/{rel}","templated":true}]}}

Toplumsal Geriliklerimizin Sorumluları Din Adamları

<p>Prof. Dr. İlhan Arsel bu kitabında, din adamının toplumsal gelişme içindeki rolünü araştırıyor. İslamda &#8220;din adamları sınıfı&#8221; (ruhbanlık) var mıdır? İslamcılar bu konuda ne der? &#8220;Akıl&#8221; ve &#8220;İman&#8221; arasında yüzyıllardır süren mücadelede din adamının işlevi nedir? Şeriatın içyüzü ve din adamının saltanatı&#8230; Din adamının toplumumuza bellettiği &#8220;din&#8221; anlayışı&#8230; Din adamına teslimiyet&#8230;Kan dökmenin &#8220;fazilet&#8221;i&#8230; İnsanı akılcılıktan ve düşünme gücünden yoksun kılıcı şeriat düzeninin sürdürücüsü olarak din adamı&#8230; Kişiyi düşünme yeteneğinden yoksun kılma sanatı ve din adamı&#8230; Şeytanlar, cinler, periler ve melekler âleminin &#8220;bilgileriyle&#8221; eğitilen çocuklar&#8230; &#8220;Mütevekkil&#8221;, kendine güvensiz ve benliğine yabancı insanın yaratılmasında şeriat ve din adamının rolü&#8230; Resim, heykel, müzik, şiir vb. konulardaki yasaklarla fikren ve ruhen gelişemez yapılan insan&#8230; Din adamlarının çatışmaları ve insan aklı&#8230; Şeriatın çelişmeli ve tutarsız hükümleriyle kirletilen zekâlar ve din adamları&#8230; Akılcı ahlak-şeriat ahlakı çatışması ve din adamı&#8230; Kadını aşağılayan hükümler ve din adamı&#8230; Din adamının bellettiği &#8220;Tanrı&#8221; anlayışı ve insan üzerindeki etkileri&#8230; &#8220;Güçlü&#8221; olanın desteçisi ve koruyucusu olarak din adamı&#8230; Atatürk&#8217;ün bin bir güçlükle din adamından kurtardığı toplumu, yeniden din adamının pençesine terk eden zihniyet&#8230;</p>

<p>Prof. Dr. İlhan Arsel bu kitabında, din adamının toplumsal gelişme içindeki rolünü araştırıyor. İslamda &#8220;din adamları sınıfı&#8221; (ruhbanlık) var mıdır? İslamcılar bu konuda ne der? &#8220;Akıl&#8221;<span class="excerpt-hellip"> […]</span></p>
