{"id":730985,"date":"2025-08-27T21:23:39","date_gmt":"2025-08-27T18:23:39","guid":{"rendered":"https:\/\/roveyayinevi.com.tr\/index.php\/urun\/karsambac\/"},"modified":"2026-04-16T02:38:57","modified_gmt":"2026-04-15T23:38:57","slug":"karsambac","status":"publish","type":"product","link":"https:\/\/roveyayinevi.com.tr\/index.php\/urun\/karsambac\/","title":{"rendered":"Karsamba\u00e7"},"content":{"rendered":"<p>D\u00fc\u011f\u00fcnlerde damat t\u0131ra\u015f\u0131n\u0131 yapt\u0131ktan sonra aln\u0131na koydu\u011fu rak\u0131 barda\u011f\u0131ndan damla d\u00f6kmeden \u00c7ukurova \u00e7iftetellisi oynayan Berber Kemal; kar\u0131s\u0131 elli y\u0131l sonra yataklar\u0131n\u0131 ay\u0131r\u0131nca hayat\u0131n anlam\u0131n\u0131 \u00f6l\u00fcmden kurtard\u0131\u011f\u0131 yenik d\u00f6v\u00fc\u015f horozunda bulan Tahir Bey; g\u00fcvercin krali\u00e7esi D\u00fcztaban Z\u00f6hre&#8217;ye yan\u0131k S\u00fcsl\u00fc Yakup; vitesi att\u0131 m\u0131 durdurulmas\u0131 zaman alan, genelev soka\u011f\u0131n\u0131n k\u0131demli Abla&#8217;s\u0131 Kocavezirli Y\u0131rt\u0131k Sabahat.Orhan Kemal \u00d6yk\u00fc \u00d6d\u00fcll\u00fc yazar Zafer Doruk yeni kitab\u0131 Karsamba\u00e7&#8217;ta bizi pe\u015fine tak\u0131p Adana&#8217;n\u0131n arka sokaklar\u0131nda gezdiriyor. K\u00e2h damda g\u00fcvercinlerin ortas\u0131na kurulmu\u015f bir \u00e2lem sofras\u0131na oturuyoruz, k\u00e2h yoksullu\u011fun kol gezdi\u011fi kanal boyunda bir gece vakti kurba\u011fa sesleriyle \u00e7ocuk, sonra evden ka\u00e7\u0131p duvar\u0131n \u00fczerinde sinema ku\u015fu oluyoruz. Adana&#8217;n\u0131n reng\u00e2renk, h\u00fcz\u00fcnl\u00fc karnaval\u0131na ho\u015fgeldiniz!<\/p>\n","protected":false},"excerpt":{"rendered":"<p>D\u00fc\u011f\u00fcnlerde damat t\u0131ra\u015f\u0131n\u0131 yapt\u0131ktan sonra aln\u0131na koydu\u011fu rak\u0131 barda\u011f\u0131ndan damla d\u00f6kmeden \u00c7ukurova \u00e7iftetellisi oynayan Berber Kemal; kar\u0131s\u0131 elli y\u0131l sonra yataklar\u0131n\u0131 ay\u0131r\u0131nca hayat\u0131n anlam\u0131n\u0131 \u00f6l\u00fcmden kurtard\u0131\u011f\u0131<span class=\"excerpt-hellip\"> [\u2026]<\/span><\/p>\n","protected":false},"featured_media":0,"template":"","meta":{"_monsterinsights_skip_tracking":false,"_monsterinsights_sitenote_active":false,"_monsterinsights_sitenote_note":"","_monsterinsights_sitenote_category":0},"product_brand":[],"product_cat":[12291,12711],"product_tag":[],"class_list":{"0":"post-730985","1":"product","2":"type-product","3":"status-publish","5":"product_cat-edebiyat","6":"product_cat-roman-oyku","7":"pa_cilt-ciltsiz","8":"pa_tur-kitap","9":"pa_yayinevi-sel-yayincilik","10":"pa_yazar-zafer-doruk","12":"first","13":"instock","14":"sale","15":"shipping-taxable","16":"purchasable","17":"product-type-simple"},"_links":{"self":[{"href":"https:\/\/roveyayinevi.com.tr\/index.php\/wp-json\/wp\/v2\/product\/730985","targetHints":{"allow":["GET"]}}],"collection":[{"href":"https:\/\/roveyayinevi.com.tr\/index.php\/wp-json\/wp\/v2\/product"}],"about":[{"href":"https:\/\/roveyayinevi.com.tr\/index.php\/wp-json\/wp\/v2\/types\/product"}],"wp:attachment":[{"href":"https:\/\/roveyayinevi.com.tr\/index.php\/wp-json\/wp\/v2\/media?parent=730985"}],"wp:term":[{"taxonomy":"product_brand","embeddable":true,"href":"https:\/\/roveyayinevi.com.tr\/index.php\/wp-json\/wp\/v2\/product_brand?post=730985"},{"taxonomy":"product_cat","embeddable":true,"href":"https:\/\/roveyayinevi.com.tr\/index.php\/wp-json\/wp\/v2\/product_cat?post=730985"},{"taxonomy":"product_tag","embeddable":true,"href":"https:\/\/roveyayinevi.com.tr\/index.php\/wp-json\/wp\/v2\/product_tag?post=730985"}],"curies":[{"name":"wp","href":"https:\/\/api.w.org\/{rel}","templated":true}]}}