{"id":730980,"date":"2025-08-27T21:23:34","date_gmt":"2025-08-27T18:23:34","guid":{"rendered":"https:\/\/roveyayinevi.com.tr\/index.php\/urun\/gunumuzde-devrim\/"},"modified":"2026-04-16T02:38:57","modified_gmt":"2026-04-15T23:38:57","slug":"gunumuzde-devrim","status":"publish","type":"product","link":"https:\/\/roveyayinevi.com.tr\/index.php\/urun\/gunumuzde-devrim\/","title":{"rendered":"G\u00fcn\u00fcm\u00fczde Devrim"},"content":{"rendered":"<p>G\u00fcn\u00fcm\u00fczde Devrim kitab\u0131nda Susan Buck-Morss t\u00fcm d\u00fcnyadaki insanlara siyasal sorumluluklar\u0131n\u0131 anlaman\u0131n, bilmenin, yerine getirmenin ve adland\u0131rman\u0131n g\u00fcncel bi\u00e7imlerini \u00f6neriyor. Bunu yaparken yeni ve g\u00fc\u00e7l\u00fc devrimci tahayy\u00fcller olu\u015fturmam\u0131za yarayan s\u0131rad\u0131\u015f\u0131 g\u00f6rseller kullan\u0131yor. Her zamanki gibi Susan, ge\u00e7mi\u015fi g\u00fcn\u00fcm\u00fczde ke\u015ffederken, ge\u00e7mi\u015fin t\u00fcm s\u0131n\u0131rl\u0131l\u0131klar\u0131ndan s\u0131yr\u0131lmay\u0131 beceriyor. \u0130\u00e7inde ya\u015fad\u0131\u011f\u0131m\u0131z zorlu zamanlarda okunacak \u00e7arp\u0131c\u0131 bir kaynak.    Zillah Eisenstein   Susan Buck-Morss anlam sistemlerinin s\u0131n\u0131rlar\u0131ndaki bo\u015fluklar\u0131 ara\u015ft\u0131r\u0131rken ayn\u0131 zamanda \u00f6zg\u00fcrl\u00fck, \u00f6zg\u00fcrle\u015fme ve insanl\u0131\u011fa dair g\u00f6r\u00fcn\u00fc\u015fte tutarl\u0131 modern anlat\u0131lar\u0131n \u00e7atlaklar\u0131n\u0131 ke\u015ffeden bir ara\u015ft\u0131rmac\u0131. Tekil disiplinlerin uzmanla\u015fm\u0131\u015f dillerini kullan\u0131rken onlar\u0131 g\u00f6zlemledi\u011fi g\u00f6rsel k\u00fclt\u00fcr \u00f6\u011feleri ile kar\u0131\u015ft\u0131r\u0131p \u00f6telerine ge\u00e7meyi beceriyor.    Political Critique <\/p>\n","protected":false},"excerpt":{"rendered":"<p>G\u00fcn\u00fcm\u00fczde Devrim kitab\u0131nda Susan Buck-Morss t\u00fcm d\u00fcnyadaki insanlara siyasal sorumluluklar\u0131n\u0131 anlaman\u0131n, bilmenin, yerine getirmenin ve adland\u0131rman\u0131n g\u00fcncel bi\u00e7imlerini \u00f6neriyor. Bunu yaparken yeni ve g\u00fc\u00e7l\u00fc devrimci tahayy\u00fcller<span class=\"excerpt-hellip\"> [\u2026]<\/span><\/p>\n","protected":false},"featured_media":0,"template":"","meta":{"_monsterinsights_skip_tracking":false,"_monsterinsights_sitenote_active":false,"_monsterinsights_sitenote_note":"","_monsterinsights_sitenote_category":0},"product_brand":[],"product_cat":[12337,14706],"product_tag":[],"class_list":{"0":"post-730980","1":"product","2":"type-product","3":"status-publish","5":"product_cat-politika-siyaset","6":"product_cat-siyaset-bilimi","7":"pa_cilt-ciltsiz","8":"pa_tur-kitap","9":"pa_yayinevi-nika-yayinevi","10":"pa_yazar-susan-buck-morss","12":"first","13":"instock","14":"sale","15":"shipping-taxable","16":"purchasable","17":"product-type-simple"},"_links":{"self":[{"href":"https:\/\/roveyayinevi.com.tr\/index.php\/wp-json\/wp\/v2\/product\/730980","targetHints":{"allow":["GET"]}}],"collection":[{"href":"https:\/\/roveyayinevi.com.tr\/index.php\/wp-json\/wp\/v2\/product"}],"about":[{"href":"https:\/\/roveyayinevi.com.tr\/index.php\/wp-json\/wp\/v2\/types\/product"}],"wp:attachment":[{"href":"https:\/\/roveyayinevi.com.tr\/index.php\/wp-json\/wp\/v2\/media?parent=730980"}],"wp:term":[{"taxonomy":"product_brand","embeddable":true,"href":"https:\/\/roveyayinevi.com.tr\/index.php\/wp-json\/wp\/v2\/product_brand?post=730980"},{"taxonomy":"product_cat","embeddable":true,"href":"https:\/\/roveyayinevi.com.tr\/index.php\/wp-json\/wp\/v2\/product_cat?post=730980"},{"taxonomy":"product_tag","embeddable":true,"href":"https:\/\/roveyayinevi.com.tr\/index.php\/wp-json\/wp\/v2\/product_tag?post=730980"}],"curies":[{"name":"wp","href":"https:\/\/api.w.org\/{rel}","templated":true}]}}