{"id":730977,"date":"2025-08-27T21:23:32","date_gmt":"2025-08-27T18:23:32","guid":{"rendered":"https:\/\/roveyayinevi.com.tr\/index.php\/urun\/insan-bilgisi\/"},"modified":"2026-04-16T02:38:57","modified_gmt":"2026-04-15T23:38:57","slug":"insan-bilgisi","status":"publish","type":"product","link":"https:\/\/roveyayinevi.com.tr\/index.php\/urun\/insan-bilgisi\/","title":{"rendered":"\u0130nsan Bilgisi"},"content":{"rendered":"<p>Bertrand Russell bu kitab\u0131nda insan\u0131n ne bildi\u011fini ve bildiklerini nas\u0131l bildi\u011fini sorgular. Bilgiyi, hayvanlar\u0131n beklentilerinden, insanlar\u0131n beklentilerine; insan\u0131n kendi deneyimine dayanarak bilgi u\u0308retmesinden, bilimin soyut ve nesnel bilgilerine giden kesintisiz bir su\u0308re\u00e7 ba\u011flam\u0131nda de\u011ferlendirir. D\u0131\u015f du\u0308nyaya dair bilgimizin kayna\u011f\u0131n\u0131 yine d\u0131\u015f du\u0308nyada bulur ve bu anlamda deneycidir ama bunun yan\u0131nda bilginin deneyimden \u00f6\u011frenmedi\u011fimiz baz\u0131 ilkeleri varsayd\u0131\u011f\u0131n\u0131 ileri su\u0308rer. Kitab\u0131n amac\u0131, bilimin bilgi u\u0308retme etkinli\u011fine temel sa\u011flamakt\u0131r. Yazar, bu temeli ararken, \u201cinand\u0131\u011f\u0131m\u0131z \u015feylere neden inan\u0131r\u0131z?\u201d, \u201cbilgi nas\u0131l \u2018bilgi\u2019 olur?\u201d gibi ilgin\u00e7 sorulara cevaplar verir. Russell insan bilgisi u\u0308zerine olan bu ara\u015ft\u0131rmay\u0131, her zamanki ne\u015feli, kinayeli ve sivri dilli u\u0308slubuyla kaleme alm\u0131\u015ft\u0131r.   \u201cAnsiklopedik boyutlarda bir eser \u2026 okumas\u0131 \u00e7ok keyifli.\u201d \u2014New York Times <\/p>\n","protected":false},"excerpt":{"rendered":"<p>Bertrand Russell bu kitab\u0131nda insan\u0131n ne bildi\u011fini ve bildiklerini nas\u0131l bildi\u011fini sorgular. Bilgiyi, hayvanlar\u0131n beklentilerinden, insanlar\u0131n beklentilerine; insan\u0131n kendi deneyimine dayanarak bilgi u\u0308retmesinden, bilimin soyut ve<span class=\"excerpt-hellip\"> [\u2026]<\/span><\/p>\n","protected":false},"featured_media":0,"template":"","meta":{"_monsterinsights_skip_tracking":false,"_monsterinsights_sitenote_active":false,"_monsterinsights_sitenote_note":"","_monsterinsights_sitenote_category":0},"product_brand":[],"product_cat":[12388,13555],"product_tag":[],"class_list":{"0":"post-730977","1":"product","2":"type-product","3":"status-publish","5":"product_cat-felsefe","6":"product_cat-genel-felsefe","7":"pa_cilt-ciltsiz","8":"pa_tur-kitap","9":"pa_yayinevi-say-yayinlari","10":"pa_yazar-bertrand-russell","12":"first","13":"instock","14":"sale","15":"shipping-taxable","16":"purchasable","17":"product-type-simple"},"_links":{"self":[{"href":"https:\/\/roveyayinevi.com.tr\/index.php\/wp-json\/wp\/v2\/product\/730977","targetHints":{"allow":["GET"]}}],"collection":[{"href":"https:\/\/roveyayinevi.com.tr\/index.php\/wp-json\/wp\/v2\/product"}],"about":[{"href":"https:\/\/roveyayinevi.com.tr\/index.php\/wp-json\/wp\/v2\/types\/product"}],"wp:attachment":[{"href":"https:\/\/roveyayinevi.com.tr\/index.php\/wp-json\/wp\/v2\/media?parent=730977"}],"wp:term":[{"taxonomy":"product_brand","embeddable":true,"href":"https:\/\/roveyayinevi.com.tr\/index.php\/wp-json\/wp\/v2\/product_brand?post=730977"},{"taxonomy":"product_cat","embeddable":true,"href":"https:\/\/roveyayinevi.com.tr\/index.php\/wp-json\/wp\/v2\/product_cat?post=730977"},{"taxonomy":"product_tag","embeddable":true,"href":"https:\/\/roveyayinevi.com.tr\/index.php\/wp-json\/wp\/v2\/product_tag?post=730977"}],"curies":[{"name":"wp","href":"https:\/\/api.w.org\/{rel}","templated":true}]}}