{"id":730974,"date":"2025-08-27T21:23:29","date_gmt":"2025-08-27T18:23:29","guid":{"rendered":"https:\/\/roveyayinevi.com.tr\/index.php\/urun\/hurrice-dilbilgisi\/"},"modified":"2026-04-16T02:38:57","modified_gmt":"2026-04-15T23:38:57","slug":"hurrice-dilbilgisi","status":"publish","type":"product","link":"https:\/\/roveyayinevi.com.tr\/index.php\/urun\/hurrice-dilbilgisi\/","title":{"rendered":"Hurrice Dilbilgisi"},"content":{"rendered":"<p>Hurriler, M.\u00d6. 3. bin y\u0131l\u0131n sonuna kadar Transkafkasya ve Anadolu\u2019nun do\u011fusunda, M.\u00d6. 3. bin y\u0131l\u0131n son \u00e7eyre\u011fi ile M.\u00d6. 13. y\u00fczy\u0131l aras\u0131nda ise Orta Anadolu ve Bereketli Hilal\u2019in kuzey b\u00f6lgesinde ya\u015farken dilleri Hurrice de bu b\u00f6lgede yayg\u0131n bir bi\u00e7imde kullan\u0131lan bir Eski \u00d6nasya dili olmu\u015ftur. Hititler, Hurri dilini konu\u015fuldu\u011fu b\u00f6lgeden Orta ve Kuzey Anadolu\u2019ya ta\u015f\u0131m\u0131\u015flar ve ibadet dili olarak kullanm\u0131\u015flard\u0131r. Hurrice metinlerin Hititler taraf\u0131ndan kopyalay\u0131p yeniden d\u00fczenlenmesi ile Hurrice, varl\u0131\u011f\u0131n\u0131 s\u00fcrd\u00fcrebilmi\u015f ve yaz\u0131l\u0131 olarak g\u00fcn\u00fcm\u00fcze kadar ula\u015fabilmi\u015ftir.Ortak\u00f6y-\u0160apinuva\u2019da Hurrice tabletler ke\u015ffedilmesi, Hurri dilini bilen uzman bir bilim insan\u0131n\u0131n T\u00fcrkiye\u2019de olmay\u0131\u015f\u0131, Hititolog Do\u00e7. Dr. Leyla Murat Karakurt\u2019un Hurri dilinin piri Prof. Dr. Wilhelm\u2019den bu dili \u00f6\u011frenmesi, \u00e7al\u0131\u015fmalar\u0131n\u0131 Hurrice \u00fczerine yo\u011funla\u015ft\u0131rmas\u0131 sonucunda Hititoloji alan\u0131nda en b\u00fcy\u00fck eksiklik olan \u201cHurrice Dilbilgisi\u201d kitab\u0131 T\u00fcrk\u00e7e yaz\u0131lm\u0131\u015f ve bilim d\u00fcnyas\u0131na sunulmu\u015ftur.u kitapta, yabanc\u0131 dilde yaz\u0131lm\u0131\u015f eski Hurrice Dilbilgisi kitaplar\u0131ndaki eksikli\u011fi ve yetersizli\u011fi gidermek \u00fczere da\u011f\u0131n\u0131k vaziyetteki son \u00e7al\u0131\u015fmalar bir araya getirilmi\u015f, yeni Hurrice \u00e7al\u0131\u015fmalar ve yeni yay\u0131nlanm\u0131\u015f belgeler \u0131\u015f\u0131\u011f\u0131nda en son belirlenen \u015fekli ile Hurri dili ve grameri detayl\u0131 bir \u015fekilde a\u00e7\u0131klanm\u0131\u015ft\u0131r. Ayr\u0131ca yeni yay\u0131nlanm\u0131\u015f Hurrice metin \u00f6rnekleri analizleri ile birlikte verilerek bir Hurrice metni okuma, morfemik transkripsiyonunu, Hurrice kelimelerin gramer analizini ve metin terc\u00fcmesini yapabilme yetisini kazand\u0131rmak ama\u00e7lanm\u0131\u015ft\u0131r.Hurri dili \u00fczerine yap\u0131lm\u0131\u015f t\u00fcm \u00e7al\u0131\u015fmalar yurt d\u0131\u015f\u0131nda yabanc\u0131 dilde yaz\u0131lm\u0131\u015fken bu \u201cHurrice Dilbilgisi\u201d kitab\u0131, Hurri dilinin \u00f6\u011frenimini kolayla\u015ft\u0131rmak, Hurri dilini \u00f6\u011frenmek isteyenlerin, bilenlerin, Hurrice \u00fczerine \u00e7al\u0131\u015fan T\u00fcrk uzmanlar\u0131n \u00e7o\u011falmas\u0131n\u0131 sa\u011flamak amac\u0131yla T\u00fcrk\u00e7e haz\u0131rlanm\u0131\u015ft\u0131r.<\/p>\n","protected":false},"excerpt":{"rendered":"<p>Hurriler, M.\u00d6. 3. bin y\u0131l\u0131n sonuna kadar Transkafkasya ve Anadolu\u2019nun do\u011fusunda, M.\u00d6. 3. bin y\u0131l\u0131n son \u00e7eyre\u011fi ile M.\u00d6. 13. y\u00fczy\u0131l aras\u0131nda ise Orta Anadolu ve<span class=\"excerpt-hellip\"> [\u2026]<\/span><\/p>\n","protected":false},"featured_media":0,"template":"","meta":{"_monsterinsights_skip_tracking":false,"_monsterinsights_sitenote_active":false,"_monsterinsights_sitenote_note":"","_monsterinsights_sitenote_category":0},"product_brand":[],"product_cat":[20225,12291],"product_tag":[],"class_list":{"0":"post-730974","1":"product","2":"type-product","3":"status-publish","5":"product_cat-dil-bilim","6":"product_cat-edebiyat","7":"pa_cilt-ciltsiz","8":"pa_tur-kitap","9":"pa_yayinevi-bilgin-kultur-sanat","10":"pa_yazar-leyla-murat-karakurt","12":"first","13":"instock","14":"sale","15":"shipping-taxable","16":"purchasable","17":"product-type-simple"},"_links":{"self":[{"href":"https:\/\/roveyayinevi.com.tr\/index.php\/wp-json\/wp\/v2\/product\/730974","targetHints":{"allow":["GET"]}}],"collection":[{"href":"https:\/\/roveyayinevi.com.tr\/index.php\/wp-json\/wp\/v2\/product"}],"about":[{"href":"https:\/\/roveyayinevi.com.tr\/index.php\/wp-json\/wp\/v2\/types\/product"}],"wp:attachment":[{"href":"https:\/\/roveyayinevi.com.tr\/index.php\/wp-json\/wp\/v2\/media?parent=730974"}],"wp:term":[{"taxonomy":"product_brand","embeddable":true,"href":"https:\/\/roveyayinevi.com.tr\/index.php\/wp-json\/wp\/v2\/product_brand?post=730974"},{"taxonomy":"product_cat","embeddable":true,"href":"https:\/\/roveyayinevi.com.tr\/index.php\/wp-json\/wp\/v2\/product_cat?post=730974"},{"taxonomy":"product_tag","embeddable":true,"href":"https:\/\/roveyayinevi.com.tr\/index.php\/wp-json\/wp\/v2\/product_tag?post=730974"}],"curies":[{"name":"wp","href":"https:\/\/api.w.org\/{rel}","templated":true}]}}