{"id":730973,"date":"2025-08-27T21:23:28","date_gmt":"2025-08-27T18:23:28","guid":{"rendered":"https:\/\/roveyayinevi.com.tr\/index.php\/urun\/deliler-balosu\/"},"modified":"2026-04-08T02:47:41","modified_gmt":"2026-04-07T23:47:41","slug":"deliler-balosu","status":"publish","type":"product","link":"https:\/\/roveyayinevi.com.tr\/index.php\/urun\/deliler-balosu\/","title":{"rendered":"Deliler Balosu"},"content":{"rendered":"<p>Orkestra \u00e7\u0131t \u00e7\u0131karmayan kalabal\u0131\u011fa vals \u00e7almaya devam etti. Bak\u0131\u015flar, a\u00e7\u0131lmakta olan kap\u0131lara y\u00f6nelmi\u015fti&#8230; Bu egzotik hayvanlar\u0131 daha yak\u0131ndan g\u00f6rmek i\u00e7in iti\u015fip kak\u0131\u015f\u0131yorlard\u0131. Sanki bir hayvanat bah\u00e7esinde, kafesteki ilgin\u00e7 yarat\u0131klarla burun buruna gelmi\u015flerdi. Bu egzotik hayvanlar\u0131 Salp\u00eatri\u00e8re\u2019e hapsedenler; i\u015f\u00e7iler, \u00e7i\u00e7ek\u00e7iler, \u00f6\u011fretmenler, eczac\u0131lar, t\u00fcccarlar, babalar, karde\u015fler, kocalar\u2026 19. y\u00fczy\u0131l Paris\u2019inde, bir sabah \u201cger\u00e7ekleri\u201d s\u00f6yledi\u011finiz i\u00e7in kendinizi, yak\u0131nlar\u0131n\u0131z taraf\u0131ndan Salp\u00eatri\u00e8re Hastanesine yat\u0131r\u0131l\u0131rken bulabilirdiniz. Deli olmad\u0131\u011f\u0131n\u0131za herkesi nas\u0131l ikna edebilirsiniz? Peki ya ger\u00e7ek deli onlarsa? Onlar\u0131n \u00fcretti\u011fi toplumsal normlar, ger\u00e7ek bir hastanenin duvarlar\u0131ysa? Victoria Mas, sizleri \u201cdeliler\u201d ve \u201cak\u0131ll\u0131lar\u201d\u0131n birbirine kar\u0131\u015ft\u0131\u011f\u0131 bir baloda; \u00f6nce hastanenin sonra da toplumsal cinsiyet, kimlik ve delili\u011fe dair \u00f6nyarg\u0131lar\u0131n\u0131z\u0131n duvarlar\u0131n\u0131 y\u0131kmaya davet ediyor.<\/p>\n","protected":false},"excerpt":{"rendered":"<p>Orkestra \u00e7\u0131t \u00e7\u0131karmayan kalabal\u0131\u011fa vals \u00e7almaya devam etti. Bak\u0131\u015flar, a\u00e7\u0131lmakta olan kap\u0131lara y\u00f6nelmi\u015fti&#8230; Bu egzotik hayvanlar\u0131 daha yak\u0131ndan g\u00f6rmek i\u00e7in iti\u015fip kak\u0131\u015f\u0131yorlard\u0131. Sanki bir hayvanat bah\u00e7esinde,<span class=\"excerpt-hellip\"> [\u2026]<\/span><\/p>\n","protected":false},"featured_media":0,"template":"","meta":{"_monsterinsights_skip_tracking":false,"_monsterinsights_sitenote_active":false,"_monsterinsights_sitenote_note":"","_monsterinsights_sitenote_category":0},"product_brand":[],"product_cat":[12291,12711],"product_tag":[],"class_list":{"0":"post-730973","1":"product","2":"type-product","3":"status-publish","5":"product_cat-edebiyat","6":"product_cat-roman-oyku","7":"pa_cilt-ciltsiz","8":"pa_tur-kitap","9":"pa_yayinevi-fol-kitap","10":"pa_yazar-victoria-mas","12":"first","13":"instock","14":"sale","15":"shipping-taxable","16":"purchasable","17":"product-type-simple"},"_links":{"self":[{"href":"https:\/\/roveyayinevi.com.tr\/index.php\/wp-json\/wp\/v2\/product\/730973","targetHints":{"allow":["GET"]}}],"collection":[{"href":"https:\/\/roveyayinevi.com.tr\/index.php\/wp-json\/wp\/v2\/product"}],"about":[{"href":"https:\/\/roveyayinevi.com.tr\/index.php\/wp-json\/wp\/v2\/types\/product"}],"wp:attachment":[{"href":"https:\/\/roveyayinevi.com.tr\/index.php\/wp-json\/wp\/v2\/media?parent=730973"}],"wp:term":[{"taxonomy":"product_brand","embeddable":true,"href":"https:\/\/roveyayinevi.com.tr\/index.php\/wp-json\/wp\/v2\/product_brand?post=730973"},{"taxonomy":"product_cat","embeddable":true,"href":"https:\/\/roveyayinevi.com.tr\/index.php\/wp-json\/wp\/v2\/product_cat?post=730973"},{"taxonomy":"product_tag","embeddable":true,"href":"https:\/\/roveyayinevi.com.tr\/index.php\/wp-json\/wp\/v2\/product_tag?post=730973"}],"curies":[{"name":"wp","href":"https:\/\/api.w.org\/{rel}","templated":true}]}}