{"id":730962,"date":"2025-08-27T21:23:18","date_gmt":"2025-08-27T18:23:18","guid":{"rendered":"https:\/\/roveyayinevi.com.tr\/index.php\/urun\/kara-sevda\/"},"modified":"2026-04-16T02:38:56","modified_gmt":"2026-04-15T23:38:56","slug":"kara-sevda","status":"publish","type":"product","link":"https:\/\/roveyayinevi.com.tr\/index.php\/urun\/kara-sevda\/","title":{"rendered":"Kara Sevda"},"content":{"rendered":"<p>Evet, Bir yerden ba\u015flamal\u0131yd\u0131m art\u0131k, hangi kap\u0131lar ard\u0131nda ne hayatlar ya\u015fan\u0131yor; ne g\u00f6zya\u015flar\u0131 ak\u0131yor o koskoca kalabal\u0131klarda, ne yaln\u0131zl\u0131klar ya\u015fan\u0131yor\u2026<\/p>\n","protected":false},"excerpt":{"rendered":"<p>Evet, Bir yerden ba\u015flamal\u0131yd\u0131m art\u0131k, hangi kap\u0131lar ard\u0131nda ne hayatlar ya\u015fan\u0131yor; ne g\u00f6zya\u015flar\u0131 ak\u0131yor o koskoca kalabal\u0131klarda, ne yaln\u0131zl\u0131klar ya\u015fan\u0131yor\u2026<\/p>\n","protected":false},"featured_media":0,"template":"","meta":{"_monsterinsights_skip_tracking":false,"_monsterinsights_sitenote_active":false,"_monsterinsights_sitenote_note":"","_monsterinsights_sitenote_category":0},"product_brand":[],"product_cat":[12777,12291],"product_tag":[],"class_list":{"0":"post-730962","1":"product","2":"type-product","3":"status-publish","5":"product_cat-deneme","6":"product_cat-edebiyat","7":"pa_cilt-ciltsiz","8":"pa_tur-kitap","9":"pa_yayinevi-elpis-yayinlari","10":"pa_yazar-nazli-tuncel-akdeniz","12":"first","13":"instock","14":"sale","15":"shipping-taxable","16":"purchasable","17":"product-type-simple"},"_links":{"self":[{"href":"https:\/\/roveyayinevi.com.tr\/index.php\/wp-json\/wp\/v2\/product\/730962","targetHints":{"allow":["GET"]}}],"collection":[{"href":"https:\/\/roveyayinevi.com.tr\/index.php\/wp-json\/wp\/v2\/product"}],"about":[{"href":"https:\/\/roveyayinevi.com.tr\/index.php\/wp-json\/wp\/v2\/types\/product"}],"wp:attachment":[{"href":"https:\/\/roveyayinevi.com.tr\/index.php\/wp-json\/wp\/v2\/media?parent=730962"}],"wp:term":[{"taxonomy":"product_brand","embeddable":true,"href":"https:\/\/roveyayinevi.com.tr\/index.php\/wp-json\/wp\/v2\/product_brand?post=730962"},{"taxonomy":"product_cat","embeddable":true,"href":"https:\/\/roveyayinevi.com.tr\/index.php\/wp-json\/wp\/v2\/product_cat?post=730962"},{"taxonomy":"product_tag","embeddable":true,"href":"https:\/\/roveyayinevi.com.tr\/index.php\/wp-json\/wp\/v2\/product_tag?post=730962"}],"curies":[{"name":"wp","href":"https:\/\/api.w.org\/{rel}","templated":true}]}}