{"id":730946,"date":"2025-08-27T21:23:06","date_gmt":"2025-08-27T18:23:06","guid":{"rendered":"https:\/\/roveyayinevi.com.tr\/index.php\/urun\/mehmed-akif-ersoy-hayati-ve-eserleri\/"},"modified":"2026-04-16T02:38:40","modified_gmt":"2026-04-15T23:38:40","slug":"mehmed-akif-ersoy-hayati-ve-eserleri","status":"publish","type":"product","link":"https:\/\/roveyayinevi.com.tr\/index.php\/urun\/mehmed-akif-ersoy-hayati-ve-eserleri\/","title":{"rendered":"Mehmed Akif Ersoy Hayat\u0131 ve Eserleri"},"content":{"rendered":"<p>Biyografisinin pek \u00e7ok sat\u0131r ba\u015f\u0131 olmakla birlikte \u00c2kif, modernle\u015fme tarihimizin \u00f6nemli bir fig\u00fcr\u00fc olarak serdetti\u011fi g\u00f6r\u00fc\u015fler ve bu g\u00f6r\u00fc\u015fleri dillendirdi\u011fi \u015fiirin nat\u0131ka kudreti d\u0131\u015f\u0131nda bilhassa \u015fahsi meziyetleriyle \u00f6n plana \u00e7\u0131kan bir his adam\u0131d\u0131r. Edebiyat tarih\u00e7ili\u011fimizin b\u00fcy\u00fck ve \u00e7al\u0131\u015fkan simas\u0131 ve K\u00f6pr\u00fcl\u00fc okulunun \u00f6nemli bir mensubu Fevziye Abdullah Tansel\u2019in ara\u015ft\u0131rma-inceleme sahas\u0131nda ilk telifi olarak 1945\u2019te yay\u0131mlanan Mehmed \u00c2kif Ersoy Hayat\u0131 ve Eserleri, istiklal \u015fairimiz hakk\u0131nda kaleme al\u0131nan \u00f6nc\u00fc ve de\u011ferli monografiler aras\u0131nda bu \u015fahsiyetli his adam\u0131n\u0131 lay\u0131k\u0131yla ortaya koyan bir eser olarak h\u00e2l\u00e2 k\u0131ymetini korumaktad\u0131r. Uzun zamand\u0131r bask\u0131s\u0131 bulunmayan kitap, yazar\u0131n\u0131n tabiriyle, o g\u00fcne kadarki da\u011f\u0131n\u0131k bilgilerin tertibini, \u00c2kif\u2019in, devrin hadiselerinin \u015fekillendirdi\u011fi eserlerinden hareketle, kendisine bir mutaass\u0131p veya mukaddes bir varl\u0131k muamelesi yapanlara kar\u015f\u0131 tarafs\u0131z g\u00f6zle ortaya konulan \u00f6rnek ve idealist bir insan portresi h\u00e2linde belirmesini sa\u011flam\u0131\u015ft\u0131r.<\/p>\n","protected":false},"excerpt":{"rendered":"<p>Biyografisinin pek \u00e7ok sat\u0131r ba\u015f\u0131 olmakla birlikte \u00c2kif, modernle\u015fme tarihimizin \u00f6nemli bir fig\u00fcr\u00fc olarak serdetti\u011fi g\u00f6r\u00fc\u015fler ve bu g\u00f6r\u00fc\u015fleri dillendirdi\u011fi \u015fiirin nat\u0131ka kudreti d\u0131\u015f\u0131nda bilhassa \u015fahsi<span class=\"excerpt-hellip\"> [\u2026]<\/span><\/p>\n","protected":false},"featured_media":0,"template":"","meta":{"_monsterinsights_skip_tracking":false,"_monsterinsights_sitenote_active":false,"_monsterinsights_sitenote_note":"","_monsterinsights_sitenote_category":0},"product_brand":[],"product_cat":[14009,12291],"product_tag":[],"class_list":{"0":"post-730946","1":"product","2":"type-product","3":"status-publish","5":"product_cat-biyografi-otobiyografi-edebiyat","6":"product_cat-edebiyat","7":"pa_cilt-ciltsiz","8":"pa_tur-kitap","9":"pa_yayinevi-otuken-nesriyat","10":"pa_yazar-fevziye-abdullah-tansel","12":"first","13":"instock","14":"sale","15":"shipping-taxable","16":"purchasable","17":"product-type-simple"},"_links":{"self":[{"href":"https:\/\/roveyayinevi.com.tr\/index.php\/wp-json\/wp\/v2\/product\/730946","targetHints":{"allow":["GET"]}}],"collection":[{"href":"https:\/\/roveyayinevi.com.tr\/index.php\/wp-json\/wp\/v2\/product"}],"about":[{"href":"https:\/\/roveyayinevi.com.tr\/index.php\/wp-json\/wp\/v2\/types\/product"}],"wp:attachment":[{"href":"https:\/\/roveyayinevi.com.tr\/index.php\/wp-json\/wp\/v2\/media?parent=730946"}],"wp:term":[{"taxonomy":"product_brand","embeddable":true,"href":"https:\/\/roveyayinevi.com.tr\/index.php\/wp-json\/wp\/v2\/product_brand?post=730946"},{"taxonomy":"product_cat","embeddable":true,"href":"https:\/\/roveyayinevi.com.tr\/index.php\/wp-json\/wp\/v2\/product_cat?post=730946"},{"taxonomy":"product_tag","embeddable":true,"href":"https:\/\/roveyayinevi.com.tr\/index.php\/wp-json\/wp\/v2\/product_tag?post=730946"}],"curies":[{"name":"wp","href":"https:\/\/api.w.org\/{rel}","templated":true}]}}