{"id":730938,"date":"2025-08-27T21:22:59","date_gmt":"2025-08-27T18:22:59","guid":{"rendered":"https:\/\/roveyayinevi.com.tr\/index.php\/urun\/kadinlara-satilmayan-roman\/"},"modified":"2026-04-16T02:38:40","modified_gmt":"2026-04-15T23:38:40","slug":"kadinlara-satilmayan-roman","status":"publish","type":"product","link":"https:\/\/roveyayinevi.com.tr\/index.php\/urun\/kadinlara-satilmayan-roman\/","title":{"rendered":"Kad\u0131nlara Sat\u0131lmayan Roman"},"content":{"rendered":"<p>EVET! Do\u011fru okudunuz. Bu kitap kad\u0131nlara sat\u0131lmamaktad\u0131r. Nedeni ise kitab\u0131n sat\u0131rlar\u0131nda, kurgusunda gizlidir. Yani, ad\u0131na \u201cparadoks\u201d diyebiliriz. \u201cKan\u0131n vah\u015feti s\u00fctle y\u0131kan\u0131r m\u0131?\u201d romana sorulacak en do\u011fru soru olsa gerek. Acaba bir \u00fclkeyi anne s\u00fct\u00fcyle y\u0131karsan d\u00fczende neler de\u011fi\u015fir? Kad\u0131nlar\u0131n egemen oldu\u011fu bir d\u00fcnyayla tan\u0131\u015f\u0131n ve bu d\u00fczene ba\u015fkald\u0131ran bir yazarla. Ma\u011fduriyet ve empatinin iliklerinize yay\u0131lmas\u0131na izin verin. Bu sefer ma\u011fdur sizsiniz erkekler ve anne s\u00fct\u00fcyle y\u0131kanm\u0131\u015fs\u0131n\u0131z. <\/p>\n","protected":false},"excerpt":{"rendered":"<p>EVET! Do\u011fru okudunuz. Bu kitap kad\u0131nlara sat\u0131lmamaktad\u0131r. Nedeni ise kitab\u0131n sat\u0131rlar\u0131nda, kurgusunda gizlidir. Yani, ad\u0131na \u201cparadoks\u201d diyebiliriz. \u201cKan\u0131n vah\u015feti s\u00fctle y\u0131kan\u0131r m\u0131?\u201d romana sorulacak en do\u011fru<span class=\"excerpt-hellip\"> [\u2026]<\/span><\/p>\n","protected":false},"featured_media":0,"template":"","meta":{"_monsterinsights_skip_tracking":false,"_monsterinsights_sitenote_active":false,"_monsterinsights_sitenote_note":"","_monsterinsights_sitenote_category":0},"product_brand":[],"product_cat":[12291,12711],"product_tag":[],"class_list":{"0":"post-730938","1":"product","2":"type-product","3":"status-publish","5":"product_cat-edebiyat","6":"product_cat-roman-oyku","7":"pa_cilt-ciltsiz","8":"pa_tur-kitap","9":"pa_yayinevi-luna-yayinlari","10":"pa_yazar-durul-can-yaman","12":"first","13":"instock","14":"sale","15":"shipping-taxable","16":"purchasable","17":"product-type-simple"},"_links":{"self":[{"href":"https:\/\/roveyayinevi.com.tr\/index.php\/wp-json\/wp\/v2\/product\/730938","targetHints":{"allow":["GET"]}}],"collection":[{"href":"https:\/\/roveyayinevi.com.tr\/index.php\/wp-json\/wp\/v2\/product"}],"about":[{"href":"https:\/\/roveyayinevi.com.tr\/index.php\/wp-json\/wp\/v2\/types\/product"}],"wp:attachment":[{"href":"https:\/\/roveyayinevi.com.tr\/index.php\/wp-json\/wp\/v2\/media?parent=730938"}],"wp:term":[{"taxonomy":"product_brand","embeddable":true,"href":"https:\/\/roveyayinevi.com.tr\/index.php\/wp-json\/wp\/v2\/product_brand?post=730938"},{"taxonomy":"product_cat","embeddable":true,"href":"https:\/\/roveyayinevi.com.tr\/index.php\/wp-json\/wp\/v2\/product_cat?post=730938"},{"taxonomy":"product_tag","embeddable":true,"href":"https:\/\/roveyayinevi.com.tr\/index.php\/wp-json\/wp\/v2\/product_tag?post=730938"}],"curies":[{"name":"wp","href":"https:\/\/api.w.org\/{rel}","templated":true}]}}