{"id":730933,"date":"2025-08-27T21:22:56","date_gmt":"2025-08-27T18:22:56","guid":{"rendered":"https:\/\/roveyayinevi.com.tr\/index.php\/urun\/egitimde-etik-ve-ogretmenlik-mesleki-degerleri\/"},"modified":"2026-04-16T02:38:40","modified_gmt":"2026-04-15T23:38:40","slug":"egitimde-etik-ve-ogretmenlik-mesleki-degerleri","status":"publish","type":"product","link":"https:\/\/roveyayinevi.com.tr\/index.php\/urun\/egitimde-etik-ve-ogretmenlik-mesleki-degerleri\/","title":{"rendered":"E\u011fitimde Etik Ve \u00d6\u011fretmenlik Mesleki De\u011ferleri"},"content":{"rendered":"<p>\u201cEtik\u201d konusu, daha \u00f6nceleri felsef\u00ee literat\u00fcr\u00fcm\u00fczde yer alm\u0131\u015ft\u0131. Do\u011fan \u00d6zlem ve Ahmet Cevizci\u2019nin bu konudaki kitaplar\u0131 ilk akla gelenler aras\u0131ndad\u0131r. Bu yay\u0131nlarda \u201cetik\u201d konusu ahl\u00e2k felsefesi ile ili\u015fkileri olarak ele al\u0131nm\u0131\u015ft\u0131. Biz bu \u00e7al\u0131\u015fmam\u0131zda E\u011e\u0130T\u0130MDE ET\u0130K konusunu ele alaca\u011f\u0131z. Kavram\u0131n e\u011fitimde ele al\u0131n\u0131\u015f\u0131 \u00fclkemizde yeni bir konudur. Ku\u015fkusuz bu konuda ara\u015ft\u0131rmalar ve yay\u0131nlar yap\u0131lacakt\u0131r. \u00d6ncelikle, ilk b\u00f6l\u00fcmde \u201cmeslek ve etik\u201d kavramlar\u0131n\u0131 genel olarak ele alaca\u011f\u0131z.<\/p>\n","protected":false},"excerpt":{"rendered":"<p>\u201cEtik\u201d konusu, daha \u00f6nceleri felsef\u00ee literat\u00fcr\u00fcm\u00fczde yer alm\u0131\u015ft\u0131. Do\u011fan \u00d6zlem ve Ahmet Cevizci\u2019nin bu konudaki kitaplar\u0131 ilk akla gelenler aras\u0131ndad\u0131r. Bu yay\u0131nlarda \u201cetik\u201d konusu ahl\u00e2k felsefesi<span class=\"excerpt-hellip\"> [\u2026]<\/span><\/p>\n","protected":false},"featured_media":0,"template":"","meta":{"_monsterinsights_skip_tracking":false,"_monsterinsights_sitenote_active":false,"_monsterinsights_sitenote_note":"","_monsterinsights_sitenote_category":0},"product_brand":[],"product_cat":[12573,12566],"product_tag":[],"class_list":{"0":"post-730933","1":"product","2":"type-product","3":"status-publish","5":"product_cat-akademik-kitaplar","6":"product_cat-egitim","7":"pa_cilt-ciltsiz","8":"pa_tur-kitap","9":"pa_yayinevi-ani-yayincilik","10":"pa_yazar-mahmut-tezcan","12":"first","13":"instock","14":"sale","15":"shipping-taxable","16":"purchasable","17":"product-type-simple"},"_links":{"self":[{"href":"https:\/\/roveyayinevi.com.tr\/index.php\/wp-json\/wp\/v2\/product\/730933","targetHints":{"allow":["GET"]}}],"collection":[{"href":"https:\/\/roveyayinevi.com.tr\/index.php\/wp-json\/wp\/v2\/product"}],"about":[{"href":"https:\/\/roveyayinevi.com.tr\/index.php\/wp-json\/wp\/v2\/types\/product"}],"wp:attachment":[{"href":"https:\/\/roveyayinevi.com.tr\/index.php\/wp-json\/wp\/v2\/media?parent=730933"}],"wp:term":[{"taxonomy":"product_brand","embeddable":true,"href":"https:\/\/roveyayinevi.com.tr\/index.php\/wp-json\/wp\/v2\/product_brand?post=730933"},{"taxonomy":"product_cat","embeddable":true,"href":"https:\/\/roveyayinevi.com.tr\/index.php\/wp-json\/wp\/v2\/product_cat?post=730933"},{"taxonomy":"product_tag","embeddable":true,"href":"https:\/\/roveyayinevi.com.tr\/index.php\/wp-json\/wp\/v2\/product_tag?post=730933"}],"curies":[{"name":"wp","href":"https:\/\/api.w.org\/{rel}","templated":true}]}}

Eğitimde Etik Ve Öğretmenlik Mesleki Değerleri

<p>“Etik” konusu, daha önceleri felsefî literatürümüzde yer almıştı. Doğan Özlem ve Ahmet Cevizci’nin bu konudaki kitapları ilk akla gelenler arasındadır. Bu yayınlarda “etik” konusu ahlâk felsefesi ile ilişkileri olarak ele alınmıştı. Biz bu çalışmamızda EĞİTİMDE ETİK konusunu ele alacağız. Kavramın eğitimde ele alınışı ülkemizde yeni bir konudur. Kuşkusuz bu konuda araştırmalar ve yayınlar yapılacaktır. Öncelikle, ilk bölümde “meslek ve etik” kavramlarını genel olarak ele alacağız.</p>

<p>“Etik” konusu, daha önceleri felsefî literatürümüzde yer almıştı. Doğan Özlem ve Ahmet Cevizci’nin bu konudaki kitapları ilk akla gelenler arasındadır. Bu yayınlarda “etik” konusu ahlâk felsefesi<span class="excerpt-hellip"> […]</span></p>
