{"id":730923,"date":"2025-08-27T21:22:47","date_gmt":"2025-08-27T18:22:47","guid":{"rendered":"https:\/\/roveyayinevi.com.tr\/index.php\/urun\/galata-2\/"},"modified":"2026-04-16T02:38:40","modified_gmt":"2026-04-15T23:38:40","slug":"galata-2","status":"publish","type":"product","link":"https:\/\/roveyayinevi.com.tr\/index.php\/urun\/galata-2\/","title":{"rendered":"Galata"},"content":{"rendered":"<p>Galata\u2019da k\u00fclt\u00fcr, tarihsel yap\u0131lar ve ticari ya\u015fam\u2026 \u0130stanbul\u2019un kadim semtlerinden biri olan Galata, Bizans \u0130mparatoru taraf\u0131ndan 1267 y\u0131l\u0131nda Cenevizlilere tahsis edildi. Galata\u2019n\u0131n bu \u00f6zel konumu \u0130stanbul\u2019un fethinden sonra da devam etti. Fatih Sultan Mehmet, fethin hemen ertesi g\u00fcn\u00fc 1 Haziran 1453\u2019te bir ahitname ile Galata\u2019n\u0131n \u00f6zerkli\u011fini tan\u0131m\u0131\u015f oldu. \u201cMagnifica Comunita di Pera\u201d adl\u0131 bu olu\u015fum 350 y\u0131l devam etti. \u00c7e\u015fitli dinlerin ve k\u00fclt\u00fcrlerin bir arada ya\u015fad\u0131\u011f\u0131 bu b\u00f6lge, ayn\u0131 zamanda ticaret ve finans d\u00fcnyas\u0131n\u0131n da merkezi oldu. Fetihten tam 400 y\u0131l sonra Osmanl\u0131 y\u00f6netiminin bor\u00e7lanma ihtiyac\u0131 duymas\u0131yla birlikte Galata bankerleri devreye girdi. Bor\u00e7lanmalar Galata Dersaadet Tahvil Borsas\u0131 \u00fczerinden yap\u0131ld\u0131. Bu durum Osmanl\u0131 devletinin 1875 y\u0131l\u0131nda bor\u00e7lar\u0131n\u0131 \u00f6deyemeyip iflas etmesine kadar s\u00fcrd\u00fc. Ara\u015ft\u0131rmac\u0131 yazar Turan Ak\u0131nc\u0131 bu kitapta, ticari ili\u015fkilerin yan\u0131 s\u0131ra Galata\u2019daki tarihsel yap\u0131lar\u0131, k\u00fclt\u00fcrel ya\u015fam\u0131 ve Levantenlerin toplumsal konumunu belgeleriyle g\u00fcn \u0131\u015f\u0131\u011f\u0131na \u00e7\u0131kar\u0131yor. <\/p>\n","protected":false},"excerpt":{"rendered":"<p>Galata\u2019da k\u00fclt\u00fcr, tarihsel yap\u0131lar ve ticari ya\u015fam\u2026 \u0130stanbul\u2019un kadim semtlerinden biri olan Galata, Bizans \u0130mparatoru taraf\u0131ndan 1267 y\u0131l\u0131nda Cenevizlilere tahsis edildi. Galata\u2019n\u0131n bu \u00f6zel konumu \u0130stanbul\u2019un<span class=\"excerpt-hellip\"> [\u2026]<\/span><\/p>\n","protected":false},"featured_media":0,"template":"","meta":{"_monsterinsights_skip_tracking":false,"_monsterinsights_sitenote_active":false,"_monsterinsights_sitenote_note":"","_monsterinsights_sitenote_category":0},"product_brand":[],"product_cat":[12370,12304],"product_tag":[],"class_list":{"0":"post-730923","1":"product","2":"type-product","3":"status-publish","5":"product_cat-arastirma-inceleme","6":"product_cat-tarih","7":"pa_cilt-ciltsiz","8":"pa_tur-kitap","9":"pa_yayinevi-remzi-kitabevi","10":"pa_yazar-turan-akinci","12":"first","13":"instock","14":"sale","15":"shipping-taxable","16":"purchasable","17":"product-type-simple"},"_links":{"self":[{"href":"https:\/\/roveyayinevi.com.tr\/index.php\/wp-json\/wp\/v2\/product\/730923","targetHints":{"allow":["GET"]}}],"collection":[{"href":"https:\/\/roveyayinevi.com.tr\/index.php\/wp-json\/wp\/v2\/product"}],"about":[{"href":"https:\/\/roveyayinevi.com.tr\/index.php\/wp-json\/wp\/v2\/types\/product"}],"wp:attachment":[{"href":"https:\/\/roveyayinevi.com.tr\/index.php\/wp-json\/wp\/v2\/media?parent=730923"}],"wp:term":[{"taxonomy":"product_brand","embeddable":true,"href":"https:\/\/roveyayinevi.com.tr\/index.php\/wp-json\/wp\/v2\/product_brand?post=730923"},{"taxonomy":"product_cat","embeddable":true,"href":"https:\/\/roveyayinevi.com.tr\/index.php\/wp-json\/wp\/v2\/product_cat?post=730923"},{"taxonomy":"product_tag","embeddable":true,"href":"https:\/\/roveyayinevi.com.tr\/index.php\/wp-json\/wp\/v2\/product_tag?post=730923"}],"curies":[{"name":"wp","href":"https:\/\/api.w.org\/{rel}","templated":true}]}}