{"id":730917,"date":"2025-08-27T21:22:42","date_gmt":"2025-08-27T18:22:42","guid":{"rendered":"https:\/\/roveyayinevi.com.tr\/index.php\/urun\/dijital-medya-ve-mekanin-donusumu\/"},"modified":"2026-01-29T03:08:35","modified_gmt":"2026-01-29T00:08:35","slug":"dijital-medya-ve-mekanin-donusumu","status":"publish","type":"product","link":"https:\/\/roveyayinevi.com.tr\/index.php\/urun\/dijital-medya-ve-mekanin-donusumu\/","title":{"rendered":"Dijital Medya Ve Mekan\u0131n D\u00f6n\u00fc\u015f\u00fcm\u00fc"},"content":{"rendered":"<p>Dijital ileti\u015fim ve medya teknolojileri toplumsal ya\u015fam\u0131n en \u00f6nemli boyutlar\u0131ndan olan mek\u00e2n\u0131 ya\u015fama, alg\u0131lama ve deneyimleme bi\u00e7imlerimizi k\u00f6kl\u00fc bir bi\u00e7imde de\u011fi\u015fime u\u011fratmakta, devam eden bu s\u00fcre\u00e7 yeni teknolojik geli\u015fmelerle daha geni\u015f boyutlara ve anlamlara ula\u015fmaktad\u0131r. Fiziksel d\u00fcnyaya ait her t\u00fcrl\u00fc enformasyon dijital a\u011flara eklenirken, i\u00e7inde ya\u015fan\u0131lan fiziksel mek\u00e2nlar da bu dijital veriler arac\u0131l\u0131\u011f\u0131yla deneyimlenmektedir.Dijitalle\u015fme ile g\u00fcndeme gelen mek\u00e2nsal e\u011filimleri konu edinen bu kitap, dijital mek\u00e2n ve fiziksel mek\u00e2n\u0131n birlikteli\u011fi ile olu\u015fan melez mek\u00e2nlar\u0131n genel anlamda mek\u00e2n\u0131 alg\u0131lama ve deneyimleme bi\u00e7imlerimizi nas\u0131l d\u00f6n\u00fc\u015ft\u00fcrd\u00fc\u011f\u00fc ve bu d\u00f6n\u00fc\u015f\u00fcm\u00fcn yaratt\u0131\u011f\u0131 olanaklar ve sorunlar\u0131n ne oldu\u011fu \u00fczerine odaklanmaktad\u0131r. Dijital ileti\u015fim teknolojileri, genel anlamda g\u00fcn\u00fcm\u00fcz toplumlar\u0131ndaki sosyal, ekonomik, siyasal ve k\u00fclt\u00fcrel alanlardaki d\u00fczenlemeleri de yeniden \u015fekillendirmektedir. Dolay\u0131s\u0131yla ya\u015fanan d\u00f6n\u00fc\u015f\u00fcmde, ileti\u015fim ve medya sadece teknik boyutuyla de\u011fil toplumsal, siyasal, ekonomik, k\u00fclt\u00fcrel ve ideolojik boyutuyla da bug\u00fcn ya\u015fanan toplumsal de\u011fi\u015fim s\u00fcre\u00e7lerini a\u00e7\u0131klaman\u0131n \u00f6nemli bir aya\u011f\u0131n\u0131 olu\u015fturmaktad\u0131r.<\/p>\n","protected":false},"excerpt":{"rendered":"<p>Dijital ileti\u015fim ve medya teknolojileri toplumsal ya\u015fam\u0131n en \u00f6nemli boyutlar\u0131ndan olan mek\u00e2n\u0131 ya\u015fama, alg\u0131lama ve deneyimleme bi\u00e7imlerimizi k\u00f6kl\u00fc bir bi\u00e7imde de\u011fi\u015fime u\u011fratmakta, devam eden bu s\u00fcre\u00e7<span class=\"excerpt-hellip\"> [\u2026]<\/span><\/p>\n","protected":false},"featured_media":0,"template":"","meta":{"_monsterinsights_skip_tracking":false,"_monsterinsights_sitenote_active":false,"_monsterinsights_sitenote_note":"","_monsterinsights_sitenote_category":0},"product_brand":[],"product_cat":[15983,13488],"product_tag":[],"class_list":{"0":"post-730917","1":"product","2":"type-product","3":"status-publish","5":"product_cat-iletisim-ve-medya","6":"product_cat-toplum-ve-insan","7":"pa_cilt-ciltsiz","8":"pa_tur-kitap","9":"pa_yayinevi-utopya-yayinevi","10":"pa_yazar-ayse-gul-toprak","12":"first","13":"instock","14":"sale","15":"shipping-taxable","16":"purchasable","17":"product-type-simple"},"_links":{"self":[{"href":"https:\/\/roveyayinevi.com.tr\/index.php\/wp-json\/wp\/v2\/product\/730917","targetHints":{"allow":["GET"]}}],"collection":[{"href":"https:\/\/roveyayinevi.com.tr\/index.php\/wp-json\/wp\/v2\/product"}],"about":[{"href":"https:\/\/roveyayinevi.com.tr\/index.php\/wp-json\/wp\/v2\/types\/product"}],"wp:attachment":[{"href":"https:\/\/roveyayinevi.com.tr\/index.php\/wp-json\/wp\/v2\/media?parent=730917"}],"wp:term":[{"taxonomy":"product_brand","embeddable":true,"href":"https:\/\/roveyayinevi.com.tr\/index.php\/wp-json\/wp\/v2\/product_brand?post=730917"},{"taxonomy":"product_cat","embeddable":true,"href":"https:\/\/roveyayinevi.com.tr\/index.php\/wp-json\/wp\/v2\/product_cat?post=730917"},{"taxonomy":"product_tag","embeddable":true,"href":"https:\/\/roveyayinevi.com.tr\/index.php\/wp-json\/wp\/v2\/product_tag?post=730917"}],"curies":[{"name":"wp","href":"https:\/\/api.w.org\/{rel}","templated":true}]}}