{"id":730910,"date":"2025-08-27T21:22:36","date_gmt":"2025-08-27T18:22:36","guid":{"rendered":"https:\/\/roveyayinevi.com.tr\/index.php\/urun\/hevesin-kacis-yonu\/"},"modified":"2026-04-16T02:38:39","modified_gmt":"2026-04-15T23:38:39","slug":"hevesin-kacis-yonu","status":"publish","type":"product","link":"https:\/\/roveyayinevi.com.tr\/index.php\/urun\/hevesin-kacis-yonu\/","title":{"rendered":"Hevesin Ka\u00e7\u0131\u015f Y\u00f6n\u00fc"},"content":{"rendered":"<p>G\u00f6khan Y\u0131lmaz \u00fc\u00e7\u00fcnc\u00fc \u00f6yk\u00fc kitab\u0131nda ak\u0131\u015fkan, k\u0131vrak, k\u0131r\u0131lmayan ama b\u00fck\u00fcle b\u00fck\u00fcle b\u00fcy\u00fcyen ili\u015fkilenmeleri dillendiriyor. Birbirine bakan aileler, b\u0131\u00e7ak kesi\u011fiyle tutturulmu\u015f \u00f6l\u00fcmler, zamanla ge\u00e7mesi beklenen hayatlar, i\u00e7eride bir k\u00f6r kuyuya d\u00f6n\u00fc\u015fen g\u00fcnler, d\u0131\u015far\u0131da kanatlar\u0131 ak\u0131lda b\u00fcy\u00fcyen bir g\u00f6ky\u00fcz\u00fc, ekmek yutan ve ekmek kusan bir f\u0131r\u0131n\u0131n a\u011fz\u0131nda hik\u00e2yeler&#8230; \u201cG\u00fcnler ge\u00e7tik\u00e7e ba\u015fka ayr\u0131nt\u0131lar\u0131 hat\u0131rlad\u0131k. Yan\u0131m\u0131za kolonya ile g\u00f6nderirlerdi. Soka\u011fa. Hem sa\u00e7\u0131nda hem cebinde. Koruyaca\u011f\u0131na inan\u0131rlard\u0131 belki, kim bilir. Kendini ay\u0131lts\u0131n diye ihtimal. Aniden. Sa\u00e7\u0131n\u0131n \u00f6n\u00fc burnuna do\u011fru d\u00fc\u015f\u00fck. Bak\u0131\u015f\u0131nda yasa duran bir koyuluk. San\u0131l\u0131r ki bir karga.\u201d <\/p>\n","protected":false},"excerpt":{"rendered":"<p>G\u00f6khan Y\u0131lmaz \u00fc\u00e7\u00fcnc\u00fc \u00f6yk\u00fc kitab\u0131nda ak\u0131\u015fkan, k\u0131vrak, k\u0131r\u0131lmayan ama b\u00fck\u00fcle b\u00fck\u00fcle b\u00fcy\u00fcyen ili\u015fkilenmeleri dillendiriyor. Birbirine bakan aileler, b\u0131\u00e7ak kesi\u011fiyle tutturulmu\u015f \u00f6l\u00fcmler, zamanla ge\u00e7mesi beklenen hayatlar, i\u00e7eride<span class=\"excerpt-hellip\"> [\u2026]<\/span><\/p>\n","protected":false},"featured_media":0,"template":"","meta":{"_monsterinsights_skip_tracking":false,"_monsterinsights_sitenote_active":false,"_monsterinsights_sitenote_note":"","_monsterinsights_sitenote_category":0},"product_brand":[],"product_cat":[12291,12711],"product_tag":[],"class_list":{"0":"post-730910","1":"product","2":"type-product","3":"status-publish","5":"product_cat-edebiyat","6":"product_cat-roman-oyku","7":"pa_cilt-ciltsiz","8":"pa_tur-kitap","9":"pa_yayinevi-yapi-kredi-yayinlari","10":"pa_yazar-gokhan-yilmaz","12":"first","13":"instock","14":"sale","15":"shipping-taxable","16":"purchasable","17":"product-type-simple"},"_links":{"self":[{"href":"https:\/\/roveyayinevi.com.tr\/index.php\/wp-json\/wp\/v2\/product\/730910","targetHints":{"allow":["GET"]}}],"collection":[{"href":"https:\/\/roveyayinevi.com.tr\/index.php\/wp-json\/wp\/v2\/product"}],"about":[{"href":"https:\/\/roveyayinevi.com.tr\/index.php\/wp-json\/wp\/v2\/types\/product"}],"wp:attachment":[{"href":"https:\/\/roveyayinevi.com.tr\/index.php\/wp-json\/wp\/v2\/media?parent=730910"}],"wp:term":[{"taxonomy":"product_brand","embeddable":true,"href":"https:\/\/roveyayinevi.com.tr\/index.php\/wp-json\/wp\/v2\/product_brand?post=730910"},{"taxonomy":"product_cat","embeddable":true,"href":"https:\/\/roveyayinevi.com.tr\/index.php\/wp-json\/wp\/v2\/product_cat?post=730910"},{"taxonomy":"product_tag","embeddable":true,"href":"https:\/\/roveyayinevi.com.tr\/index.php\/wp-json\/wp\/v2\/product_tag?post=730910"}],"curies":[{"name":"wp","href":"https:\/\/api.w.org\/{rel}","templated":true}]}}