{"id":730904,"date":"2025-08-27T21:22:30","date_gmt":"2025-08-27T18:22:30","guid":{"rendered":"https:\/\/roveyayinevi.com.tr\/index.php\/urun\/umberto-arte-ile-sanat-iii\/"},"modified":"2026-04-16T02:38:39","modified_gmt":"2026-04-15T23:38:39","slug":"umberto-arte-ile-sanat-iii","status":"publish","type":"product","link":"https:\/\/roveyayinevi.com.tr\/index.php\/urun\/umberto-arte-ile-sanat-iii\/","title":{"rendered":"Umberto Arte ile Sanat III"},"content":{"rendered":"<p>\u201cSanata ger\u00e7ek g\u00fcc\u00fcn\u00fc veren \u015fey, s\u0131radan olan\u0131 en y\u00fcce duyguyla ele almakt\u0131r.\u201d Jean-Fran\u00e7oIs Millet Barbizon Ekol\u00fc\u2019n\u00fcn \u00f6nc\u00fc ismi Millet\u2019nin zorlu ya\u015fam m\u00fccadelesi. Devrimlerle \u00e7alkalanan Avrupa\u2019n\u0131n kar\u0131\u015f\u0131k siyasi ortam\u0131 ve Barbizon Ekol\u00fc\u2019n\u00fcn kurulu\u015f hik\u00e2yesi. Millet\u2019nin Th\u00e9odore Rousseau ve Gustave Courbet gibi \u00e7a\u011fda\u015f\u0131 ressamlarla olan ili\u015fkisi ve S\u00fcrrealizm\u2019in \u00f6nemli ismi Salvador Dal\u00ed \u00fczerindeki yo\u011fun etkisi. Resimlerinin derinlerindeki \u015fifreler ve \u00e7ocuklu\u011funa ili\u015fkin izler. Frans\u0131z Realizmi\u2019nin \u00f6nemli ressam\u0131 Jules Breton\u2019un k\u0131rsal ya\u015fam\u0131n g\u00fczelli\u011fini ve asaletini y\u00fccelten enfes resimleri ve kendisi gibi yetenekli k\u0131z\u0131 Virginie Demont-Breton\u2019un anne, \u00e7ocuklar ve bal\u0131k\u00e7\u0131lar \u00fczerine yapt\u0131\u011f\u0131 \u00e7al\u0131\u015fmalar. Van Gogh\u2019un Jules Breton ile tan\u0131\u015fabilmek i\u00e7in g\u00f6sterdi\u011fi insan\u00fcst\u00fc \u00e7aba. Modern resmin babas\u0131 C\u00e9zanne\u2019\u0131n \u00c9mile Zola ile olan arkada\u015fl\u0131\u011f\u0131, K\u00fcbizm\u2019e giden yolda Picasso \u00fczerindeki etkisi ve Camille Pissarro gibi Empresyonistlerle olan derin ba\u011f\u0131. Resimlerindeki modern resmi tetikleyen geometrik formlar. Romantizm\u2019in karanl\u0131k \u00e7ocu\u011fu Francisco Goya\u2019n\u0131n uzun sanat ya\u015fant\u0131s\u0131, mitolojik ve tarihi eserlerinin \u00e7ok y\u00f6nl\u00fc incelemeleri. Goya\u2019n\u0131n hayat\u0131na ili\u015fkin do\u011fru bilinen yanl\u0131\u015flar. Saray ressam\u0131 olmas\u0131na kar\u015f\u0131n toplumsal olaylar kar\u015f\u0131s\u0131ndaki duyarl\u0131l\u0131\u011f\u0131, hicivsel resimlerinin \u015fifreleri. Ve ismi Empresyonizm\u2019le \u00f6zde\u015fle\u015fen Monet\u2019nin ya\u015fant\u0131s\u0131, eserlerinin detayl\u0131 incelemeleri. Soyut resmin \u00f6nemli ismi Vasili Kandinski \u00fczerindeki etkisi, \u00c9douard Manet, Fr\u00e9d\u00e9ric Bazille ve Edgar Degas\u2019yla olan arkada\u015fl\u0131\u011f\u0131, Empresyonizm\u2019in ay\u0131rt edici \u00f6zellikleri. T\u00fcm bunlar\u0131n yan\u0131nda Paul Signac ve Charles Gleyre gibi sanat\u00e7\u0131lar\u0131n eserleri ve sanatlar\u0131n\u0131n p\u00fcf noktalar\u0131 da bu kitapta. UMBERTO ARTE \u0130LE SANAT III sizlere e\u015fsiz bir sanat okumas\u0131 vaat ediyor. <\/p>\n","protected":false},"excerpt":{"rendered":"<p>\u201cSanata ger\u00e7ek g\u00fcc\u00fcn\u00fc veren \u015fey, s\u0131radan olan\u0131 en y\u00fcce duyguyla ele almakt\u0131r.\u201d Jean-Fran\u00e7oIs Millet Barbizon Ekol\u00fc\u2019n\u00fcn \u00f6nc\u00fc ismi Millet\u2019nin zorlu ya\u015fam m\u00fccadelesi. Devrimlerle \u00e7alkalanan Avrupa\u2019n\u0131n kar\u0131\u015f\u0131k<span class=\"excerpt-hellip\"> [\u2026]<\/span><\/p>\n","protected":false},"featured_media":0,"template":"","meta":{"_monsterinsights_skip_tracking":false,"_monsterinsights_sitenote_active":false,"_monsterinsights_sitenote_note":"","_monsterinsights_sitenote_category":0},"product_brand":[],"product_cat":[15733,12408],"product_tag":[],"class_list":{"0":"post-730904","1":"product","2":"type-product","3":"status-publish","5":"product_cat-resim","6":"product_cat-sanat","7":"pa_cilt-ciltsiz","8":"pa_tur-kitap","9":"pa_yayinevi-destek-yayinlari","10":"pa_yazar-umberto-arte","12":"first","13":"instock","14":"sale","15":"shipping-taxable","16":"purchasable","17":"product-type-simple"},"_links":{"self":[{"href":"https:\/\/roveyayinevi.com.tr\/index.php\/wp-json\/wp\/v2\/product\/730904","targetHints":{"allow":["GET"]}}],"collection":[{"href":"https:\/\/roveyayinevi.com.tr\/index.php\/wp-json\/wp\/v2\/product"}],"about":[{"href":"https:\/\/roveyayinevi.com.tr\/index.php\/wp-json\/wp\/v2\/types\/product"}],"wp:attachment":[{"href":"https:\/\/roveyayinevi.com.tr\/index.php\/wp-json\/wp\/v2\/media?parent=730904"}],"wp:term":[{"taxonomy":"product_brand","embeddable":true,"href":"https:\/\/roveyayinevi.com.tr\/index.php\/wp-json\/wp\/v2\/product_brand?post=730904"},{"taxonomy":"product_cat","embeddable":true,"href":"https:\/\/roveyayinevi.com.tr\/index.php\/wp-json\/wp\/v2\/product_cat?post=730904"},{"taxonomy":"product_tag","embeddable":true,"href":"https:\/\/roveyayinevi.com.tr\/index.php\/wp-json\/wp\/v2\/product_tag?post=730904"}],"curies":[{"name":"wp","href":"https:\/\/api.w.org\/{rel}","templated":true}]}}