{"id":730902,"date":"2025-08-27T21:22:29","date_gmt":"2025-08-27T18:22:29","guid":{"rendered":"https:\/\/roveyayinevi.com.tr\/index.php\/urun\/gelinim\/"},"modified":"2026-04-16T02:38:39","modified_gmt":"2026-04-15T23:38:39","slug":"gelinim","status":"publish","type":"product","link":"https:\/\/roveyayinevi.com.tr\/index.php\/urun\/gelinim\/","title":{"rendered":"Gelinim"},"content":{"rendered":"<p>Ger\u00e7ek sevgi, t\u00fcm ge\u00e7mi\u015fin izlerini silebilir miydi?Peki, k\u00fc\u00e7\u00fck bir \u00e7ocukken d\u00f6k\u00fclen g\u00f6z ya\u015flar\u0131n\u0131, ya\u015fan\u0131lan kimsesizli\u011fi unutturabilir miydi&#8230;Adam ve k\u0131z i\u00e7in ge\u00e7mi\u015f fazlas\u0131yla karanl\u0131k ve puslu, gelecek ise ge\u00e7mi\u015fin hayaletlerinin \u00fczerine kuruluydu. \u015eimdiyse, kalpleri sevgiyle g\u00fcnden g\u00fcne i\u015flenirken, ya bu karanl\u0131\u011f\u0131 ayd\u0131nl\u0131\u011fa \u00e7evirecek ya da ge\u00e7mi\u015fin hayaletlerine ma\u011flup olacaklard\u0131.Ge\u00e7mi\u015fin t\u00fcm ac\u0131lar\u0131n\u0131n \u00fczerine yap\u0131lan bir evlilik, gen\u00e7 \u00e7ifte cennetten bir bah\u00e7e bah\u015fedebilecek miydi? Yoksa cehennemin en kuytu mahzenlerinden birini mi sunacakt\u0131? Ge\u00e7mi\u015f t\u00fcm ger\u00e7ekli\u011fiyle kalplerini bir \u00f6r\u00fcmcek a\u011f\u0131 gibi sarm\u0131\u015fken, ya bo\u011fulacak ya da kendilerini sevginin kollar\u0131na b\u0131rak\u0131p nefes almaya devam edeceklerdi.<\/p>\n","protected":false},"excerpt":{"rendered":"<p>Ger\u00e7ek sevgi, t\u00fcm ge\u00e7mi\u015fin izlerini silebilir miydi?Peki, k\u00fc\u00e7\u00fck bir \u00e7ocukken d\u00f6k\u00fclen g\u00f6z ya\u015flar\u0131n\u0131, ya\u015fan\u0131lan kimsesizli\u011fi unutturabilir miydi&#8230;Adam ve k\u0131z i\u00e7in ge\u00e7mi\u015f fazlas\u0131yla karanl\u0131k ve puslu, gelecek<span class=\"excerpt-hellip\"> [\u2026]<\/span><\/p>\n","protected":false},"featured_media":0,"template":"","meta":{"_monsterinsights_skip_tracking":false,"_monsterinsights_sitenote_active":false,"_monsterinsights_sitenote_note":"","_monsterinsights_sitenote_category":0},"product_brand":[],"product_cat":[12291,12711],"product_tag":[],"class_list":{"0":"post-730902","1":"product","2":"type-product","3":"status-publish","5":"product_cat-edebiyat","6":"product_cat-roman-oyku","7":"pa_cilt-ciltsiz","8":"pa_tur-kitap","9":"pa_yayinevi-yediveren-yayinlari","10":"pa_yazar-dilek-taygun","12":"first","13":"instock","14":"sale","15":"shipping-taxable","16":"purchasable","17":"product-type-simple"},"_links":{"self":[{"href":"https:\/\/roveyayinevi.com.tr\/index.php\/wp-json\/wp\/v2\/product\/730902","targetHints":{"allow":["GET"]}}],"collection":[{"href":"https:\/\/roveyayinevi.com.tr\/index.php\/wp-json\/wp\/v2\/product"}],"about":[{"href":"https:\/\/roveyayinevi.com.tr\/index.php\/wp-json\/wp\/v2\/types\/product"}],"wp:attachment":[{"href":"https:\/\/roveyayinevi.com.tr\/index.php\/wp-json\/wp\/v2\/media?parent=730902"}],"wp:term":[{"taxonomy":"product_brand","embeddable":true,"href":"https:\/\/roveyayinevi.com.tr\/index.php\/wp-json\/wp\/v2\/product_brand?post=730902"},{"taxonomy":"product_cat","embeddable":true,"href":"https:\/\/roveyayinevi.com.tr\/index.php\/wp-json\/wp\/v2\/product_cat?post=730902"},{"taxonomy":"product_tag","embeddable":true,"href":"https:\/\/roveyayinevi.com.tr\/index.php\/wp-json\/wp\/v2\/product_tag?post=730902"}],"curies":[{"name":"wp","href":"https:\/\/api.w.org\/{rel}","templated":true}]}}