{"id":730880,"date":"2025-08-27T21:22:09","date_gmt":"2025-08-27T18:22:09","guid":{"rendered":"https:\/\/roveyayinevi.com.tr\/index.php\/urun\/deneyim-raporu\/"},"modified":"2026-04-16T02:38:39","modified_gmt":"2026-04-15T23:38:39","slug":"deneyim-raporu","status":"publish","type":"product","link":"https:\/\/roveyayinevi.com.tr\/index.php\/urun\/deneyim-raporu\/","title":{"rendered":"Deneyim Raporu"},"content":{"rendered":"<p>\u201cPek \u00e7ok \u015fey var ama belki de en g\u00fcl\u00fcn\u00e7 olan\u0131, son sava\u015f\u0131na girecek kadar ya\u015fl\u0131 ama ayn\u0131 zamanda sava\u015fa gidebilecek kadar gen\u00e7 olmand\u0131r.\u201d Yeni Zelandal\u0131 yazar John Mulgan\u2019\u0131n an\u0131lar\u0131ndan olu\u015fan Deneyim Raporu, hem yazar\u0131n zihnine hem de \u0130kinci D\u00fcnya Sava\u015f\u0131\u2019nda \u0130ngiltere ve Avrupa\u2019n\u0131n tutumuna dair bir fikir veriyor. Bu raporda Mulgan, M\u00fcttefikler\u2019in \u0130kinci D\u00fcnya Sava\u015f\u0131\u2019na giden yolunun ve halk\u0131n, d\u00fc\u015fmanl\u0131klar\u0131n ger\u00e7ekli\u011fini kabul etme konusundaki isteksizli\u011finin izini s\u00fcr\u00fcyor. \u00d6nce akranlar\u0131n\u0131n ve \u00fcstlerinin eylemsizli\u011fi, ard\u0131ndan sald\u0131rganl\u0131\u011fa kar\u015f\u0131 zay\u0131f ve ger\u00e7ek\u00e7i olmayan tepkiler onu deh\u015fete d\u00fc\u015f\u00fcr\u00fcyor. Deneyim Raporu, ilk bas\u0131m\u0131ndan 74 y\u0131l sonra T\u00fcrkiye\u2019de ilk defa sizlerle. <\/p>\n","protected":false},"excerpt":{"rendered":"<p>\u201cPek \u00e7ok \u015fey var ama belki de en g\u00fcl\u00fcn\u00e7 olan\u0131, son sava\u015f\u0131na girecek kadar ya\u015fl\u0131 ama ayn\u0131 zamanda sava\u015fa gidebilecek kadar gen\u00e7 olmand\u0131r.\u201d Yeni Zelandal\u0131 yazar<span class=\"excerpt-hellip\"> [\u2026]<\/span><\/p>\n","protected":false},"featured_media":0,"template":"","meta":{"_monsterinsights_skip_tracking":false,"_monsterinsights_sitenote_active":false,"_monsterinsights_sitenote_note":"","_monsterinsights_sitenote_category":0},"product_brand":[],"product_cat":[13701,12291],"product_tag":[],"class_list":{"0":"post-730880","1":"product","2":"type-product","3":"status-publish","5":"product_cat-ani-mektup-gunluk","6":"product_cat-edebiyat","7":"pa_cilt-ciltsiz","8":"pa_tur-kitap","9":"pa_yayinevi-sms-yayinlari","10":"pa_yazar-john-mulgan","12":"first","13":"instock","14":"sale","15":"shipping-taxable","16":"purchasable","17":"product-type-simple"},"_links":{"self":[{"href":"https:\/\/roveyayinevi.com.tr\/index.php\/wp-json\/wp\/v2\/product\/730880","targetHints":{"allow":["GET"]}}],"collection":[{"href":"https:\/\/roveyayinevi.com.tr\/index.php\/wp-json\/wp\/v2\/product"}],"about":[{"href":"https:\/\/roveyayinevi.com.tr\/index.php\/wp-json\/wp\/v2\/types\/product"}],"wp:attachment":[{"href":"https:\/\/roveyayinevi.com.tr\/index.php\/wp-json\/wp\/v2\/media?parent=730880"}],"wp:term":[{"taxonomy":"product_brand","embeddable":true,"href":"https:\/\/roveyayinevi.com.tr\/index.php\/wp-json\/wp\/v2\/product_brand?post=730880"},{"taxonomy":"product_cat","embeddable":true,"href":"https:\/\/roveyayinevi.com.tr\/index.php\/wp-json\/wp\/v2\/product_cat?post=730880"},{"taxonomy":"product_tag","embeddable":true,"href":"https:\/\/roveyayinevi.com.tr\/index.php\/wp-json\/wp\/v2\/product_tag?post=730880"}],"curies":[{"name":"wp","href":"https:\/\/api.w.org\/{rel}","templated":true}]}}