{"id":730876,"date":"2025-08-27T21:22:05","date_gmt":"2025-08-27T18:22:05","guid":{"rendered":"https:\/\/roveyayinevi.com.tr\/index.php\/urun\/dunya-cocuklarina-gunaydin\/"},"modified":"2026-04-16T02:38:39","modified_gmt":"2026-04-15T23:38:39","slug":"dunya-cocuklarina-gunaydin","status":"publish","type":"product","link":"https:\/\/roveyayinevi.com.tr\/index.php\/urun\/dunya-cocuklarina-gunaydin\/","title":{"rendered":"D\u00fcnya \u00c7ocuklar\u0131na G\u00fcnayd\u0131n"},"content":{"rendered":"<p>\u00c7a\u011fda\u015f T\u00fcrk resminin duayenlerinden Mehmet G\u00fclery\u00fcz\u2019\u00fcn 1968 y\u0131l\u0131nda \u00e7izdi\u011fi, o zamandan beri T\u00fcrkiye\u2019nin \u00f6nde gelen grafik sanat\u00e7\u0131s\u0131 Meng\u00fc Ertel\u2019in \u00e7ekmecesinde, \u201cDostun \u00c7ekmecesi\u201dnde bekleyen resimler, dostlu\u011fu y\u00fccelten s\u0131cac\u0131k bir \u00f6yk\u00fcye ilham veriyor.Esma Ertel\u2019in kaleme ald\u0131\u011f\u0131 \u00f6yk\u00fcde Bedia Han\u0131m, devesi Moku ve horozu B\u0131rb\u0131r ile 7 k\u0131tay\u0131 gezerek farkl\u0131 k\u00fclt\u00fcrlerle tan\u0131\u015f\u0131yor, bamba\u015fka diller i\u015fitiyor ve yeni arkada\u015flar ediniyor. K\u00e2\u015fifler, gittikleri her k\u0131tada g\u00fcne\u015fe farkl\u0131 bir dilde \u201cG\u00fcnayd\u0131n\u201d ve \u201cMerhaba\u201d diyor, her k\u0131tada tan\u0131\u015ft\u0131klar\u0131 farkl\u0131 bir horozun \u00f6t\u00fc\u015f\u00fcyle yeni g\u00fcn\u00fc selaml\u0131yorlar.D\u00fcnyan\u0131n havadan, sudan ve karadan \u00e7ok daha fazlas\u0131 oldu\u011funa vurgu yapan \u00f6yk\u00fc s\u0131n\u0131rlar\u0131 a\u015farak, k\u00fclt\u00fcrleraras\u0131 etkile\u015fime dikkat \u00e7ekiyor. Mehmet G\u00fclery\u00fcz\u2019\u00fcn ilk kez g\u00fcn \u0131\u015f\u0131\u011f\u0131na \u00e7\u0131kan resimleri Esma Ertel\u2019in \u015fark\u0131 s\u00f6yler gibi anlatt\u0131\u011f\u0131 \u00f6yk\u00fcs\u00fcyle birle\u015fiyor ve bu kitap arac\u0131l\u0131\u011f\u0131yla \u00e7ocuklarla bulu\u015fuyor.<\/p>\n","protected":false},"excerpt":{"rendered":"<p>\u00c7a\u011fda\u015f T\u00fcrk resminin duayenlerinden Mehmet G\u00fclery\u00fcz\u2019\u00fcn 1968 y\u0131l\u0131nda \u00e7izdi\u011fi, o zamandan beri T\u00fcrkiye\u2019nin \u00f6nde gelen grafik sanat\u00e7\u0131s\u0131 Meng\u00fc Ertel\u2019in \u00e7ekmecesinde, \u201cDostun \u00c7ekmecesi\u201dnde bekleyen resimler, dostlu\u011fu y\u00fccelten<span class=\"excerpt-hellip\"> [\u2026]<\/span><\/p>\n","protected":false},"featured_media":0,"template":"","meta":{"_monsterinsights_skip_tracking":false,"_monsterinsights_sitenote_active":false,"_monsterinsights_sitenote_note":"","_monsterinsights_sitenote_category":0},"product_brand":[],"product_cat":[12275,12274],"product_tag":[],"class_list":{"0":"post-730876","1":"product","2":"type-product","3":"status-publish","5":"product_cat-6-12-yas-kitaplari","6":"product_cat-cocuk-ve-genclik-kitaplari","7":"pa_cilt-ciltsiz","8":"pa_tur-kitap","9":"pa_yayinevi-dogan-egmont-yayincilik","10":"pa_yazar-esma-ertel","12":"first","13":"instock","14":"sale","15":"shipping-taxable","16":"purchasable","17":"product-type-simple"},"_links":{"self":[{"href":"https:\/\/roveyayinevi.com.tr\/index.php\/wp-json\/wp\/v2\/product\/730876","targetHints":{"allow":["GET"]}}],"collection":[{"href":"https:\/\/roveyayinevi.com.tr\/index.php\/wp-json\/wp\/v2\/product"}],"about":[{"href":"https:\/\/roveyayinevi.com.tr\/index.php\/wp-json\/wp\/v2\/types\/product"}],"wp:attachment":[{"href":"https:\/\/roveyayinevi.com.tr\/index.php\/wp-json\/wp\/v2\/media?parent=730876"}],"wp:term":[{"taxonomy":"product_brand","embeddable":true,"href":"https:\/\/roveyayinevi.com.tr\/index.php\/wp-json\/wp\/v2\/product_brand?post=730876"},{"taxonomy":"product_cat","embeddable":true,"href":"https:\/\/roveyayinevi.com.tr\/index.php\/wp-json\/wp\/v2\/product_cat?post=730876"},{"taxonomy":"product_tag","embeddable":true,"href":"https:\/\/roveyayinevi.com.tr\/index.php\/wp-json\/wp\/v2\/product_tag?post=730876"}],"curies":[{"name":"wp","href":"https:\/\/api.w.org\/{rel}","templated":true}]}}