{"id":730850,"date":"2025-08-27T21:21:41","date_gmt":"2025-08-27T18:21:41","guid":{"rendered":"https:\/\/roveyayinevi.com.tr\/index.php\/urun\/benjamin-buttonin-tuhaf-hikayesi-ciltli\/"},"modified":"2025-11-21T06:49:27","modified_gmt":"2025-11-21T03:49:27","slug":"benjamin-buttonin-tuhaf-hikayesi-ciltli","status":"publish","type":"product","link":"https:\/\/roveyayinevi.com.tr\/index.php\/urun\/benjamin-buttonin-tuhaf-hikayesi-ciltli\/","title":{"rendered":"Benjamin Button\u2019in Tuhaf Hikayesi (Ciltli)"},"content":{"rendered":"<p>Ya\u015fl\u0131 bir adam olarak d\u00fcnyaya gelip zamanla gen\u00e7le\u015fme fikri F. Scott Fitzgerald\u2019\u0131 b\u00fcy\u00fcl\u00fcyordu. Yazar\u0131n iki y\u0131l boyunca zihninde evirip \u00e7evirdikten sonra 1922 y\u0131l\u0131nda yazd\u0131\u011f\u0131 Benjamin Button\u2019\u0131n Tuhaf Hik\u00e2yesi\u2019ni Mark Twain\u2019in \u015fu s\u00f6z\u00fc esinlemi\u015fti: \u201cHayat\u0131n en iyi k\u0131sm\u0131n\u0131n ba\u015fta, en k\u00f6t\u00fc k\u0131sm\u0131n\u0131n da sonda olmas\u0131 ne yaz\u0131k.\u201d Fitzgerald bu en bilinen hik\u00e2yesinde 1860 y\u0131l\u0131nda ya\u015fl\u0131 bir adam olarak do\u011fup giderek gen\u00e7le\u015fen Benjamin Button\u2019\u0131n hayat\u0131n\u0131 anlat\u0131r. Benjamin Button yaln\u0131zca ya\u015fl\u0131 bir adam\u0131n bedeniyle d\u00fcnyaya gelmemi\u015ftir. 70\u2019li ya\u015flar\u0131ndaki bir adam\u0131n zihnine ve zevklerine de sahiptir. Gen\u00e7le\u015ftik\u00e7e dirilen bedeniyle birlikte daha aktif bir hayata ve ilgi alanlar\u0131na kavu\u015fur. Yazar ya\u015f\u0131n insan\u0131n kimli\u011fi \u00fczerindeki etkisine dikkat \u00e7eker. Ya\u015flanma \u00fczerine yaz\u0131lm\u0131\u015f bu n\u00fckteli, fantastik hiciv, Hollywood\u2019un da dikkatinden ka\u00e7mam\u0131\u015f, 2008\u2019de vizyona giren film uyarlamas\u0131 b\u00fcy\u00fck ilgi g\u00f6rm\u00fc\u015ft\u00fc. <\/p>\n","protected":false},"excerpt":{"rendered":"<p>Ya\u015fl\u0131 bir adam olarak d\u00fcnyaya gelip zamanla gen\u00e7le\u015fme fikri F. Scott Fitzgerald\u2019\u0131 b\u00fcy\u00fcl\u00fcyordu. Yazar\u0131n iki y\u0131l boyunca zihninde evirip \u00e7evirdikten sonra 1922 y\u0131l\u0131nda yazd\u0131\u011f\u0131 Benjamin Button\u2019\u0131n<span class=\"excerpt-hellip\"> [\u2026]<\/span><\/p>\n","protected":false},"featured_media":0,"template":"","meta":{"_monsterinsights_skip_tracking":false,"_monsterinsights_sitenote_active":false,"_monsterinsights_sitenote_note":"","_monsterinsights_sitenote_category":0},"product_brand":[],"product_cat":[12291,26797],"product_tag":[],"class_list":{"0":"post-730850","1":"product","2":"type-product","3":"status-publish","5":"product_cat-edebiyat","6":"product_cat-modern-klasikler","7":"pa_cilt-ciltli","8":"pa_tur-kitap","9":"pa_yayinevi-is-bankasi-kultur-yayinlari","10":"pa_yazar-f-scott-fitzgerald","12":"first","13":"instock","14":"sale","15":"shipping-taxable","16":"purchasable","17":"product-type-simple"},"_links":{"self":[{"href":"https:\/\/roveyayinevi.com.tr\/index.php\/wp-json\/wp\/v2\/product\/730850","targetHints":{"allow":["GET"]}}],"collection":[{"href":"https:\/\/roveyayinevi.com.tr\/index.php\/wp-json\/wp\/v2\/product"}],"about":[{"href":"https:\/\/roveyayinevi.com.tr\/index.php\/wp-json\/wp\/v2\/types\/product"}],"wp:attachment":[{"href":"https:\/\/roveyayinevi.com.tr\/index.php\/wp-json\/wp\/v2\/media?parent=730850"}],"wp:term":[{"taxonomy":"product_brand","embeddable":true,"href":"https:\/\/roveyayinevi.com.tr\/index.php\/wp-json\/wp\/v2\/product_brand?post=730850"},{"taxonomy":"product_cat","embeddable":true,"href":"https:\/\/roveyayinevi.com.tr\/index.php\/wp-json\/wp\/v2\/product_cat?post=730850"},{"taxonomy":"product_tag","embeddable":true,"href":"https:\/\/roveyayinevi.com.tr\/index.php\/wp-json\/wp\/v2\/product_tag?post=730850"}],"curies":[{"name":"wp","href":"https:\/\/api.w.org\/{rel}","templated":true}]}}