{"id":730843,"date":"2025-08-27T21:21:34","date_gmt":"2025-08-27T18:21:34","guid":{"rendered":"https:\/\/roveyayinevi.com.tr\/index.php\/urun\/fihristul-asair\/"},"modified":"2026-04-16T02:38:38","modified_gmt":"2026-04-15T23:38:38","slug":"fihristul-asair","status":"publish","type":"product","link":"https:\/\/roveyayinevi.com.tr\/index.php\/urun\/fihristul-asair\/","title":{"rendered":"Fihrist\u00fc&#8217;l A\u015f\u00e2ir"},"content":{"rendered":"<p>Osmanl\u0131 \u0130mparatorlu\u011fu\u2019nun en geni\u015f s\u0131n\u0131rlar\u0131 i\u00e7indeki co\u011frafyada, imparatorlu\u011fun kendisinden \u00f6nce de var olan pek \u00e7ok a\u015firet bulunuyordu. Bu a\u015firetler daha g\u00fc\u00e7l\u00fc olan devlet yap\u0131lar\u0131 kar\u015f\u0131s\u0131nda kendi \u00f6zerkliklerini koruyabilmek, ge\u00e7imlerini sa\u011flamak ve bir arada kalabilmek i\u00e7in \u00e7e\u015fitli stratejiler geli\u015ftirdiler. Ancak co\u011frafi yap\u0131n\u0131n elverdi\u011fi ve merkez\u00eele\u015fmi\u015f devlet yap\u0131lar\u0131n\u0131n izin verdi\u011fi \u00f6l\u00e7\u00fcde varl\u0131klar\u0131n\u0131 koruyabildiler ya da yerle\u015fikle\u015ferek a\u015firet \u00f6zelliklerini kaybettiler. Fihrist\u00fc\u2019l A\u015f\u00e2ir, imparatorlu\u011fun son d\u00f6neminde merkez\u00ee devletin kendi s\u0131n\u0131rlar\u0131 i\u00e7indeki a\u015firetlerin d\u00f6k\u00fcm\u00fcn\u00fc bize sunuyor. Suavi Ayd\u0131n ve Erdal \u00c7ift\u00e7i, fihristin d\u00f6k\u00fcm\u00fcn\u00fc yaparken ayn\u0131 zamanda Osmanl\u0131 s\u0131n\u0131rlar\u0131 i\u00e7indeki a\u015firetlerin kadim geleneklerine, var olma bi\u00e7imlerine, ge\u00e7imlik ekonomilerine, siyasi g\u00fc\u00e7 olarak potansiyellerine hem tarih hem de antropoloji literat\u00fcrlerinin geni\u015f kapsam\u0131 i\u00e7inde yakla\u015farak, ayr\u0131nt\u0131l\u0131 bir tart\u0131\u015fma da ortaya koyuyorlar. \u201cFihrist\u2019teki ayr\u0131nt\u0131l\u0131 yerel bilgi bize yeni bir yerel tarih kurgusu yapabilme imk\u00e2n\u0131 vermektedir \u0130mparatorlu\u011fun tarihe kar\u0131\u015fmak \u00fczere oldu\u011fu bir zaman aral\u0131\u011f\u0131nda ortaya \u00e7\u0131km\u0131\u015f olan Fihrist, ayn\u0131 zamanda a\u015firetler a\u00e7\u0131s\u0131ndan Osmanl\u0131\u2019n\u0131n Cumhuriyet\u2019e nas\u0131l bir miras b\u0131rakt\u0131\u011f\u0131n\u0131 da ortaya koymaktad\u0131r.\u201d SUAV\u0130 AYDIN \/ ERDAL \u00c7\u0130FT\u00c7\u0130<\/p>\n","protected":false},"excerpt":{"rendered":"<p>Osmanl\u0131 \u0130mparatorlu\u011fu\u2019nun en geni\u015f s\u0131n\u0131rlar\u0131 i\u00e7indeki co\u011frafyada, imparatorlu\u011fun kendisinden \u00f6nce de var olan pek \u00e7ok a\u015firet bulunuyordu. Bu a\u015firetler daha g\u00fc\u00e7l\u00fc olan devlet yap\u0131lar\u0131 kar\u015f\u0131s\u0131nda kendi<span class=\"excerpt-hellip\"> [\u2026]<\/span><\/p>\n","protected":false},"featured_media":0,"template":"","meta":{"_monsterinsights_skip_tracking":false,"_monsterinsights_sitenote_active":false,"_monsterinsights_sitenote_note":"","_monsterinsights_sitenote_category":0},"product_brand":[],"product_cat":[12370,12304],"product_tag":[],"class_list":{"0":"post-730843","1":"product","2":"type-product","3":"status-publish","5":"product_cat-arastirma-inceleme","6":"product_cat-tarih","7":"pa_cilt-ciltsiz","8":"pa_tur-kitap","9":"pa_yayinevi-iletisim-yayinlari","10":"pa_yazar-suavi-aydin-erdal-ciftci","12":"first","13":"instock","14":"sale","15":"shipping-taxable","16":"purchasable","17":"product-type-simple"},"_links":{"self":[{"href":"https:\/\/roveyayinevi.com.tr\/index.php\/wp-json\/wp\/v2\/product\/730843","targetHints":{"allow":["GET"]}}],"collection":[{"href":"https:\/\/roveyayinevi.com.tr\/index.php\/wp-json\/wp\/v2\/product"}],"about":[{"href":"https:\/\/roveyayinevi.com.tr\/index.php\/wp-json\/wp\/v2\/types\/product"}],"wp:attachment":[{"href":"https:\/\/roveyayinevi.com.tr\/index.php\/wp-json\/wp\/v2\/media?parent=730843"}],"wp:term":[{"taxonomy":"product_brand","embeddable":true,"href":"https:\/\/roveyayinevi.com.tr\/index.php\/wp-json\/wp\/v2\/product_brand?post=730843"},{"taxonomy":"product_cat","embeddable":true,"href":"https:\/\/roveyayinevi.com.tr\/index.php\/wp-json\/wp\/v2\/product_cat?post=730843"},{"taxonomy":"product_tag","embeddable":true,"href":"https:\/\/roveyayinevi.com.tr\/index.php\/wp-json\/wp\/v2\/product_tag?post=730843"}],"curies":[{"name":"wp","href":"https:\/\/api.w.org\/{rel}","templated":true}]}}