{"id":730842,"date":"2025-08-27T21:21:33","date_gmt":"2025-08-27T18:21:33","guid":{"rendered":"https:\/\/roveyayinevi.com.tr\/index.php\/urun\/istanbullu-amazonlar-1809\/"},"modified":"2025-11-21T06:49:22","modified_gmt":"2025-11-21T03:49:22","slug":"istanbullu-amazonlar-1809","status":"publish","type":"product","link":"https:\/\/roveyayinevi.com.tr\/index.php\/urun\/istanbullu-amazonlar-1809\/","title":{"rendered":"\u0130stanbullu Amazonlar 1809"},"content":{"rendered":"<p>\u201cM\u00fcneccimba\u015f\u0131 her bebekte haremin kap\u0131s\u0131nda beklerdi. E\u011fer bebek erkek ise hemen y\u0131ld\u0131z haritas\u0131na bak\u0131l\u0131r, kehanette bulunulurdu. Bebe\u011fin k\u0131z oldu\u011fu \u00f6\u011frenildi\u011finde bunu yapmak gereksiz g\u00f6r\u00fcl\u00fcrd\u00fc. Zira k\u0131zlar\u0131n tahta \u00e7\u0131kma olas\u0131l\u0131\u011f\u0131 yoktu. Ancak o gece m\u00fcneccimba\u015f\u0131 y\u0131ld\u0131zlar\u0131na bak\u0131lacak kadar ba\u015fka bir kad\u0131n sultan\u0131n d\u00fcnyaya geldi\u011fini biliyordu.\u201d Osmanl\u0131, bir kad\u0131n sultan\u0131 tahta \u00e7\u0131kard\u0131 m\u0131? Taht baht\u0131na eri\u015fen ilk ve son kad\u0131n sultan tarihten nas\u0131l silindi? \u0130mparatorlu\u011fun ba\u015f\u0131nda kalmas\u0131na m\u00fcsaade edilseydi kad\u0131nl\u0131\u011f\u0131n bu topraklardaki kaderi de\u011fi\u015fir miydi?&#8230; Kendinden efsunlu bir anlat\u0131c\u0131, kafas\u0131ndaki bu deli sorular\u0131n pe\u015finden gidiyor, derin bir ispata giri\u015fiyor. Gizli kapakl\u0131 mektuplar\u0131n, g\u00fcnl\u00fcklerin, vakan\u00fcvis notlar\u0131n\u0131n sat\u0131r aralar\u0131nda gezinirken muhayyilesinin s\u0131n\u0131rlar\u0131n\u0131 zorluyor. \u0130stanbullu Amazonlar, erkekler \u00fczerinden anlat\u0131lan tarihi ters y\u00fcz etmeye yeminli; incelikle kurgulanm\u0131\u015f, isyank\u00e2r ve oyunbaz bir roman. \u015eebnem \u0130\u015fig\u00fczel, hacimce k\u00fc\u00e7\u00fck, fikren b\u00fcy\u00fck bu zarif roman ile edebiyata farkl\u0131 bir pencere a\u00e7\u0131yor.<\/p>\n","protected":false},"excerpt":{"rendered":"<p>\u201cM\u00fcneccimba\u015f\u0131 her bebekte haremin kap\u0131s\u0131nda beklerdi. E\u011fer bebek erkek ise hemen y\u0131ld\u0131z haritas\u0131na bak\u0131l\u0131r, kehanette bulunulurdu. Bebe\u011fin k\u0131z oldu\u011fu \u00f6\u011frenildi\u011finde bunu yapmak gereksiz g\u00f6r\u00fcl\u00fcrd\u00fc. Zira k\u0131zlar\u0131n<span class=\"excerpt-hellip\"> [\u2026]<\/span><\/p>\n","protected":false},"featured_media":0,"template":"","meta":{"_monsterinsights_skip_tracking":false,"_monsterinsights_sitenote_active":false,"_monsterinsights_sitenote_note":"","_monsterinsights_sitenote_category":0},"product_brand":[],"product_cat":[12291,12711],"product_tag":[],"class_list":{"0":"post-730842","1":"product","2":"type-product","3":"status-publish","5":"product_cat-edebiyat","6":"product_cat-roman-oyku","7":"pa_cilt-ciltsiz","8":"pa_tur-kitap","9":"pa_yayinevi-iletisim-yayinlari","10":"pa_yazar-sebnem-isiguzel","12":"first","13":"instock","14":"sale","15":"shipping-taxable","16":"purchasable","17":"product-type-simple"},"_links":{"self":[{"href":"https:\/\/roveyayinevi.com.tr\/index.php\/wp-json\/wp\/v2\/product\/730842","targetHints":{"allow":["GET"]}}],"collection":[{"href":"https:\/\/roveyayinevi.com.tr\/index.php\/wp-json\/wp\/v2\/product"}],"about":[{"href":"https:\/\/roveyayinevi.com.tr\/index.php\/wp-json\/wp\/v2\/types\/product"}],"wp:attachment":[{"href":"https:\/\/roveyayinevi.com.tr\/index.php\/wp-json\/wp\/v2\/media?parent=730842"}],"wp:term":[{"taxonomy":"product_brand","embeddable":true,"href":"https:\/\/roveyayinevi.com.tr\/index.php\/wp-json\/wp\/v2\/product_brand?post=730842"},{"taxonomy":"product_cat","embeddable":true,"href":"https:\/\/roveyayinevi.com.tr\/index.php\/wp-json\/wp\/v2\/product_cat?post=730842"},{"taxonomy":"product_tag","embeddable":true,"href":"https:\/\/roveyayinevi.com.tr\/index.php\/wp-json\/wp\/v2\/product_tag?post=730842"}],"curies":[{"name":"wp","href":"https:\/\/api.w.org\/{rel}","templated":true}]}}