{"id":730839,"date":"2025-08-27T21:21:30","date_gmt":"2025-08-27T18:21:30","guid":{"rendered":"https:\/\/roveyayinevi.com.tr\/index.php\/urun\/kadin-karsiti-soylemin-islam-gelenegindeki-izdusumleri\/"},"modified":"2026-04-16T02:38:38","modified_gmt":"2026-04-15T23:38:38","slug":"kadin-karsiti-soylemin-islam-gelenegindeki-izdusumleri","status":"publish","type":"product","link":"https:\/\/roveyayinevi.com.tr\/index.php\/urun\/kadin-karsiti-soylemin-islam-gelenegindeki-izdusumleri\/","title":{"rendered":"Kad\u0131n Kar\u015f\u0131t\u0131 S\u00f6ylemin \u0130slam Gelene\u011findeki \u0130zd\u00fc\u015f\u00fcmleri"},"content":{"rendered":"<p>Kad\u0131n Kar\u015f\u0131t\u0131 S\u00f6ylemin \u0130slam Gelene\u011findeki \u0130zd\u00fc\u015f\u00fcmleri Kad\u0131n konusu zaman ve mek\u00e2n de\u011fi\u015fmeksizin her y\u00f6n\u00fcyle tart\u0131\u015f\u0131lan bir konudur. Kad\u0131n\u0131n yeri ve neli\u011fi \u00fczerine yap\u0131lan tart\u0131\u015fmalar, M\u00fcsl\u00fcman d\u00fcnya i\u00e7erisinde ciddi bir yere sahiptir. M\u00fcsl\u00fcman kad\u0131n g\u00fcn\u00fcm\u00fczde bir yandan geleneksel \u0130slam \u00f6\u011fretileri, di\u011fer yandan modern hayat\u0131n dayatmalar\u0131 kar\u015f\u0131s\u0131nda bocalamaktad\u0131r.  T\u00fcm bunlara ra\u011fmen kendi tarihsel ger\u00e7ekli\u011fi i\u00e7inde var olmaya \u00e7al\u0131\u015fmakta ve kendisini hem bireysel hem de toplumsal boyutta ger\u00e7ekle\u015ftirebilece\u011fi onurlu bir kimlik aramaktad\u0131r. Bu kitapta, \u00e7e\u015fitli haberler sebebiyle varl\u0131\u011f\u0131n\u0131 hissetti\u011fimiz kad\u0131n aleyhtar\u0131 tutumun k\u00f6kenleri ve tezah\u00fcrleri ara\u015ft\u0131r\u0131lm\u0131\u015ft\u0131r.      <\/p>\n","protected":false},"excerpt":{"rendered":"<p>Kad\u0131n Kar\u015f\u0131t\u0131 S\u00f6ylemin \u0130slam Gelene\u011findeki \u0130zd\u00fc\u015f\u00fcmleri Kad\u0131n konusu zaman ve mek\u00e2n de\u011fi\u015fmeksizin her y\u00f6n\u00fcyle tart\u0131\u015f\u0131lan bir konudur. Kad\u0131n\u0131n yeri ve neli\u011fi \u00fczerine yap\u0131lan tart\u0131\u015fmalar, M\u00fcsl\u00fcman d\u00fcnya<span class=\"excerpt-hellip\"> [\u2026]<\/span><\/p>\n","protected":false},"featured_media":0,"template":"","meta":{"_monsterinsights_skip_tracking":false,"_monsterinsights_sitenote_active":false,"_monsterinsights_sitenote_note":"","_monsterinsights_sitenote_category":0},"product_brand":[],"product_cat":[12718,12719,45552],"product_tag":[],"class_list":{"0":"post-730839","1":"product","2":"type-product","3":"status-publish","5":"product_cat-din","6":"product_cat-islam","7":"product_cat-meal-tefsir-hadis","8":"pa_cilt-ciltsiz","9":"pa_tur-kitap","10":"pa_yayinevi-otto-yayinlari","11":"pa_yazar-hidayet-sefkatli-tuksal","13":"first","14":"instock","15":"sale","16":"shipping-taxable","17":"purchasable","18":"product-type-simple"},"_links":{"self":[{"href":"https:\/\/roveyayinevi.com.tr\/index.php\/wp-json\/wp\/v2\/product\/730839","targetHints":{"allow":["GET"]}}],"collection":[{"href":"https:\/\/roveyayinevi.com.tr\/index.php\/wp-json\/wp\/v2\/product"}],"about":[{"href":"https:\/\/roveyayinevi.com.tr\/index.php\/wp-json\/wp\/v2\/types\/product"}],"wp:attachment":[{"href":"https:\/\/roveyayinevi.com.tr\/index.php\/wp-json\/wp\/v2\/media?parent=730839"}],"wp:term":[{"taxonomy":"product_brand","embeddable":true,"href":"https:\/\/roveyayinevi.com.tr\/index.php\/wp-json\/wp\/v2\/product_brand?post=730839"},{"taxonomy":"product_cat","embeddable":true,"href":"https:\/\/roveyayinevi.com.tr\/index.php\/wp-json\/wp\/v2\/product_cat?post=730839"},{"taxonomy":"product_tag","embeddable":true,"href":"https:\/\/roveyayinevi.com.tr\/index.php\/wp-json\/wp\/v2\/product_tag?post=730839"}],"curies":[{"name":"wp","href":"https:\/\/api.w.org\/{rel}","templated":true}]}}