{"id":730834,"date":"2025-08-27T21:21:26","date_gmt":"2025-08-27T18:21:26","guid":{"rendered":"https:\/\/roveyayinevi.com.tr\/index.php\/urun\/bilgeligin-baslangici\/"},"modified":"2026-04-16T02:38:38","modified_gmt":"2026-04-15T23:38:38","slug":"bilgeligin-baslangici","status":"publish","type":"product","link":"https:\/\/roveyayinevi.com.tr\/index.php\/urun\/bilgeligin-baslangici\/","title":{"rendered":"Bilgeli\u011fin Ba\u015flang\u0131c\u0131"},"content":{"rendered":"<p>Antik Yunan felsefesi \u00fczerine yap\u0131lm\u0131\u015f pek \u00e7ok \u00e7al\u0131\u015fma, yaz\u0131lm\u0131\u015f pek \u00e7ok kitap ve makale bulunur, ancak b\u00fct\u00fcn bunlar\u0131n belki de tek bir ortak noktas\u0131 vard\u0131r: Hepsinde mutlaka Francis Macdonald Cornford\u2019un ismi ge\u00e7er, \u00e7\u00fcnk\u00fc onun kitaplar\u0131n\u0131 okumadan Antik Yunan felsefesini b\u00fct\u00fcnc\u00fcl ve sa\u011fl\u0131kl\u0131 olarak yorumlamak m\u00fcmk\u00fcn de\u011fildir. \u00d6nemli bir Platon \u00e7evirmeni ve yorumcusu olarak Cornford\u2019un \u00e7al\u0131\u015fmalar\u0131 h\u00e2l\u00e2 son derece sayg\u0131 g\u00f6ren eserlerdir. Eski Yunan tarihinde felsefenin do\u011fu\u015fu konusundaki iki \u00f6nemli eseri Dinden Felsefeye ve Bilgeli\u011fin Ba\u015flang\u0131c\u0131\u2019n\u0131n literat\u00fcrdeki etkisi h\u00e2l\u00e2 son derece g\u00fc\u00e7l\u00fcd\u00fcr. Bilgeli\u011fin Ba\u015flang\u0131c\u0131 hem konunun merakl\u0131s\u0131 okur i\u00e7in zevkli bir okuma hem de akademik anlamda bu alanlarda \u00e7al\u0131\u015fmalar yapan bilim insanlar\u0131 i\u00e7in e\u015fsiz bir kaynak, bir yol g\u00f6sterici olacakt\u0131r. <\/p>\n","protected":false},"excerpt":{"rendered":"<p>Antik Yunan felsefesi \u00fczerine yap\u0131lm\u0131\u015f pek \u00e7ok \u00e7al\u0131\u015fma, yaz\u0131lm\u0131\u015f pek \u00e7ok kitap ve makale bulunur, ancak b\u00fct\u00fcn bunlar\u0131n belki de tek bir ortak noktas\u0131 vard\u0131r: Hepsinde<span class=\"excerpt-hellip\"> [\u2026]<\/span><\/p>\n","protected":false},"featured_media":0,"template":"","meta":{"_monsterinsights_skip_tracking":false,"_monsterinsights_sitenote_active":false,"_monsterinsights_sitenote_note":"","_monsterinsights_sitenote_category":0},"product_brand":[],"product_cat":[12388,14717],"product_tag":[],"class_list":{"0":"post-730834","1":"product","2":"type-product","3":"status-publish","5":"product_cat-felsefe","6":"product_cat-felsefe-tarihi","7":"pa_cilt-ciltsiz","8":"pa_tur-kitap","9":"pa_yayinevi-say-yayinlari","10":"pa_yazar-francis-macdonald-cornford","12":"first","13":"instock","14":"sale","15":"shipping-taxable","16":"purchasable","17":"product-type-simple"},"_links":{"self":[{"href":"https:\/\/roveyayinevi.com.tr\/index.php\/wp-json\/wp\/v2\/product\/730834","targetHints":{"allow":["GET"]}}],"collection":[{"href":"https:\/\/roveyayinevi.com.tr\/index.php\/wp-json\/wp\/v2\/product"}],"about":[{"href":"https:\/\/roveyayinevi.com.tr\/index.php\/wp-json\/wp\/v2\/types\/product"}],"wp:attachment":[{"href":"https:\/\/roveyayinevi.com.tr\/index.php\/wp-json\/wp\/v2\/media?parent=730834"}],"wp:term":[{"taxonomy":"product_brand","embeddable":true,"href":"https:\/\/roveyayinevi.com.tr\/index.php\/wp-json\/wp\/v2\/product_brand?post=730834"},{"taxonomy":"product_cat","embeddable":true,"href":"https:\/\/roveyayinevi.com.tr\/index.php\/wp-json\/wp\/v2\/product_cat?post=730834"},{"taxonomy":"product_tag","embeddable":true,"href":"https:\/\/roveyayinevi.com.tr\/index.php\/wp-json\/wp\/v2\/product_tag?post=730834"}],"curies":[{"name":"wp","href":"https:\/\/api.w.org\/{rel}","templated":true}]}}