{"id":730825,"date":"2025-08-27T21:21:10","date_gmt":"2025-08-27T18:21:10","guid":{"rendered":"https:\/\/roveyayinevi.com.tr\/index.php\/urun\/vladimir-vladimirovic-mayakovski-hicbir-sey-silemez-aski\/"},"modified":"2026-03-31T12:13:49","modified_gmt":"2026-03-31T09:13:49","slug":"vladimir-vladimirovic-mayakovski-hicbir-sey-silemez-aski","status":"publish","type":"product","link":"https:\/\/roveyayinevi.com.tr\/index.php\/urun\/vladimir-vladimirovic-mayakovski-hicbir-sey-silemez-aski\/","title":{"rendered":"Vladimir Vladimirovi\u00e7 Mayakovski &#8211; Hi\u00e7bir \u015eey Silemez A\u015fk\u0131"},"content":{"rendered":"<p>\u201cA\u015fk her \u015feyin kalbi. Bu kalp \u00f6l\u00fcnce, her \u015fey \u00f6l\u00fcp gider, anlams\u0131zla\u015f\u0131r.\u201d \u2013 Mayakovski Vladimir Vladimirovi\u00e7 Mayakovski, Rus \u015fair ve oyun yazar\u0131d\u0131r. Halklar\u0131n asi \u00e7ocu\u011fu, devrimin k\u0131ymetli \u015fairi&#8230; Otuz alt\u0131 y\u0131ll\u0131k k\u0131sac\u0131k hayat\u0131na hem \u00f6l\u00fcms\u00fcz eserler s\u0131\u011fd\u0131rm\u0131\u015f hem de Rusya\u2019da ya\u015fanan Ekim Devrimi\u2019nde \u00e7ara kar\u015f\u0131 ate\u015fli gen\u00e7li\u011finin de etkisiyle tak\u0131nd\u0131\u011f\u0131 dik tavr\u0131yla, say\u0131s\u0131z devrimciye ilham olmu\u015ftur. Mayakovski\u2019nin yerle\u015fik olana ba\u015fkald\u0131ran dili, onun \u00e7ok gen\u00e7 ya\u015fta b\u00fcy\u00fck kitleler taraf\u0131ndan tan\u0131nmas\u0131na yol a\u00e7m\u0131\u015ft\u0131. Hatta Rus \u015fiirinin geleneksel ve g\u00fc\u00e7l\u00fc \u015fairlerinin etkisini \u00f6ylesine kuvvetli k\u0131rm\u0131\u015ft\u0131 ki devrimin \u00e7ocuklar\u0131, Mayakovski\u2019yi devrimin ate\u015fli ruhu olarak g\u00f6rm\u00fc\u015flerdi. O art\u0131k bir bak\u0131ma, devrimin ortaya \u00e7\u0131kard\u0131\u011f\u0131 bir \u015fairdi. Bu kitapta devrimci, gen\u00e7 bir \u015fairin hayat\u0131n\u0131 de\u011fil, yetenekli bir sanat\u00e7\u0131n\u0131n g\u00f6z\u00fc pekli\u011finin, inanm\u0131\u015fl\u0131\u011f\u0131n\u0131n, direni\u015finin, m\u00fccadelesinin, meydanlarda y\u00fckselen sesinin hik\u00e2yesini bulacaks\u0131n\u0131z. <\/p>\n","protected":false},"excerpt":{"rendered":"<p>\u201cA\u015fk her \u015feyin kalbi. Bu kalp \u00f6l\u00fcnce, her \u015fey \u00f6l\u00fcp gider, anlams\u0131zla\u015f\u0131r.\u201d \u2013 Mayakovski Vladimir Vladimirovi\u00e7 Mayakovski, Rus \u015fair ve oyun yazar\u0131d\u0131r. Halklar\u0131n asi \u00e7ocu\u011fu, devrimin<span class=\"excerpt-hellip\"> [\u2026]<\/span><\/p>\n","protected":false},"featured_media":0,"template":"","meta":{"_monsterinsights_skip_tracking":false,"_monsterinsights_sitenote_active":false,"_monsterinsights_sitenote_note":"","_monsterinsights_sitenote_category":0},"product_brand":[],"product_cat":[14009,12291],"product_tag":[],"class_list":{"0":"post-730825","1":"product","2":"type-product","3":"status-publish","5":"product_cat-biyografi-otobiyografi-edebiyat","6":"product_cat-edebiyat","7":"pa_cilt-ciltsiz","8":"pa_tur-kitap","9":"pa_yayinevi-destek-yayinlari","10":"pa_yazar-aydin-simsek","12":"first","13":"instock","14":"sale","15":"shipping-taxable","16":"purchasable","17":"product-type-simple"},"_links":{"self":[{"href":"https:\/\/roveyayinevi.com.tr\/index.php\/wp-json\/wp\/v2\/product\/730825","targetHints":{"allow":["GET"]}}],"collection":[{"href":"https:\/\/roveyayinevi.com.tr\/index.php\/wp-json\/wp\/v2\/product"}],"about":[{"href":"https:\/\/roveyayinevi.com.tr\/index.php\/wp-json\/wp\/v2\/types\/product"}],"wp:attachment":[{"href":"https:\/\/roveyayinevi.com.tr\/index.php\/wp-json\/wp\/v2\/media?parent=730825"}],"wp:term":[{"taxonomy":"product_brand","embeddable":true,"href":"https:\/\/roveyayinevi.com.tr\/index.php\/wp-json\/wp\/v2\/product_brand?post=730825"},{"taxonomy":"product_cat","embeddable":true,"href":"https:\/\/roveyayinevi.com.tr\/index.php\/wp-json\/wp\/v2\/product_cat?post=730825"},{"taxonomy":"product_tag","embeddable":true,"href":"https:\/\/roveyayinevi.com.tr\/index.php\/wp-json\/wp\/v2\/product_tag?post=730825"}],"curies":[{"name":"wp","href":"https:\/\/api.w.org\/{rel}","templated":true}]}}