{"id":730815,"date":"2025-08-27T21:21:00","date_gmt":"2025-08-27T18:21:00","guid":{"rendered":"https:\/\/roveyayinevi.com.tr\/index.php\/urun\/aya-turku-soyleyen-at\/"},"modified":"2026-04-16T02:38:37","modified_gmt":"2026-04-15T23:38:37","slug":"aya-turku-soyleyen-at","status":"publish","type":"product","link":"https:\/\/roveyayinevi.com.tr\/index.php\/urun\/aya-turku-soyleyen-at\/","title":{"rendered":"Ay&#8217;a T\u00fcrk\u00fc S\u00f6yleyen At"},"content":{"rendered":"<p>\u00c7ocukken masal ile hik\u00e2ye-\u00f6yk\u00fc aras\u0131ndaki fark\u0131 bilmezdim. Masal ve hik\u00e2ye t\u00fcr\u00fcnde \u00f6rnekler okuduk\u00e7a ay\u0131rmaya ba\u015flad\u0131m masal ve hik\u00e2yeleri birbirlerinden.S\u00f6zl\u00fc ve yaz\u0131l\u0131 bir anlat\u0131da u\u00e7urtma ipsiz u\u00e7uyorsa bu anlat\u0131 ola\u011fan\u00fcst\u00fc bir ger\u00e7eklik ta\u015f\u0131d\u0131\u011f\u0131 i\u00e7in, masald\u0131r. Bir anlat\u0131da kahramanlar iple havaland\u0131rm\u0131\u015fsa u\u00e7urtmay\u0131, bu s\u00f6zl\u00fc ya da yaz\u0131l\u0131 anlat\u0131 ger\u00e7ek bir hik\u00e2yedir. \u00c7ocuk okurlar i\u00e7in yazarken yaln\u0131zca ger\u00e7e\u011fi yazmak yeterli de\u011fil. \u00c7ocu\u011fun ger\u00e7ekle y\u00fczle\u015fmesi i\u00e7in onu yeni bir yolculu\u011fa \u00e7a\u011f\u0131r\u0131yorum. \u00c7\u00fcnk\u00fc masal, hayal, r\u00fcya ve hik\u00e2ye aynalar\u0131na bakabilme cesareti g\u00f6sterdik\u00e7e umudunuzun b\u00fcy\u00fcyece\u011fini d\u00fc\u015f\u00fcn\u00fcyorum.Ay\u2019a T\u00fcrk\u00fc S\u00f6yleyen At kitab\u0131, \u00e7ocuk edebiyat\u0131m\u0131z\u0131n usta kalemi Mustafa Ruhi \u015eirin\u2019in k\u0131rk be\u015f y\u0131l boyunca yazd\u0131\u011f\u0131 ve \u00e7ocuklar\u0131n severek okudu\u011fu \u00f6yk\u00fclerden olu\u015fan bir se\u00e7ki. Se\u00e7kideki \u00f6yk\u00fclerin \u00f6yk\u00fc yazma duygunuzu kanatland\u0131rmas\u0131 dileklerimizle.<\/p>\n","protected":false},"excerpt":{"rendered":"<p>\u00c7ocukken masal ile hik\u00e2ye-\u00f6yk\u00fc aras\u0131ndaki fark\u0131 bilmezdim. Masal ve hik\u00e2ye t\u00fcr\u00fcnde \u00f6rnekler okuduk\u00e7a ay\u0131rmaya ba\u015flad\u0131m masal ve hik\u00e2yeleri birbirlerinden.S\u00f6zl\u00fc ve yaz\u0131l\u0131 bir anlat\u0131da u\u00e7urtma ipsiz u\u00e7uyorsa<span class=\"excerpt-hellip\"> [\u2026]<\/span><\/p>\n","protected":false},"featured_media":0,"template":"","meta":{"_monsterinsights_skip_tracking":false,"_monsterinsights_sitenote_active":false,"_monsterinsights_sitenote_note":"","_monsterinsights_sitenote_category":0},"product_brand":[],"product_cat":[12275,12274],"product_tag":[],"class_list":{"0":"post-730815","1":"product","2":"type-product","3":"status-publish","5":"product_cat-6-12-yas-kitaplari","6":"product_cat-cocuk-ve-genclik-kitaplari","7":"pa_cilt-ciltsiz","8":"pa_tur-kitap","9":"pa_yayinevi-turkuvaz-kitap","10":"pa_yazar-mustafa-ruhi-sirin","12":"first","13":"instock","14":"sale","15":"shipping-taxable","16":"purchasable","17":"product-type-simple"},"_links":{"self":[{"href":"https:\/\/roveyayinevi.com.tr\/index.php\/wp-json\/wp\/v2\/product\/730815","targetHints":{"allow":["GET"]}}],"collection":[{"href":"https:\/\/roveyayinevi.com.tr\/index.php\/wp-json\/wp\/v2\/product"}],"about":[{"href":"https:\/\/roveyayinevi.com.tr\/index.php\/wp-json\/wp\/v2\/types\/product"}],"wp:attachment":[{"href":"https:\/\/roveyayinevi.com.tr\/index.php\/wp-json\/wp\/v2\/media?parent=730815"}],"wp:term":[{"taxonomy":"product_brand","embeddable":true,"href":"https:\/\/roveyayinevi.com.tr\/index.php\/wp-json\/wp\/v2\/product_brand?post=730815"},{"taxonomy":"product_cat","embeddable":true,"href":"https:\/\/roveyayinevi.com.tr\/index.php\/wp-json\/wp\/v2\/product_cat?post=730815"},{"taxonomy":"product_tag","embeddable":true,"href":"https:\/\/roveyayinevi.com.tr\/index.php\/wp-json\/wp\/v2\/product_tag?post=730815"}],"curies":[{"name":"wp","href":"https:\/\/api.w.org\/{rel}","templated":true}]}}