{"id":730804,"date":"2025-08-27T21:20:51","date_gmt":"2025-08-27T18:20:51","guid":{"rendered":"https:\/\/roveyayinevi.com.tr\/index.php\/urun\/bitki-devrimi\/"},"modified":"2026-04-16T02:38:37","modified_gmt":"2026-04-15T23:38:37","slug":"bitki-devrimi","status":"publish","type":"product","link":"https:\/\/roveyayinevi.com.tr\/index.php\/urun\/bitki-devrimi\/","title":{"rendered":"Bitki Devrimi"},"content":{"rendered":"<p>Genellikle bitkiler hakk\u0131nda her detay\u0131 bildi\u011fimizi ve art\u0131k gezegendeki b\u00fct\u00fcn bitkilerin botanik\u00e7iler taraf\u0131ndan bulundu\u011funu d\u00fc\u015f\u00fcn\u00fcr\u00fcz. Oysa sadece 2015 y\u0131l\u0131nda iki binden fazla yeni t\u00fcr bulundu. Bunlar \u00f6yle el de\u011fmemi\u015f ormanlar\u0131n uzak k\u00f6\u015felerine saklanm\u0131\u015f mikroskobik t\u00fcrler diye san\u0131lmas\u0131n. \u0130\u00e7lerinden biri y\u00fcz tondan fazla a\u011f\u0131rl\u0131\u011f\u0131 olan, 45 metre uzunlu\u011fundaki Gilbertiodendron Maximum!   D\u00fcnyada 31 binden fazla bitki t\u00fcr\u00fcn\u00fc ihtiya\u00e7lar\u0131m\u0131z i\u00e7in kullan\u0131yoruz: T\u0131bbi ama\u00e7l\u0131, besin olarak, tekstil ve yap\u0131 malzemesi olarak, enerji \u00fcretmesi i\u00e7in, hayvan yemi ve sosyal ama\u00e7larla.   D\u00fcnyaca \u00fcnl\u00fc botanik\u00e7i Stefano Mancuso, bitkilere sadece bu ama\u00e7larla de\u011fil, bize \u00f6\u011freteceklerini fark edip onlara ilham alarak bakarsak, sonu\u00e7 m\u00fckemmel olabilir diyor. \u0130\u015fte bu s\u00fcrecin kendisi bitki devrimidir.   Yazar, bitkilerle hayvanlar aras\u0131ndaki \u00e7ok temel bir farka dikkat \u00e7ekiyor. Hayvanlar merkezi bir sisteme sahipken, bitkilerde durum tam tersidir. Merkezi bir sistemleri olmad\u0131\u011f\u0131 halde, etraflar\u0131ndaki ortam\u0131 \u00e7ok daha y\u00fcksek bir hassasiyetle alg\u0131larlar. Ko\u015fullar\u0131 gayet net bir \u015fekilde de\u011ferlendirirler. \u00c7ok y\u00f6nl\u00fc fayda zarar analizleri yaparlar. \u00c7evresel uyaranlara kar\u015f\u0131 uygun eylemleri \u00fcstlenirler. \u015ea\u015f\u0131rt\u0131c\u0131 de\u011fil mi, bunlar\u0131 bitkiler mi yap\u0131yor ger\u00e7ekten?   Bu kitab\u0131n ad\u0131n\u0131 yazar, bu gerek\u00e7elerle Bitki Devrimi koymu\u015ftur. \u0130talyanca orijinalinden tastamam bir \u00e7eviridir hem bu isim hem de bu kitap.     \u00c7ok a\u00e7\u0131k bir \u015fekilde ve \u00e7ok b\u00fcy\u00fck bir h\u0131zla, insanl\u0131k son \u00fc\u00e7 y\u00fcz y\u0131lda \u00fcretti\u011fi ya\u015fam bi\u00e7iminin sonuna geliyor. \u015eansl\u0131y\u0131z ki ayn\u0131 insanl\u0131\u011f\u0131n yine \u00e7ok h\u0131zl\u0131 bir \u015fekilde bu yanl\u0131\u015ftan d\u00f6nme yetene\u011fi var. Bir imk\u00e2n olarak bitkiler, bize \u00e7\u0131k\u0131\u015f yolunu g\u00f6steriyor olabilir. \u00c7ok iyi biliyoruz ki insanlar\u0131n tamam\u0131, hatta hayvanlar\u0131n tamam\u0131 gezegenden silinse, bitkiler ya\u015famaya devam edecek. Ama ya bitkiler yok olursa?      <\/p>\n","protected":false},"excerpt":{"rendered":"<p>Genellikle bitkiler hakk\u0131nda her detay\u0131 bildi\u011fimizi ve art\u0131k gezegendeki b\u00fct\u00fcn bitkilerin botanik\u00e7iler taraf\u0131ndan bulundu\u011funu d\u00fc\u015f\u00fcn\u00fcr\u00fcz. Oysa sadece 2015 y\u0131l\u0131nda iki binden fazla yeni t\u00fcr bulundu. Bunlar<span class=\"excerpt-hellip\"> [\u2026]<\/span><\/p>\n","protected":false},"featured_media":0,"template":"","meta":{"_monsterinsights_skip_tracking":false,"_monsterinsights_sitenote_active":false,"_monsterinsights_sitenote_note":"","_monsterinsights_sitenote_category":0},"product_brand":[],"product_cat":[23323,12364],"product_tag":[],"class_list":{"0":"post-730804","1":"product","2":"type-product","3":"status-publish","5":"product_cat-ekoloji","6":"product_cat-genel-konular","7":"pa_cilt-ciltsiz","8":"pa_tur-kitap","9":"pa_yayinevi-yeni-insan-yayinlari","10":"pa_yazar-stefano-mancuso","12":"first","13":"instock","14":"sale","15":"shipping-taxable","16":"purchasable","17":"product-type-simple"},"_links":{"self":[{"href":"https:\/\/roveyayinevi.com.tr\/index.php\/wp-json\/wp\/v2\/product\/730804","targetHints":{"allow":["GET"]}}],"collection":[{"href":"https:\/\/roveyayinevi.com.tr\/index.php\/wp-json\/wp\/v2\/product"}],"about":[{"href":"https:\/\/roveyayinevi.com.tr\/index.php\/wp-json\/wp\/v2\/types\/product"}],"wp:attachment":[{"href":"https:\/\/roveyayinevi.com.tr\/index.php\/wp-json\/wp\/v2\/media?parent=730804"}],"wp:term":[{"taxonomy":"product_brand","embeddable":true,"href":"https:\/\/roveyayinevi.com.tr\/index.php\/wp-json\/wp\/v2\/product_brand?post=730804"},{"taxonomy":"product_cat","embeddable":true,"href":"https:\/\/roveyayinevi.com.tr\/index.php\/wp-json\/wp\/v2\/product_cat?post=730804"},{"taxonomy":"product_tag","embeddable":true,"href":"https:\/\/roveyayinevi.com.tr\/index.php\/wp-json\/wp\/v2\/product_tag?post=730804"}],"curies":[{"name":"wp","href":"https:\/\/api.w.org\/{rel}","templated":true}]}}