{"id":730785,"date":"2025-08-27T21:20:33","date_gmt":"2025-08-27T18:20:33","guid":{"rendered":"https:\/\/roveyayinevi.com.tr\/index.php\/urun\/sicak-bir-yuva\/"},"modified":"2026-04-16T02:38:37","modified_gmt":"2026-04-15T23:38:37","slug":"sicak-bir-yuva","status":"publish","type":"product","link":"https:\/\/roveyayinevi.com.tr\/index.php\/urun\/sicak-bir-yuva\/","title":{"rendered":"S\u0131cak Bir Yuva"},"content":{"rendered":"<p>Evlat edinen bir baba taraf\u0131ndan yaz\u0131lan SICAK B\u0130R YUVA, evlat edinme s\u00fcrecine \u00e7ocu\u011fun g\u00f6z\u00fcnden bakarak, hassas ve do\u011fru bir tablo \u00e7iziyor ve k\u00fc\u00e7\u00fck \u00e7ocuklar\u0131n evlat edinme kavram\u0131n\u0131 anlamas\u0131na yard\u0131mc\u0131 oluyor. Evlat edinilen her \u00e7ocu\u011fun iyile\u015fmesi ve geli\u015fmesi i\u00e7in, bu yolculu\u011fun anla\u015f\u0131l\u0131r bir hik\u00e2yesi olmas\u0131 ve bu hik\u00e2yenin ilk f\u0131rsatta, ya\u015f\u0131na uygun bir \u015fekilde anlat\u0131lmas\u0131 gerekir. Dr. Meryl Forse, Klinik Psikolog Evlat edinmi\u015f aileler olarak, ge\u00e7mi\u015f ve \u015fimdiki zaman aras\u0131nda ince bir \u00e7izgide y\u00fcr\u00fcr\u00fcz. K\u00fc\u00e7\u00fck \u00e7ocuklar\u0131n\u0131n yeni bir ailenin par\u00e7as\u0131 olmay\u0131 kabullenmelerine yard\u0131mc\u0131 olmak isteyen herkes, bu \u00f6yk\u00fcy\u00fc onlarla payla\u015fmaktan keyif alacak. <\/p>\n","protected":false},"excerpt":{"rendered":"<p>Evlat edinen bir baba taraf\u0131ndan yaz\u0131lan SICAK B\u0130R YUVA, evlat edinme s\u00fcrecine \u00e7ocu\u011fun g\u00f6z\u00fcnden bakarak, hassas ve do\u011fru bir tablo \u00e7iziyor ve k\u00fc\u00e7\u00fck \u00e7ocuklar\u0131n evlat edinme<span class=\"excerpt-hellip\"> [\u2026]<\/span><\/p>\n","protected":false},"featured_media":0,"template":"","meta":{"_monsterinsights_skip_tracking":false,"_monsterinsights_sitenote_active":false,"_monsterinsights_sitenote_note":"","_monsterinsights_sitenote_category":0},"product_brand":[],"product_cat":[12274,12518],"product_tag":[],"class_list":{"0":"post-730785","1":"product","2":"type-product","3":"status-publish","5":"product_cat-cocuk-ve-genclik-kitaplari","6":"product_cat-okul-oncesi-kitaplar","7":"pa_cilt-ciltsiz","8":"pa_tur-kitap","9":"pa_yayinevi-is-bankasi-kultur-yayinlari","10":"pa_yazar-samuel-langley-swain","12":"first","13":"instock","14":"sale","15":"shipping-taxable","16":"purchasable","17":"product-type-simple"},"_links":{"self":[{"href":"https:\/\/roveyayinevi.com.tr\/index.php\/wp-json\/wp\/v2\/product\/730785","targetHints":{"allow":["GET"]}}],"collection":[{"href":"https:\/\/roveyayinevi.com.tr\/index.php\/wp-json\/wp\/v2\/product"}],"about":[{"href":"https:\/\/roveyayinevi.com.tr\/index.php\/wp-json\/wp\/v2\/types\/product"}],"wp:attachment":[{"href":"https:\/\/roveyayinevi.com.tr\/index.php\/wp-json\/wp\/v2\/media?parent=730785"}],"wp:term":[{"taxonomy":"product_brand","embeddable":true,"href":"https:\/\/roveyayinevi.com.tr\/index.php\/wp-json\/wp\/v2\/product_brand?post=730785"},{"taxonomy":"product_cat","embeddable":true,"href":"https:\/\/roveyayinevi.com.tr\/index.php\/wp-json\/wp\/v2\/product_cat?post=730785"},{"taxonomy":"product_tag","embeddable":true,"href":"https:\/\/roveyayinevi.com.tr\/index.php\/wp-json\/wp\/v2\/product_tag?post=730785"}],"curies":[{"name":"wp","href":"https:\/\/api.w.org\/{rel}","templated":true}]}}