{"id":730784,"date":"2025-08-27T21:20:32","date_gmt":"2025-08-27T18:20:32","guid":{"rendered":"https:\/\/roveyayinevi.com.tr\/index.php\/urun\/pek-sessiz-olmayan-fare\/"},"modified":"2026-04-16T02:38:37","modified_gmt":"2026-04-15T23:38:37","slug":"pek-sessiz-olmayan-fare","status":"publish","type":"product","link":"https:\/\/roveyayinevi.com.tr\/index.php\/urun\/pek-sessiz-olmayan-fare\/","title":{"rendered":"Pek Sessiz Olmayan Fare"},"content":{"rendered":"<p>Pek Sessiz Olmayan Fare\u2019nin \u00e7ok g\u00fc\u00e7l\u00fc bir sesi vard\u0131 ve y\u00fcksek sesle kitap okumay\u0131 \u00e7ok seviyordu. Ancak arkada\u015flar\u0131 onun bu huyundan hi\u00e7 ho\u015flanm\u0131yorlard\u0131. Sonunda herkesi mutlu edecek bir \u00e7\u00f6z\u00fcm bulundu, ama sonu\u00e7 hi\u00e7 de beklendi\u011fi gibi olmam\u0131\u015ft\u0131. Merakla okunacak, harika bir \u00f6yk\u00fc!.. <\/p>\n","protected":false},"excerpt":{"rendered":"<p>Pek Sessiz Olmayan Fare\u2019nin \u00e7ok g\u00fc\u00e7l\u00fc bir sesi vard\u0131 ve y\u00fcksek sesle kitap okumay\u0131 \u00e7ok seviyordu. Ancak arkada\u015flar\u0131 onun bu huyundan hi\u00e7 ho\u015flanm\u0131yorlard\u0131. Sonunda herkesi mutlu<span class=\"excerpt-hellip\"> [\u2026]<\/span><\/p>\n","protected":false},"featured_media":0,"template":"","meta":{"_monsterinsights_skip_tracking":false,"_monsterinsights_sitenote_active":false,"_monsterinsights_sitenote_note":"","_monsterinsights_sitenote_category":0},"product_brand":[],"product_cat":[12274,12518],"product_tag":[],"class_list":{"0":"post-730784","1":"product","2":"type-product","3":"status-publish","5":"product_cat-cocuk-ve-genclik-kitaplari","6":"product_cat-okul-oncesi-kitaplar","7":"pa_cilt-ciltsiz","8":"pa_tur-kitap","9":"pa_yayinevi-is-bankasi-kultur-yayinlari","10":"pa_yazar-ruth-waters","12":"first","13":"instock","14":"sale","15":"shipping-taxable","16":"purchasable","17":"product-type-simple"},"_links":{"self":[{"href":"https:\/\/roveyayinevi.com.tr\/index.php\/wp-json\/wp\/v2\/product\/730784","targetHints":{"allow":["GET"]}}],"collection":[{"href":"https:\/\/roveyayinevi.com.tr\/index.php\/wp-json\/wp\/v2\/product"}],"about":[{"href":"https:\/\/roveyayinevi.com.tr\/index.php\/wp-json\/wp\/v2\/types\/product"}],"wp:attachment":[{"href":"https:\/\/roveyayinevi.com.tr\/index.php\/wp-json\/wp\/v2\/media?parent=730784"}],"wp:term":[{"taxonomy":"product_brand","embeddable":true,"href":"https:\/\/roveyayinevi.com.tr\/index.php\/wp-json\/wp\/v2\/product_brand?post=730784"},{"taxonomy":"product_cat","embeddable":true,"href":"https:\/\/roveyayinevi.com.tr\/index.php\/wp-json\/wp\/v2\/product_cat?post=730784"},{"taxonomy":"product_tag","embeddable":true,"href":"https:\/\/roveyayinevi.com.tr\/index.php\/wp-json\/wp\/v2\/product_tag?post=730784"}],"curies":[{"name":"wp","href":"https:\/\/api.w.org\/{rel}","templated":true}]}}