{"id":730778,"date":"2025-08-27T21:20:26","date_gmt":"2025-08-27T18:20:26","guid":{"rendered":"https:\/\/roveyayinevi.com.tr\/index.php\/urun\/kedi-degil-kiti-banyo-zamani\/"},"modified":"2026-04-16T02:38:37","modified_gmt":"2026-04-15T23:38:37","slug":"kedi-degil-kiti-banyo-zamani","status":"publish","type":"product","link":"https:\/\/roveyayinevi.com.tr\/index.php\/urun\/kedi-degil-kiti-banyo-zamani\/","title":{"rendered":"Kedi De\u011fil Kiti \u2013 Banyo Zaman\u0131"},"content":{"rendered":"<p>Kiti\u2019nin banyo yapmaya ihtiyac\u0131 var. Ama s\u00f6ylemesi kolay. SUDAN NEFRET EDEN kedilerle dolu bir evde gel de banyo yap bakal\u0131m! Sonunda kediler t\u00fcm CESARETLER\u0130N\u0130 toplay\u0131p, harap kona\u011f\u0131n eski ve tozlu banyosunun kap\u0131s\u0131n\u0131 a\u00e7\u0131nca, Kiti banyo yapman\u0131n o kadar da k\u00f6t\u00fc bir \u015fey olmad\u0131\u011f\u0131n\u0131 anl\u0131yor<\/p>\n","protected":false},"excerpt":{"rendered":"<p>Kiti\u2019nin banyo yapmaya ihtiyac\u0131 var. Ama s\u00f6ylemesi kolay. SUDAN NEFRET EDEN kedilerle dolu bir evde gel de banyo yap bakal\u0131m! Sonunda kediler t\u00fcm CESARETLER\u0130N\u0130 toplay\u0131p, harap<span class=\"excerpt-hellip\"> [\u2026]<\/span><\/p>\n","protected":false},"featured_media":0,"template":"","meta":{"_monsterinsights_skip_tracking":false,"_monsterinsights_sitenote_active":false,"_monsterinsights_sitenote_note":"","_monsterinsights_sitenote_category":0},"product_brand":[],"product_cat":[12274,12518],"product_tag":[],"class_list":{"0":"post-730778","1":"product","2":"type-product","3":"status-publish","5":"product_cat-cocuk-ve-genclik-kitaplari","6":"product_cat-okul-oncesi-kitaplar","7":"pa_cilt-ciltsiz","8":"pa_tur-kitap","9":"pa_yayinevi-is-bankasi-kultur-yayinlari","10":"pa_yazar-jess-black","12":"first","13":"instock","14":"sale","15":"shipping-taxable","16":"purchasable","17":"product-type-simple"},"_links":{"self":[{"href":"https:\/\/roveyayinevi.com.tr\/index.php\/wp-json\/wp\/v2\/product\/730778","targetHints":{"allow":["GET"]}}],"collection":[{"href":"https:\/\/roveyayinevi.com.tr\/index.php\/wp-json\/wp\/v2\/product"}],"about":[{"href":"https:\/\/roveyayinevi.com.tr\/index.php\/wp-json\/wp\/v2\/types\/product"}],"wp:attachment":[{"href":"https:\/\/roveyayinevi.com.tr\/index.php\/wp-json\/wp\/v2\/media?parent=730778"}],"wp:term":[{"taxonomy":"product_brand","embeddable":true,"href":"https:\/\/roveyayinevi.com.tr\/index.php\/wp-json\/wp\/v2\/product_brand?post=730778"},{"taxonomy":"product_cat","embeddable":true,"href":"https:\/\/roveyayinevi.com.tr\/index.php\/wp-json\/wp\/v2\/product_cat?post=730778"},{"taxonomy":"product_tag","embeddable":true,"href":"https:\/\/roveyayinevi.com.tr\/index.php\/wp-json\/wp\/v2\/product_tag?post=730778"}],"curies":[{"name":"wp","href":"https:\/\/api.w.org\/{rel}","templated":true}]}}