{"id":730770,"date":"2025-08-27T21:20:18","date_gmt":"2025-08-27T18:20:18","guid":{"rendered":"https:\/\/roveyayinevi.com.tr\/index.php\/urun\/aziyade\/"},"modified":"2026-04-16T02:38:36","modified_gmt":"2026-04-15T23:38:36","slug":"aziyade","status":"publish","type":"product","link":"https:\/\/roveyayinevi.com.tr\/index.php\/urun\/aziyade\/","title":{"rendered":"Aziyade"},"content":{"rendered":"<p>Aziyade, edebiyat d\u00fcnyas\u0131nda Pierre Loti ad\u0131yla tan\u0131nan Frans\u0131z deniz subay\u0131 Julien Viaud\u2019nun 1879 y\u0131l\u0131nda yay\u0131mlanm\u0131\u015f ilk yap\u0131t\u0131. Bir \u0130ngiliz sava\u015f gemisiyle 1876\u2019da Selanik liman\u0131na gelen roman kahraman\u0131 arac\u0131l\u0131\u011f\u0131yla yazar, kendi ya\u015fam \u00f6yk\u00fcs\u00fc ile kurmaca aras\u0131nda k\u00f6pr\u00fcler kurarak Osmanl\u0131 d\u00fcnyas\u0131na kendini aday\u0131\u015f\u0131n\u0131 betimliyor. Gizli gizli bulu\u015ftu\u011fu \u00c7erkez g\u00fczeli Aziyade\u2019yle olan a\u015fk\u0131, Loti\u2019yi Do\u011fu k\u00fclt\u00fcr\u00fcne giderek daha fazla \u00e7eken bir kuvvete d\u00f6n\u00fc\u015f\u00fcyor. 1876-77 y\u0131llar\u0131nda, Do\u011fu Sorunu, Tersane Konferans\u0131, anayasa devrimi, Osmanl\u0131-Rus Sava\u015f\u0131\u2019n\u0131 kapsayan yo\u011fun siyasal atmosferin i\u00e7inde, s\u0131radan insan\u0131yla, elitiyle, M\u00fcsl\u00fcman, Musevi, H\u0131ristiyan k\u00fclt\u00fcr\u00fcyle, kozmopolit Osmanl\u0131 toplumunun canl\u0131 bir portresini sunan ender yap\u0131tlardan Aziyade. <\/p>\n","protected":false},"excerpt":{"rendered":"<p>Aziyade, edebiyat d\u00fcnyas\u0131nda Pierre Loti ad\u0131yla tan\u0131nan Frans\u0131z deniz subay\u0131 Julien Viaud\u2019nun 1879 y\u0131l\u0131nda yay\u0131mlanm\u0131\u015f ilk yap\u0131t\u0131. Bir \u0130ngiliz sava\u015f gemisiyle 1876\u2019da Selanik liman\u0131na gelen roman<span class=\"excerpt-hellip\"> [\u2026]<\/span><\/p>\n","protected":false},"featured_media":0,"template":"","meta":{"_monsterinsights_skip_tracking":false,"_monsterinsights_sitenote_active":false,"_monsterinsights_sitenote_note":"","_monsterinsights_sitenote_category":0},"product_brand":[],"product_cat":[12291,26797],"product_tag":[],"class_list":{"0":"post-730770","1":"product","2":"type-product","3":"status-publish","5":"product_cat-edebiyat","6":"product_cat-modern-klasikler","7":"pa_cilt-ciltsiz","8":"pa_tur-kitap","9":"pa_yayinevi-is-bankasi-kultur-yayinlari","10":"pa_yazar-pierre-loti","12":"first","13":"instock","14":"sale","15":"shipping-taxable","16":"purchasable","17":"product-type-simple"},"_links":{"self":[{"href":"https:\/\/roveyayinevi.com.tr\/index.php\/wp-json\/wp\/v2\/product\/730770","targetHints":{"allow":["GET"]}}],"collection":[{"href":"https:\/\/roveyayinevi.com.tr\/index.php\/wp-json\/wp\/v2\/product"}],"about":[{"href":"https:\/\/roveyayinevi.com.tr\/index.php\/wp-json\/wp\/v2\/types\/product"}],"wp:attachment":[{"href":"https:\/\/roveyayinevi.com.tr\/index.php\/wp-json\/wp\/v2\/media?parent=730770"}],"wp:term":[{"taxonomy":"product_brand","embeddable":true,"href":"https:\/\/roveyayinevi.com.tr\/index.php\/wp-json\/wp\/v2\/product_brand?post=730770"},{"taxonomy":"product_cat","embeddable":true,"href":"https:\/\/roveyayinevi.com.tr\/index.php\/wp-json\/wp\/v2\/product_cat?post=730770"},{"taxonomy":"product_tag","embeddable":true,"href":"https:\/\/roveyayinevi.com.tr\/index.php\/wp-json\/wp\/v2\/product_tag?post=730770"}],"curies":[{"name":"wp","href":"https:\/\/api.w.org\/{rel}","templated":true}]}}