{"id":730760,"date":"2025-08-27T21:20:08","date_gmt":"2025-08-27T18:20:08","guid":{"rendered":"https:\/\/roveyayinevi.com.tr\/index.php\/urun\/kahkahayi-patlatin\/"},"modified":"2026-04-16T02:38:36","modified_gmt":"2026-04-15T23:38:36","slug":"kahkahayi-patlatin","status":"publish","type":"product","link":"https:\/\/roveyayinevi.com.tr\/index.php\/urun\/kahkahayi-patlatin\/","title":{"rendered":"Kahkahay\u0131 Patlat\u0131n"},"content":{"rendered":"<p>Tam 51 y\u0131ld\u0131r yaz\u0131l\u0131 &#8211; g\u00f6rsel medyada farkl\u0131 g\u00f6rev ve sorumluluklar alm\u0131\u015f olan gazeteci Ercan Deva&#8217;n\u0131n yay\u0131nlanm\u0131\u015f 11 kitab\u0131 bulunuyor.Deva, 2020 y\u0131l\u0131n\u0131n Ekim ay\u0131nda yitirdi\u011fimiz mizah d\u00fcnyas\u0131n\u0131n \u00f6rnek yazar\u0131 Bekir Co\u015fkun&#8217;un an\u0131s\u0131n\u0131 ya\u015fatmak i\u00e7in bu kitab\u0131 yazd\u0131. O, g\u00fclmeyi ve insanlar\u0131 g\u00fcl\u00fcmsetmeyi \u00e7ok severdi. O nedenle kitaba &#8220;Kahkahay\u0131 Patlat\u0131n&#8221; ad\u0131 verildi.Kitapta, Cumhuriyet d\u00f6neminin mizah yazarlar\u0131ndan \u00f6rneklerin yan\u0131 s\u0131ra, siyaset\u00e7iler ve mizaha malzeme olanlar da var. Yazar, Bekir Co\u015fkun&#8217;la birlikte \u00e7al\u0131\u015ft\u0131\u011f\u0131 Sabah gazetesinin ilk y\u0131llar\u0131ndan an\u0131lara ve onun se\u00e7ilmi\u015f baz\u0131 yaz\u0131lar\u0131na da yer veriyor.Yazar, Bekir Co\u015fkun i\u00e7in &#8220;O benim yazar\u0131md\u0131&#8221; diyor.Kitab\u0131 okurken, bir mizah turu ya\u015fayacak, kimi zaman duygulanacak, d\u00fc\u015f\u00fcnecek, kimi zaman da kahkahay\u0131 patlatacaks\u0131n\u0131z.&#8221;Senin g\u00fcle\u00e7 y\u00fcz\u00fcn\u00fc hi\u00e7 unutmayaca\u011f\u0131m. I\u015f\u0131klarda uyu sevgili dostum Bekir. Kalbimde hep ya\u015fayacaks\u0131n&#8230;&#8221;<\/p>\n","protected":false},"excerpt":{"rendered":"<p>Tam 51 y\u0131ld\u0131r yaz\u0131l\u0131 &#8211; g\u00f6rsel medyada farkl\u0131 g\u00f6rev ve sorumluluklar alm\u0131\u015f olan gazeteci Ercan Deva&#8217;n\u0131n yay\u0131nlanm\u0131\u015f 11 kitab\u0131 bulunuyor.Deva, 2020 y\u0131l\u0131n\u0131n Ekim ay\u0131nda yitirdi\u011fimiz mizah<span class=\"excerpt-hellip\"> [\u2026]<\/span><\/p>\n","protected":false},"featured_media":0,"template":"","meta":{"_monsterinsights_skip_tracking":false,"_monsterinsights_sitenote_active":false,"_monsterinsights_sitenote_note":"","_monsterinsights_sitenote_category":0},"product_brand":[],"product_cat":[18545,12291],"product_tag":[],"class_list":{"0":"post-730760","1":"product","2":"type-product","3":"status-publish","5":"product_cat-anlati","6":"product_cat-edebiyat","7":"pa_cilt-ciltsiz","8":"pa_tur-kitap","9":"pa_yayinevi-baris-kitap","10":"pa_yazar-ercan-deva","12":"first","13":"instock","14":"sale","15":"shipping-taxable","16":"purchasable","17":"product-type-simple"},"_links":{"self":[{"href":"https:\/\/roveyayinevi.com.tr\/index.php\/wp-json\/wp\/v2\/product\/730760","targetHints":{"allow":["GET"]}}],"collection":[{"href":"https:\/\/roveyayinevi.com.tr\/index.php\/wp-json\/wp\/v2\/product"}],"about":[{"href":"https:\/\/roveyayinevi.com.tr\/index.php\/wp-json\/wp\/v2\/types\/product"}],"wp:attachment":[{"href":"https:\/\/roveyayinevi.com.tr\/index.php\/wp-json\/wp\/v2\/media?parent=730760"}],"wp:term":[{"taxonomy":"product_brand","embeddable":true,"href":"https:\/\/roveyayinevi.com.tr\/index.php\/wp-json\/wp\/v2\/product_brand?post=730760"},{"taxonomy":"product_cat","embeddable":true,"href":"https:\/\/roveyayinevi.com.tr\/index.php\/wp-json\/wp\/v2\/product_cat?post=730760"},{"taxonomy":"product_tag","embeddable":true,"href":"https:\/\/roveyayinevi.com.tr\/index.php\/wp-json\/wp\/v2\/product_tag?post=730760"}],"curies":[{"name":"wp","href":"https:\/\/api.w.org\/{rel}","templated":true}]}}