{"id":730756,"date":"2025-08-27T21:20:04","date_gmt":"2025-08-27T18:20:04","guid":{"rendered":"https:\/\/roveyayinevi.com.tr\/index.php\/urun\/adalet-ve-toplum\/"},"modified":"2026-04-16T02:38:36","modified_gmt":"2026-04-15T23:38:36","slug":"adalet-ve-toplum","status":"publish","type":"product","link":"https:\/\/roveyayinevi.com.tr\/index.php\/urun\/adalet-ve-toplum\/","title":{"rendered":"Adalet Ve Toplum"},"content":{"rendered":"<p>Bu kitab\u0131 neden yazd\u0131m? Ormanda tek ba\u015f\u0131m\u0131za ya\u015famad\u0131\u011f\u0131m\u0131za g\u00f6re ya\u015fant\u0131m\u0131z\u0131 d\u00fczene koymak ve huzur i\u00e7inde bir d\u00fczen kurmam\u0131z gerekiyor. \u0130nsanlar\u0131n birbirinin hakk\u0131n\u0131 gasp etmesinin ve birbirine zarar vermesinin \u00f6n\u00fcne ge\u00e7menin tek form\u00fcl\u00fc makul bir hukuk sistemi kurmakt\u0131r. Peki iyi hukuk sistemi nas\u0131l kurulur, her hukuk sistemi insanlara huzur ve g\u00fcven tesis edebilir mi? S\u00f6zde de\u011fil ger\u00e7ek bir fonksiyon ihtiva edecek olan bir hukuk sistemi nas\u0131l kurulur? Adalet olmad\u0131\u011f\u0131nda ba\u015f\u0131m\u0131za neler gelebilir? Bug\u00fcn bizler i\u00e7in iyi olup ba\u015fkalar\u0131 i\u00e7in k\u00f6t\u00fc olan sistem yar\u0131n tersine i\u015fleyebilir. Bunun \u00f6n\u00fcne nas\u0131l ge\u00e7meliyiz? Hukukun b\u0131rakt\u0131\u011f\u0131 bo\u015flu\u011fu ahlak ve vicdan doldurabilir mi? Yahut doldurmas\u0131 i\u00e7in neler yap\u0131lmal\u0131d\u0131r? Hukuk \u00f6ncelikle namuslu insanlar i\u00e7in mi gereklidir yoksa namussuzlar i\u00e7in mi? Hukuk ve adaletin tesisinde halk\u0131n rol\u00fc ne olmal\u0131d\u0131r? Halk\u0131n adalet talebinin bir \u00f6nemi var m\u0131d\u0131r? Olaylar\u0131n fark\u0131na varman\u0131n adaletin rotas\u0131na bir etkisi olur mu? \u0130\u015fte kitab\u0131 bu sorular\u0131n cevab\u0131n\u0131 aramak i\u00e7in kaleme ald\u0131m. <\/p>\n","protected":false},"excerpt":{"rendered":"<p>Bu kitab\u0131 neden yazd\u0131m? Ormanda tek ba\u015f\u0131m\u0131za ya\u015famad\u0131\u011f\u0131m\u0131za g\u00f6re ya\u015fant\u0131m\u0131z\u0131 d\u00fczene koymak ve huzur i\u00e7inde bir d\u00fczen kurmam\u0131z gerekiyor. \u0130nsanlar\u0131n birbirinin hakk\u0131n\u0131 gasp etmesinin ve birbirine<span class=\"excerpt-hellip\"> [\u2026]<\/span><\/p>\n","protected":false},"featured_media":0,"template":"","meta":{"_monsterinsights_skip_tracking":false,"_monsterinsights_sitenote_active":false,"_monsterinsights_sitenote_note":"","_monsterinsights_sitenote_category":0},"product_brand":[],"product_cat":[12777,12291],"product_tag":[],"class_list":{"0":"post-730756","1":"product","2":"type-product","3":"status-publish","5":"product_cat-deneme","6":"product_cat-edebiyat","7":"pa_cilt-ciltsiz","8":"pa_tur-kitap","9":"pa_yayinevi-gulnar-yayinlari","10":"pa_yazar-m-necati-kayhan","12":"first","13":"instock","14":"sale","15":"shipping-taxable","16":"purchasable","17":"product-type-simple"},"_links":{"self":[{"href":"https:\/\/roveyayinevi.com.tr\/index.php\/wp-json\/wp\/v2\/product\/730756","targetHints":{"allow":["GET"]}}],"collection":[{"href":"https:\/\/roveyayinevi.com.tr\/index.php\/wp-json\/wp\/v2\/product"}],"about":[{"href":"https:\/\/roveyayinevi.com.tr\/index.php\/wp-json\/wp\/v2\/types\/product"}],"wp:attachment":[{"href":"https:\/\/roveyayinevi.com.tr\/index.php\/wp-json\/wp\/v2\/media?parent=730756"}],"wp:term":[{"taxonomy":"product_brand","embeddable":true,"href":"https:\/\/roveyayinevi.com.tr\/index.php\/wp-json\/wp\/v2\/product_brand?post=730756"},{"taxonomy":"product_cat","embeddable":true,"href":"https:\/\/roveyayinevi.com.tr\/index.php\/wp-json\/wp\/v2\/product_cat?post=730756"},{"taxonomy":"product_tag","embeddable":true,"href":"https:\/\/roveyayinevi.com.tr\/index.php\/wp-json\/wp\/v2\/product_tag?post=730756"}],"curies":[{"name":"wp","href":"https:\/\/api.w.org\/{rel}","templated":true}]}}