{"id":730741,"date":"2025-08-27T21:19:49","date_gmt":"2025-08-27T18:19:49","guid":{"rendered":"https:\/\/roveyayinevi.com.tr\/index.php\/urun\/yenibutuncu-siirin-manifestosu\/"},"modified":"2026-04-16T02:38:36","modified_gmt":"2026-04-15T23:38:36","slug":"yenibutuncu-siirin-manifestosu","status":"publish","type":"product","link":"https:\/\/roveyayinevi.com.tr\/index.php\/urun\/yenibutuncu-siirin-manifestosu\/","title":{"rendered":"Yenib\u00fct\u00fcnc\u00fc \u015eiirin Manifestosu"},"content":{"rendered":"<p>Yenib\u00fct\u00fcnc\u00fc \u015eiir Manifestosu yay\u0131mlan\u0131r yay\u0131mlanmaz g\u00fcndem olu\u015fturdu. \u0130lk iki y\u0131l yo\u011fun olarak tart\u0131\u015f\u0131ld\u0131. Yaz\u0131lar, kar\u015f\u0131 yaz\u0131lar yaz\u0131ld\u0131. O g\u00fcnden bu yana \u015fiir \u00fczerine yaz\u0131lan yaz\u0131larda, \u015fairlerle yap\u0131lan s\u00f6yle\u015filerde Yenib\u00fct\u00fcnc\u00fc \u015eiir Manifestosunun i\u00e7eri\u011fine g\u00f6ndermeler yap\u0131ld\u0131. O ilgi h\u00e2l\u00e2 devam ediyor. \u00dcniversitelerde tez \u00e7al\u0131\u015fmalar\u0131na konu oluyor. Sadece bu ba\u011flamda de\u011fil, \u015fiir sanat\u0131 \u00fczerine d\u00fc\u015f\u00fcnmek isteyenler, ara\u015ft\u0131rma yapanlar da Manifestoya ili\u015fkin kaynaklara ula\u015fmak istiyor. Ahmet Oktay, Melih Cevdet Anday, Mehmet H. Do\u011fan, Mustafa \u00d6ne\u015f, Ataol Behramo\u011flu, Cemal S\u00fcreya, Fahri Demir; kar\u015f\u0131 yaz\u0131lar\u0131yla As\u0131m Bezirci, Can Y\u00fccel, Mustafa T\u00fcrker, Mustafa Ceydiler, \u00d6. M. (\u00d6mer Madra), Hasan B\u00fclent Kahraman gibi yazarlar\/\u015fairler Yenib\u00fct\u00fcnc\u00fc \u015eiir Manifestosunu tart\u0131\u015fma, anlama gere\u011fi duydu. \u0130stanbul \u00dcniversitesinde gen\u00e7ler Manifestoyu \u00e7o\u011faltarak, Gen\u00e7 Yenib\u00fct\u00fcnc\u00fcler imzas\u0131yla bir bildiri olarak da\u011f\u0131tt\u0131lar. Cemal S\u00fcreya \u201cHepimiz Yenib\u00fct\u00fcnc\u00fcy\u00fcz.\u201d diyerek bu ilginin ku\u015fat\u0131c\u0131 oldu\u011funa a\u00e7\u0131kl\u0131k getirir. <\/p>\n","protected":false},"excerpt":{"rendered":"<p>Yenib\u00fct\u00fcnc\u00fc \u015eiir Manifestosu yay\u0131mlan\u0131r yay\u0131mlanmaz g\u00fcndem olu\u015fturdu. \u0130lk iki y\u0131l yo\u011fun olarak tart\u0131\u015f\u0131ld\u0131. Yaz\u0131lar, kar\u015f\u0131 yaz\u0131lar yaz\u0131ld\u0131. O g\u00fcnden bu yana \u015fiir \u00fczerine yaz\u0131lan yaz\u0131larda, \u015fairlerle<span class=\"excerpt-hellip\"> [\u2026]<\/span><\/p>\n","protected":false},"featured_media":0,"template":"","meta":{"_monsterinsights_skip_tracking":false,"_monsterinsights_sitenote_active":false,"_monsterinsights_sitenote_note":"","_monsterinsights_sitenote_category":0},"product_brand":[],"product_cat":[13072,12291],"product_tag":[],"class_list":{"0":"post-730741","1":"product","2":"type-product","3":"status-publish","5":"product_cat-arastirma-inceleme-referans","6":"product_cat-edebiyat","7":"pa_cilt-ciltsiz","8":"pa_tur-kitap","9":"pa_yayinevi-klaros-yayinlari","10":"pa_yazar-veysel-colak-aslihan-tuyluoglu","12":"first","13":"instock","14":"sale","15":"shipping-taxable","16":"purchasable","17":"product-type-simple"},"_links":{"self":[{"href":"https:\/\/roveyayinevi.com.tr\/index.php\/wp-json\/wp\/v2\/product\/730741","targetHints":{"allow":["GET"]}}],"collection":[{"href":"https:\/\/roveyayinevi.com.tr\/index.php\/wp-json\/wp\/v2\/product"}],"about":[{"href":"https:\/\/roveyayinevi.com.tr\/index.php\/wp-json\/wp\/v2\/types\/product"}],"wp:attachment":[{"href":"https:\/\/roveyayinevi.com.tr\/index.php\/wp-json\/wp\/v2\/media?parent=730741"}],"wp:term":[{"taxonomy":"product_brand","embeddable":true,"href":"https:\/\/roveyayinevi.com.tr\/index.php\/wp-json\/wp\/v2\/product_brand?post=730741"},{"taxonomy":"product_cat","embeddable":true,"href":"https:\/\/roveyayinevi.com.tr\/index.php\/wp-json\/wp\/v2\/product_cat?post=730741"},{"taxonomy":"product_tag","embeddable":true,"href":"https:\/\/roveyayinevi.com.tr\/index.php\/wp-json\/wp\/v2\/product_tag?post=730741"}],"curies":[{"name":"wp","href":"https:\/\/api.w.org\/{rel}","templated":true}]}}