{"id":730734,"date":"2025-08-27T21:19:44","date_gmt":"2025-08-27T18:19:44","guid":{"rendered":"https:\/\/roveyayinevi.com.tr\/index.php\/urun\/enneagram-ile-kisilik-analizi\/"},"modified":"2026-04-03T02:45:54","modified_gmt":"2026-04-02T23:45:54","slug":"enneagram-ile-kisilik-analizi","status":"publish","type":"product","link":"https:\/\/roveyayinevi.com.tr\/index.php\/urun\/enneagram-ile-kisilik-analizi\/","title":{"rendered":"Enneagram ile Ki\u015filik Analizi"},"content":{"rendered":"<p>Enneagram, ki\u015fili\u011finizin benlik nefsini terk edip nas\u0131l daha b\u00fcy\u00fck bir Nefse y\u00f6nelebilece\u011fimizi bize g\u00f6sterir; b\u00f6ylece ya\u015fam\u0131n kutsal gizeminin bilin\u00e7li kat\u0131l\u0131mc\u0131s\u0131 olabiliriz. Asl\u0131nda bu, Ruhun ya\u015fam\u0131 demek olan her \u015feyin elde edilmesi amac\u0131 ile bir hi\u00e7in, yani ki\u015fili\u011fimizin terk edilmesi demektir. Bu yolda ilk ad\u0131m, ki\u015fili\u011fimizin bilin\u00e7d\u0131\u015f\u0131 emirlerini yerine getirmekten vazge\u00e7memiz i\u00e7in kendimizi g\u00f6zlemlemeye istekli olmakt\u0131r.Savunmas\u0131z h\u00fccremizin i\u00e7inde bir esir gibiyiz. Kimse bizi buraya zorla sokmad\u0131; ayr\u0131ca anahtar\u0131n i\u00e7eride oldu\u011funu da biliyoruz. Bu anahtar\u0131 bulabilirsek kap\u0131y\u0131 a\u00e7abilecek ve \u00f6zg\u00fcrl\u00fc\u011f\u00fcm\u00fcze kavu\u015fabilece\u011fiz. Ama acaba anahtar nerede?\u0130\u015fte kadim sufi bilgeli\u011finin binlerce y\u0131l \u00f6tesinden i\u015faret etti\u011fi ki\u015filik tipleri:Tarz Bir Reformcu, ilkeli, ama\u00e7l\u0131 ve kontroll\u00fc, kusursuzluk pe\u015findeTarz \u0130ki Yard\u0131mc\u0131, c\u00f6mert, kendini g\u00f6stermeyi seven, insanlar\u0131 memnun etmeye \u00e7al\u0131\u015fan, bask\u0131 kuranTarz \u00dc\u00e7 Ba\u015faran, duruma uyan, h\u0131rsl\u0131, imaj merakl\u0131s\u0131 ve k\u00fcstahTarz D\u00f6rt Bireyci, canl\u0131 ifade g\u00fcc\u00fc olan, etkileyici, rolamtik, saklay\u0131c\u0131 ve de\u011fi\u015fken ruh halliTarz Be\u015f Ara\u015ft\u0131rmac\u0131, yenilik\u00e7i, beyinsel, mesafeki ve k\u0131\u015fk\u0131rt\u0131c\u0131Tarz Alt\u0131 Sad\u0131k, g\u00fcvenilir, kendini adayan, savunmac\u0131 ve \u015f\u00fcpheciTarz Yedi Hevesli, kendili\u011finden davranan, \u00e7ok y\u00f6nl\u00fc, dikkati \u00e7abuk da\u011f\u0131lan, a\u015f\u0131r\u0131ya ka\u00e7abilenTarz Sekiz Meydan Okuyan, \u00f6z g\u00fcven sahibi, kararl\u0131, h\u00fckmedici ve y\u00fczle\u015fme e\u011filimliTarz Dokuz Bar\u0131\u015f\u00e7\u0131, destekleyici, uyumlu, kopuk ve inat\u00e7\u0131<\/p>\n","protected":false},"excerpt":{"rendered":"<p>Enneagram, ki\u015fili\u011finizin benlik nefsini terk edip nas\u0131l daha b\u00fcy\u00fck bir Nefse y\u00f6nelebilece\u011fimizi bize g\u00f6sterir; b\u00f6ylece ya\u015fam\u0131n kutsal gizeminin bilin\u00e7li kat\u0131l\u0131mc\u0131s\u0131 olabiliriz. Asl\u0131nda bu, Ruhun ya\u015fam\u0131 demek<span class=\"excerpt-hellip\"> [\u2026]<\/span><\/p>\n","protected":false},"featured_media":0,"template":"","meta":{"_monsterinsights_skip_tracking":false,"_monsterinsights_sitenote_active":false,"_monsterinsights_sitenote_note":"","_monsterinsights_sitenote_category":0},"product_brand":[],"product_cat":[12364,12376],"product_tag":[],"class_list":{"0":"post-730734","1":"product","2":"type-product","3":"status-publish","5":"product_cat-genel-konular","6":"product_cat-kisisel-gelisim","7":"pa_cilt-ciltsiz","8":"pa_tur-kitap","9":"pa_yayinevi-butik-yayinlari","10":"pa_yazar-don-richard-riso","12":"first","13":"instock","14":"sale","15":"shipping-taxable","16":"purchasable","17":"product-type-simple"},"_links":{"self":[{"href":"https:\/\/roveyayinevi.com.tr\/index.php\/wp-json\/wp\/v2\/product\/730734","targetHints":{"allow":["GET"]}}],"collection":[{"href":"https:\/\/roveyayinevi.com.tr\/index.php\/wp-json\/wp\/v2\/product"}],"about":[{"href":"https:\/\/roveyayinevi.com.tr\/index.php\/wp-json\/wp\/v2\/types\/product"}],"wp:attachment":[{"href":"https:\/\/roveyayinevi.com.tr\/index.php\/wp-json\/wp\/v2\/media?parent=730734"}],"wp:term":[{"taxonomy":"product_brand","embeddable":true,"href":"https:\/\/roveyayinevi.com.tr\/index.php\/wp-json\/wp\/v2\/product_brand?post=730734"},{"taxonomy":"product_cat","embeddable":true,"href":"https:\/\/roveyayinevi.com.tr\/index.php\/wp-json\/wp\/v2\/product_cat?post=730734"},{"taxonomy":"product_tag","embeddable":true,"href":"https:\/\/roveyayinevi.com.tr\/index.php\/wp-json\/wp\/v2\/product_tag?post=730734"}],"curies":[{"name":"wp","href":"https:\/\/api.w.org\/{rel}","templated":true}]}}