{"id":730730,"date":"2025-08-27T21:19:40","date_gmt":"2025-08-27T18:19:40","guid":{"rendered":"https:\/\/roveyayinevi.com.tr\/index.php\/urun\/umit-kaftancioglu-oyku-odulleri-2020-2021\/"},"modified":"2026-04-16T02:38:36","modified_gmt":"2026-04-15T23:38:36","slug":"umit-kaftancioglu-oyku-odulleri-2020-2021","status":"publish","type":"product","link":"https:\/\/roveyayinevi.com.tr\/index.php\/urun\/umit-kaftancioglu-oyku-odulleri-2020-2021\/","title":{"rendered":"\u00dcmit Kaftanc\u0131o\u011flu \u00d6yk\u00fc \u00d6d\u00fclleri 2020-2021"},"content":{"rendered":"<p>Her sene gurur ve mutlulukla \u00dcmit Kaftanc\u0131o\u011flu \u00f6yk\u00fc Yar\u0131\u015fmas\u0131\u2019nda \u00f6d\u00fcl alan yazarlar\u0131 d\u00fczenlenen anma ve \u00f6yk\u00fc \u00f6d\u00fcl da\u011f\u0131t\u0131m gecesinde kamuoyuna sunuyor idik. Ancak k\u00fcresel salg\u0131n nedeni ile bu t\u00f6reni iki y\u0131ld\u0131r ger\u00e7ekle\u015ftiremiyoruz. Edebiyata g\u00f6n\u00fcl ve emek veren yazarlar\u0131m\u0131z\u0131 dijital ve yaz\u0131l\u0131 medya \u00fczerinden alk\u0131\u015flayabiliyor, al\u0131nlar\u0131ndan \u00f6pebiliyoruz. \u00c7\u0131kt\u0131klar\u0131 renkli, emekli, \u00e7etin yolda bir kilometre ta\u015f\u0131 olmas\u0131n\u0131 umdu\u011fumuz ve \u00e7o\u011fu zamanda \u00f6yle olan yar\u0131\u015fmam\u0131z\u0131n \u00f6d\u00fcl t\u00f6renini bu y\u0131lda g\u00f6nl\u00fcm\u00fczce ve lay\u0131\u011f\u0131 ile yapam\u0131yaca\u011f\u0131z. Ancak dereceye giren ve emek veren t\u00fcm yazarlar\u0131m\u0131z\u0131n hak ettikleri \u00f6vg\u00fc ve tan\u0131nm\u0131\u015fl\u0131\u011f\u0131 elden geldi\u011fince sa\u011flamak i\u00e7in g\u00fcc\u00fcm\u00fcz yetti\u011fince \u00e7aba g\u00f6sterece\u011fiz. Dereceye girenler ba\u015fta olmak \u00fczere t\u00fcm edebiyat dostlar\u0131na sayg\u0131 ve sevgi ile <\/p>\n","protected":false},"excerpt":{"rendered":"<p>Her sene gurur ve mutlulukla \u00dcmit Kaftanc\u0131o\u011flu \u00f6yk\u00fc Yar\u0131\u015fmas\u0131\u2019nda \u00f6d\u00fcl alan yazarlar\u0131 d\u00fczenlenen anma ve \u00f6yk\u00fc \u00f6d\u00fcl da\u011f\u0131t\u0131m gecesinde kamuoyuna sunuyor idik. Ancak k\u00fcresel salg\u0131n nedeni<span class=\"excerpt-hellip\"> [\u2026]<\/span><\/p>\n","protected":false},"featured_media":0,"template":"","meta":{"_monsterinsights_skip_tracking":false,"_monsterinsights_sitenote_active":false,"_monsterinsights_sitenote_note":"","_monsterinsights_sitenote_category":0},"product_brand":[],"product_cat":[12291,12711],"product_tag":[],"class_list":{"0":"post-730730","1":"product","2":"type-product","3":"status-publish","5":"product_cat-edebiyat","6":"product_cat-roman-oyku","7":"pa_cilt-ciltsiz","8":"pa_tur-kitap","9":"pa_yayinevi-pia-yayinlari","10":"pa_yazar-pia-yayinlari-kolektif","12":"first","13":"instock","14":"sale","15":"shipping-taxable","16":"purchasable","17":"product-type-simple"},"_links":{"self":[{"href":"https:\/\/roveyayinevi.com.tr\/index.php\/wp-json\/wp\/v2\/product\/730730","targetHints":{"allow":["GET"]}}],"collection":[{"href":"https:\/\/roveyayinevi.com.tr\/index.php\/wp-json\/wp\/v2\/product"}],"about":[{"href":"https:\/\/roveyayinevi.com.tr\/index.php\/wp-json\/wp\/v2\/types\/product"}],"wp:attachment":[{"href":"https:\/\/roveyayinevi.com.tr\/index.php\/wp-json\/wp\/v2\/media?parent=730730"}],"wp:term":[{"taxonomy":"product_brand","embeddable":true,"href":"https:\/\/roveyayinevi.com.tr\/index.php\/wp-json\/wp\/v2\/product_brand?post=730730"},{"taxonomy":"product_cat","embeddable":true,"href":"https:\/\/roveyayinevi.com.tr\/index.php\/wp-json\/wp\/v2\/product_cat?post=730730"},{"taxonomy":"product_tag","embeddable":true,"href":"https:\/\/roveyayinevi.com.tr\/index.php\/wp-json\/wp\/v2\/product_tag?post=730730"}],"curies":[{"name":"wp","href":"https:\/\/api.w.org\/{rel}","templated":true}]}}